{"id":1059,"date":"2020-09-29T12:10:23","date_gmt":"2020-09-29T10:10:23","guid":{"rendered":"https:\/\/historiadelderecho.umh.es\/?page_id=1059"},"modified":"2021-12-11T09:50:13","modified_gmt":"2021-12-11T08:50:13","slug":"congreso-internacional-nuevos-modelos-de-organizacion-territorial-y-de-gobernanza-politica-en-europa","status":"publish","type":"page","link":"https:\/\/historiadelderecho.umh.es\/ca\/actividades\/congresos\/congreso-internacional-nuevos-modelos-de-organizacion-territorial-y-de-gobernanza-politica-en-europa\/","title":{"rendered":"Congreso Internacional: NUEVOS MODELOS DE ORGANIZACI\u00d3N TERRITORIAL Y DE GOBERNANZA POL\u00cdTICA EN EUROPA"},"content":{"rendered":"<p>[et_pb_section fb_built=&#8221;1&#8243; _builder_version=&#8221;3.22&#8243;][et_pb_row _builder_version=&#8221;3.25&#8243; background_size=&#8221;initial&#8221; background_position=&#8221;top_left&#8221; background_repeat=&#8221;repeat&#8221;][et_pb_column type=&#8221;4_4&#8243; _builder_version=&#8221;3.25&#8243; custom_padding=&#8221;|||&#8221; custom_padding__hover=&#8221;|||&#8221;][et_pb_text _builder_version=&#8221;3.27.4&#8243; background_size=&#8221;initial&#8221; background_position=&#8221;top_left&#8221; background_repeat=&#8221;repeat&#8221;]<\/p>\n<p style=\"text-align: justify\"><a href=\"https:\/\/historiadelderecho.umh.es\/files\/2020\/09\/antique-map-of-europe-1596.png\"><img loading=\"lazy\" class=\"size-medium wp-image-1028 alignleft\" src=\"https:\/\/historiadelderecho.umh.es\/files\/2020\/09\/antique-map-of-europe-1596-300x228.png\" alt=\"\" width=\"300\" height=\"228\" srcset=\"https:\/\/historiadelderecho.umh.es\/files\/2020\/09\/antique-map-of-europe-1596-300x228.png 300w, https:\/\/historiadelderecho.umh.es\/files\/2020\/09\/antique-map-of-europe-1596-768x583.png 768w, https:\/\/historiadelderecho.umh.es\/files\/2020\/09\/antique-map-of-europe-1596-1024x778.png 1024w, https:\/\/historiadelderecho.umh.es\/files\/2020\/09\/antique-map-of-europe-1596.png 1580w\" sizes=\"(max-width: 300px) 100vw, 300px\" \/><\/a><\/p>\n<p style=\"text-align: justify\">A lo largo de la historia nuestro pa\u00eds ha sufrido importantes modificaciones en su organizaci\u00f3n pol\u00edtico-administrativa, fluctuando entre reg\u00edmenes centralizados y de desconcentraci\u00f3n del poder, hasta llegar al actual modelo participativo de las autonom\u00edas. De la misma forma, se ha evolucionado de un Gobierno inspirado en el liberalismo econ\u00f3mico a un Estado social, enfocado a garantizar las prestaciones esenciales al conjunto de los ciudadanos. La importancia de estas alteraciones es indiscutible. La organizaci\u00f3n administrativo-territorial y el grado de fiscalizaci\u00f3n del Poder Ejecutivo, tienen un efecto directo en la distribuci\u00f3n de la riqueza, los cambios demogr\u00e1ficos y los movimientos migratorios. Es, por tanto, imprescindible ahondar en los pormenores de las referidas transformaciones, lo que, a su vez, nos permitir\u00e1 plantear nuevas alternativas destinadas a paliar, cuando no resolver, las dificultades que vienen azotando al pa\u00eds desde antiguo.<\/p>\n<p style=\"text-align: justify\">Este es, en concreto, el objetivo del Congreso Internacional &#8220;Nuevos modelos de organizaci\u00f3n territorial y de gobernanza pol\u00edtica en Europa&#8221;. El encuentro est\u00e1 dirigido al estudio comparado, desde una perspectiva interdisciplinar, de los principios rectores de la estructura territorial y los modelos gubernamentales que han regido tradicionalmente en Espa\u00f1a.<\/p>\n<p>El Congreso\u00a0 se desarrollar\u00e1 en formato semipresencial. Las sesiones inaugural y de clausura tendr\u00e1n lugar en el edificio Altabix (campus de Elche): \u00a0La inauguraci\u00f3n en el aula 0.3, mientras que la ponencia de clausura en el aula 0.7.<\/p>\n<p>Todas las ponencias se transmitir\u00e1n v\u00eda Google Meet, a ellas se podr\u00e1 acceder a trav\u00e9s de enlace remitido previa inscripci\u00f3n.<\/p>\n<p><span style=\"color: #ffffff\">A<\/span><\/p>\n<h3 style=\"text-align: justify\"><a href=\"https:\/\/historiadelderecho.umh.es\/actividades\/congresos\/congreso-internacional-nuevos-modelos-de-organizacion-territorial-y-de-gobernanza-politica-en-europa\/programa\/\"><strong>PROGRAMA<\/strong><\/a><strong>\u00a0<\/strong> \u00a0 \u00a0 \u00a0 \u00a0 \u00a0 \u00a0 \u00a0 \u00a0 \u00a0 \u00a0 \u00a0 \u00a0 \u00a0 \u00a0 \u00a0 \u00a0 \u00a0 \u00a0 \u00a0 \u00a0 \u00a0 \u00a0 \u00a0 \u00a0 \u00a0 \u00a0 \u00a0 \u00a0 \u00a0 \u00a0 \u00a0<a href=\"https:\/\/docs.google.com\/forms\/d\/e\/1FAIpQLSdWZX8ehCUVI0d9Y-OZ9ee1h4CZoC7d5DK2anD0EW9pg7aW6Q\/viewform\"><strong>INSCRIPCI\u00d3N<\/strong><\/a><strong>\u00a0<\/strong><\/h3>\n<p><span style=\"color: #ffffff\">A<\/span><\/p>\n<table style=\"height: 426px\" border=\"1\" width=\"1051\" cellspacing=\"0\" cellpadding=\"0\" align=\"center\">\n<tbody>\n<tr>\n<td style=\"text-align: justify\" valign=\"top\" width=\"280\"><strong>Organiza:<\/strong><\/p>\n<p><img loading=\"lazy\" class=\" wp-image-1092 alignleft\" src=\"https:\/\/historiadelderecho.umh.es\/files\/2020\/09\/logo_umh-254x300.png\" alt=\"\" width=\"88\" height=\"104\" srcset=\"https:\/\/historiadelderecho.umh.es\/files\/2020\/09\/logo_umh-254x300.png 254w, https:\/\/historiadelderecho.umh.es\/files\/2020\/09\/logo_umh.png 678w\" sizes=\"(max-width: 88px) 100vw, 88px\" \/><\/p>\n<p>Directores:<\/p>\n<p>Prof. Dr. Jos\u00e9 A. P\u00e9rez Juan<\/p>\n<p>Prof. Dr\u00aa. Sara Moreno Tejada<\/p>\n<p style=\"text-align: left\">Secretaria t\u00e9cnica:<\/p>\n<p style=\"text-align: left\">Prof\u00aa. Roc\u00edo Rodr\u00edguez Mas<\/p>\n<p style=\"text-align: left\">Historia del Derecho y de las Instituciones<\/p>\n<p>Departamento de Ciencia Jur\u00eddica<\/p>\n<p>Universidad Miguel Hern\u00e1ndez de Elche<\/td>\n<td valign=\"middle\">\n<p style=\"text-align: justify\"><strong>Patrocina :<\/strong><\/p>\n<p style=\"text-align: justify\"><a href=\"https:\/\/historiadelderecho.umh.es\/files\/2020\/09\/Captura.JPG-2.jpg\"><img loading=\"lazy\" class=\" wp-image-1037 alignleft\" src=\"https:\/\/historiadelderecho.umh.es\/files\/2020\/09\/Captura.JPG-2-300x186.jpg\" alt=\"\" width=\"203\" height=\"126\" srcset=\"https:\/\/historiadelderecho.umh.es\/files\/2020\/09\/Captura.JPG-2-300x186.jpg 300w, https:\/\/historiadelderecho.umh.es\/files\/2020\/09\/Captura.JPG-2.jpg 355w\" sizes=\"(max-width: 203px) 100vw, 203px\" \/><\/a>Resoluci\u00f3n de 29 de julio de 2019, de la Conselleria d\u00b4Innovaci\u00f3, Universitats, Ci\u00e8ncia i Societat Digital, por la que se convocan, para el a\u00f1o 2020 subvenciones, para la organizaci\u00f3n y difusi\u00f3n de congresos, jornadas y reuniones cient\u00edficas, tecnol\u00f3gicas, human\u00edsticas o art\u00edsticas de car\u00e1cter internacional.<\/p>\n<p><span style=\"color: #ffffff\"> p<\/span><\/td>\n<\/tr>\n<\/tbody>\n<\/table>\n<p>[\/et_pb_text][\/et_pb_column][\/et_pb_row][\/et_pb_section]<\/p>","protected":false},"excerpt":{"rendered":"<p>[et_pb_section fb_built=&#8221;1&#8243; _builder_version=&#8221;3.22&#8243;][et_pb_row _builder_version=&#8221;3.25&#8243; background_size=&#8221;initial&#8221; background_position=&#8221;top_left&#8221; background_repeat=&#8221;repeat&#8221;][et_pb_column type=&#8221;4_4&#8243; _builder_version=&#8221;3.25&#8243; custom_padding=&#8221;|||&#8221; custom_padding__hover=&#8221;|||&#8221;][et_pb_text _builder_version=&#8221;3.27.4&#8243; background_size=&#8221;initial&#8221; background_position=&#8221;top_left&#8221; background_repeat=&#8221;repeat&#8221;]<\/p>\n<p>A lo largo de la historia nuestro pa\u00eds ha sufrido importantes modificaciones en su organizaci\u00f3n pol\u00edtico-administrativa, fluctuando entre reg\u00edmenes centralizados y de desconcentraci\u00f3n del poder, hasta llegar al actual modelo participativo de las autonom\u00edas. De la misma forma, se ha evolucionado [&#8230;]<\/p>\n","protected":false},"author":5730,"featured_media":0,"parent":23,"menu_order":0,"comment_status":"closed","ping_status":"closed","template":"","meta":{"_et_pb_use_builder":"off","_et_pb_old_content":"","_et_gb_content_width":"","_links_to":"","_links_to_target":""},"_links":{"self":[{"href":"https:\/\/historiadelderecho.umh.es\/ca\/wp-json\/wp\/v2\/pages\/1059"}],"collection":[{"href":"https:\/\/historiadelderecho.umh.es\/ca\/wp-json\/wp\/v2\/pages"}],"about":[{"href":"https:\/\/historiadelderecho.umh.es\/ca\/wp-json\/wp\/v2\/types\/page"}],"author":[{"embeddable":true,"href":"https:\/\/historiadelderecho.umh.es\/ca\/wp-json\/wp\/v2\/users\/5730"}],"replies":[{"embeddable":true,"href":"https:\/\/historiadelderecho.umh.es\/ca\/wp-json\/wp\/v2\/comments?post=1059"}],"version-history":[{"count":0,"href":"https:\/\/historiadelderecho.umh.es\/ca\/wp-json\/wp\/v2\/pages\/1059\/revisions"}],"up":[{"embeddable":true,"href":"https:\/\/historiadelderecho.umh.es\/ca\/wp-json\/wp\/v2\/pages\/23"}],"wp:attachment":[{"href":"https:\/\/historiadelderecho.umh.es\/ca\/wp-json\/wp\/v2\/media?parent=1059"}],"curies":[{"name":"wp","href":"https:\/\/api.w.org\/{rel}","templated":true}]}}

Congreso Internacional: NUEVOS MODELOS DE ORGANIZACIÓN TERRITORIAL Y DE GOBERNANZA POLÍTICA EN EUROPA

<p>[et_pb_section fb_built=&#8221;1&#8243; _builder_version=&#8221;3.22&#8243;][et_pb_row _builder_version=&#8221;3.25&#8243; background_size=&#8221;initial&#8221; background_position=&#8221;top_left&#8221; background_repeat=&#8221;repeat&#8221;][et_pb_column type=&#8221;4_4&#8243; _builder_version=&#8221;3.25&#8243; custom_padding=&#8221;|||&#8221; custom_padding__hover=&#8221;|||&#8221;][et_pb_text _builder_version=&#8221;3.27.4&#8243; background_size=&#8221;initial&#8221; background_position=&#8221;top_left&#8221; background_repeat=&#8221;repeat&#8221;]</p>
<p style="text-align: justify"><a href="https://historiadelderecho.umh.es/files/2020/09/antique-map-of-europe-1596.png"><img loading="lazy" class="size-medium wp-image-1028 alignleft" src="https://historiadelderecho.umh.es/files/2020/09/antique-map-of-europe-1596-300x228.png" alt="" width="300" height="228" srcset="https://historiadelderecho.umh.es/files/2020/09/antique-map-of-europe-1596-300x228.png 300w, https://historiadelderecho.umh.es/files/2020/09/antique-map-of-europe-1596-768x583.png 768w, https://historiadelderecho.umh.es/files/2020/09/antique-map-of-europe-1596-1024x778.png 1024w, https://historiadelderecho.umh.es/files/2020/09/antique-map-of-europe-1596.png 1580w" sizes="(max-width: 300px) 100vw, 300px" /></a></p>
<p style="text-align: justify">A lo largo de la historia nuestro país ha sufrido importantes modificaciones en su organización político-administrativa, fluctuando entre regímenes centralizados y de desconcentración del poder, hasta llegar al actual modelo participativo de las autonomías. De la misma forma, se ha evolucionado de un Gobierno inspirado en el liberalismo económico a un Estado social, enfocado a garantizar las prestaciones esenciales al conjunto de los ciudadanos. La importancia de estas alteraciones es indiscutible. La organización administrativo-territorial y el grado de fiscalización del Poder Ejecutivo, tienen un efecto directo en la distribución de la riqueza, los cambios demográficos y los movimientos migratorios. Es, por tanto, imprescindible ahondar en los pormenores de las referidas transformaciones, lo que, a su vez, nos permitirá plantear nuevas alternativas destinadas a paliar, cuando no resolver, las dificultades que vienen azotando al país desde antiguo.</p>
<p style="text-align: justify">Este es, en concreto, el objetivo del Congreso Internacional &#8220;Nuevos modelos de organización territorial y de gobernanza política en Europa&#8221;. El encuentro está dirigido al estudio comparado, desde una perspectiva interdisciplinar, de los principios rectores de la estructura territorial y los modelos gubernamentales que han regido tradicionalmente en España.</p>
<p>El Congreso  se desarrollará en formato semipresencial. Las sesiones inaugural y de clausura tendrán lugar en el edificio Altabix (campus de Elche):  La inauguración en el aula 0.3, mientras que la ponencia de clausura en el aula 0.7.</p>
<p>Todas las ponencias se transmitirán vía Google Meet, a ellas se podrá acceder a través de enlace remitido previa inscripción.</p>
<p><span style="color: #ffffff">A</span></p>
<h3 style="text-align: justify"><a href="https://historiadelderecho.umh.es/actividades/congresos/congreso-internacional-nuevos-modelos-de-organizacion-territorial-y-de-gobernanza-politica-en-europa/programa/"><strong>PROGRAMA</strong></a><strong> </strong>                                                              <a href="https://docs.google.com/forms/d/e/1FAIpQLSdWZX8ehCUVI0d9Y-OZ9ee1h4CZoC7d5DK2anD0EW9pg7aW6Q/viewform"><strong>INSCRIPCIÓN</strong></a><strong> </strong></h3>
<p><span style="color: #ffffff">A</span></p>
<table style="height: 426px" border="1" width="1051" cellspacing="0" cellpadding="0" align="center">
<tbody>
<tr>
<td style="text-align: justify" valign="top" width="280"><strong>Organiza:</strong></p>
<p><img loading="lazy" class=" wp-image-1092 alignleft" src="https://historiadelderecho.umh.es/files/2020/09/logo_umh-254x300.png" alt="" width="88" height="104" srcset="https://historiadelderecho.umh.es/files/2020/09/logo_umh-254x300.png 254w, https://historiadelderecho.umh.es/files/2020/09/logo_umh.png 678w" sizes="(max-width: 88px) 100vw, 88px" /></p>
<p>Directores:</p>
<p>Prof. Dr. José A. Pérez Juan</p>
<p>Prof. Drª. Sara Moreno Tejada</p>
<p style="text-align: left">Secretaria técnica:</p>
<p style="text-align: left">Profª. Rocío Rodríguez Mas</p>
<p style="text-align: left">Historia del Derecho y de las Instituciones</p>
<p>Departamento de Ciencia Jurídica</p>
<p>Universidad Miguel Hernández de Elche</td>
<td valign="middle">
<p style="text-align: justify"><strong>Patrocina :</strong></p>
<p style="text-align: justify"><a href="https://historiadelderecho.umh.es/files/2020/09/Captura.JPG-2.jpg"><img loading="lazy" class=" wp-image-1037 alignleft" src="https://historiadelderecho.umh.es/files/2020/09/Captura.JPG-2-300x186.jpg" alt="" width="203" height="126" srcset="https://historiadelderecho.umh.es/files/2020/09/Captura.JPG-2-300x186.jpg 300w, https://historiadelderecho.umh.es/files/2020/09/Captura.JPG-2.jpg 355w" sizes="(max-width: 203px) 100vw, 203px" /></a>Resolución de 29 de julio de 2019, de la Conselleria d´Innovació, Universitats, Ciència i Societat Digital, por la que se convocan, para el año 2020 subvenciones, para la organización y difusión de congresos, jornadas y reuniones científicas, tecnológicas, humanísticas o artísticas de carácter internacional.</p>
<p><span style="color: #ffffff"> p</span></td>
</tr>
</tbody>
</table>
<p>[/et_pb_text][/et_pb_column][/et_pb_row][/et_pb_section]</p>

<p>[et_pb_section fb_built=&#8221;1&#8243; _builder_version=&#8221;3.22&#8243;][et_pb_row _builder_version=&#8221;3.25&#8243; background_size=&#8221;initial&#8221; background_position=&#8221;top_left&#8221; background_repeat=&#8221;repeat&#8221;][et_pb_column type=&#8221;4_4&#8243; _builder_version=&#8221;3.25&#8243; custom_padding=&#8221;|||&#8221; custom_padding__hover=&#8221;|||&#8221;][et_pb_text _builder_version=&#8221;3.27.4&#8243; background_size=&#8221;initial&#8221; background_position=&#8221;top_left&#8221; background_repeat=&#8221;repeat&#8221;]</p>
<p>A lo largo de la historia nuestro país ha sufrido importantes modificaciones en su organización político-administrativa, fluctuando entre regímenes centralizados y de desconcentración del poder, hasta llegar al actual modelo participativo de las autonomías. De la misma forma, se ha evolucionado [&#8230;]</p>
