{"id":1223,"date":"2019-10-11T11:32:48","date_gmt":"2019-10-11T09:32:48","guid":{"rendered":"https:\/\/historiadelderecho.umh.es\/?page_id=1223"},"modified":"2021-12-11T09:31:53","modified_gmt":"2021-12-11T08:31:53","slug":"seminario-internacional-justicia-y-memoria-democratica","status":"publish","type":"page","link":"https:\/\/historiadelderecho.umh.es\/ca\/actividades\/seminariosjornadas\/seminario-internacional-justicia-y-memoria-democratica\/","title":{"rendered":"Seminario Internacional Justicia y Memoria Democr\u00e1tica"},"content":{"rendered":"<p>[et_pb_section fb_built=&#8221;1&#8243; _builder_version=&#8221;3.22&#8243;][et_pb_row _builder_version=&#8221;3.25&#8243; background_size=&#8221;initial&#8221; background_position=&#8221;top_left&#8221; background_repeat=&#8221;repeat&#8221;][et_pb_column type=&#8221;4_4&#8243; _builder_version=&#8221;3.25&#8243; custom_padding=&#8221;|||&#8221; custom_padding__hover=&#8221;|||&#8221;][et_pb_text _builder_version=&#8221;3.27.4&#8243; background_size=&#8221;initial&#8221; background_position=&#8221;top_left&#8221; background_repeat=&#8221;repeat&#8221;]<a href=\"https:\/\/historiadelderecho.umh.es\/files\/2021\/07\/Explorar0002.jpg\"><img loading=\"lazy\" class=\"alignleft wp-image-1226\" src=\"https:\/\/historiadelderecho.umh.es\/files\/2021\/07\/Explorar0002-1024x489.jpg\" alt=\"Ilustraci\u00f3n de la Plaza de Ceuta. Fuente: https:\/\/www.tubqalmarruecos.com\/espana-y-marruecos-proximidad-geografica-y-lazos-historicos\/\" width=\"364\" height=\"174\" srcset=\"https:\/\/historiadelderecho.umh.es\/files\/2021\/07\/Explorar0002-1024x489.jpg 1024w, https:\/\/historiadelderecho.umh.es\/files\/2021\/07\/Explorar0002-300x143.jpg 300w, https:\/\/historiadelderecho.umh.es\/files\/2021\/07\/Explorar0002-768x367.jpg 768w, https:\/\/historiadelderecho.umh.es\/files\/2021\/07\/Explorar0002.jpg 1152w\" sizes=\"(max-width: 364px) 100vw, 364px\" \/><\/a><\/p>\n<p><a href=\"https:\/\/historiadelderecho.umh.es\/files\/2021\/07\/1-14732-01.jpg\"><img loading=\"lazy\" class=\"alignnone wp-image-1232\" src=\"https:\/\/historiadelderecho.umh.es\/files\/2021\/07\/1-14732-01-300x161.jpg\" alt=\"El crecimiento de la ciudad de Nador, pr\u00f3xima a Melilla, durante el Protectorado espa\u00f1ol en Marruecos, 1932. Fuente: SHyCEA\" width=\"315\" height=\"169\" srcset=\"https:\/\/historiadelderecho.umh.es\/files\/2021\/07\/1-14732-01-300x161.jpg 300w, https:\/\/historiadelderecho.umh.es\/files\/2021\/07\/1-14732-01-768x413.jpg 768w, https:\/\/historiadelderecho.umh.es\/files\/2021\/07\/1-14732-01-1024x551.jpg 1024w, https:\/\/historiadelderecho.umh.es\/files\/2021\/07\/1-14732-01.jpg 1152w\" sizes=\"(max-width: 315px) 100vw, 315px\" \/><\/a><\/p>\n<p style=\"text-align: left\"><strong>23 de enero de 2020<\/strong><\/p>\n<p><strong>16:00h<\/strong> <em>Conferencia de inauguraci\u00f3n<\/em>.<br \/>\nProf. Dr. Jos\u00e9 Antonio P\u00e9rez Juan.<br \/>\n\u00c1rea de Historia del Derecho y de las Instituciones de la Universidad Miguel Hern\u00e1ndez.<\/p>\n<p style=\"text-align: justify\"><strong>16:30h<\/strong> <em>Evoluci\u00f3n hist\u00f3rica del Derecho Internacional Privado marroqu\u00ed (1931-1950).\u00a0<\/em><br \/>\nProf. Dr. Hasnae El Qotni<br \/>\nFacultad de Ciencias Jur\u00eddicas, Econ\u00f3micas y Sociales de la Universidad de Tetu\u00e1n.<\/p>\n<p><strong>18:30h<\/strong><em> Reg\u00edmenes econ\u00f3micos en la legislaci\u00f3n marroqu\u00ed (1930-1950)\u00a0<\/em><br \/>\nProf. Dr. Nour Eddine Fkihi<br \/>\nFacultad de Ciencias Jur\u00eddicas, Econ\u00f3micas y Sociales de la Universidad de Tetu\u00e1n<\/p>\n<p style=\"text-align: left\"><strong>24 de enero de 2020<\/strong><\/p>\n<p><strong>17:00h<\/strong> El<em> derecho de extranjer\u00eda marroqu\u00ed anterior a la independencia (1900-1956)<\/em><br \/>\nProf\u00aa. Houda Zekri<br \/>\nFacultad de Ciencias Jur\u00eddicas, Econ\u00f3micas y Sociales de la Universidad de Tetu\u00e1n.<\/p>\n<p style=\"text-align: left\"><strong>25 de enero de 2020<\/strong><\/p>\n<p style=\"text-align: justify\"><strong>10:00h<\/strong>\u00a0<em>Las leyes de amnist\u00eda franquista (1939-1970)\u00a0<\/em><br \/>\nProf\u00aa. Dra. Carmen Ruiz Sutil<br \/>\nFacultad de Derecho de la Universidad de Granada.<\/p>\n<p><strong>11:00h\u00a0<\/strong><em>Conferencia de Clausura<\/em><br \/>\nProf\u00aa. Dra. Yolanda Quesada Morillas.<br \/>\nFreie Universit\u00e4t Berlin.<br \/>\n[\/et_pb_text][\/et_pb_column][\/et_pb_row][\/et_pb_section]<\/p>\n","protected":false},"excerpt":{"rendered":"<p>23 de enero de 2020 16:00h Conferencia de inauguraci\u00f3n. Prof. Dr. Jos\u00e9 Antonio P\u00e9rez Juan. \u00c1rea de Historia del Derecho y de las Instituciones de la Universidad Miguel Hern\u00e1ndez. 16:30h Evoluci\u00f3n hist\u00f3rica del Derecho Internacional Privado marroqu\u00ed (1931-1950).\u00a0 Prof. Dr. Hasnae El Qotni Facultad de Ciencias Jur\u00eddicas, Econ\u00f3micas y Sociales de la Universidad de Tetu\u00e1n. [&hellip;]<\/p>\n","protected":false},"author":3004,"featured_media":0,"parent":24,"menu_order":0,"comment_status":"closed","ping_status":"closed","template":"","meta":{"_et_pb_use_builder":"on","_et_pb_old_content":"<p><a href=\"https:\/\/historiadelderecho.umh.es\/files\/2021\/07\/Explorar0002.jpg\"><img class=\"alignleft wp-image-1226\" src=\"https:\/\/historiadelderecho.umh.es\/files\/2021\/07\/Explorar0002-1024x489.jpg\" alt=\"Ilustraci\u00f3n de la Plaza de Ceuta. Fuente: https:\/\/www.tubqalmarruecos.com\/espana-y-marruecos-proximidad-geografica-y-lazos-historicos\/\" width=\"364\" height=\"174\" \/><\/a><\/p><p><a href=\"https:\/\/historiadelderecho.umh.es\/files\/2021\/07\/1-14732-01.jpg\"><img class=\"alignnone wp-image-1232\" src=\"https:\/\/historiadelderecho.umh.es\/files\/2021\/07\/1-14732-01-300x161.jpg\" alt=\"El crecimiento de la ciudad de Nador, pr\u00f3xima a Melilla, durante el Protectorado espa\u00f1ol en Marruecos, 1932. Fuente: SHyCEA\" width=\"315\" height=\"169\" \/><\/a><\/p><p style=\"text-align: left;\"><strong>23 de enero de 2020<\/strong><\/p><p><strong>16:00h<\/strong> <em>Conferencia de inauguraci\u00f3n<\/em>.<br \/>Prof. Dr. Jos\u00e9 Antonio P\u00e9rez Juan.<br \/>\u00c1rea de Historia del Derecho y de las Instituciones de la Universidad Miguel Hern\u00e1ndez.<\/p><p style=\"text-align: justify;\"><strong>16:30h<\/strong> <em>Evoluci\u00f3n hist\u00f3rica del Derecho Internacional Privado marroqu\u00ed (1931-1950).\u00a0<\/em><br \/>Prof. Dr. Hasnae El Qotni<br \/>Facultad de Ciencias Jur\u00eddicas, Econ\u00f3micas y Sociales de la Universidad de Tetu\u00e1n.<\/p><p><strong>18:30h<\/strong><em> Reg\u00edmenes econ\u00f3micos en la legislaci\u00f3n marroqu\u00ed (1930-1950)\u00a0<\/em><br \/>Prof. Dr. Nour Eddine Fkihi<br \/>Facultad de Ciencias Jur\u00eddicas, Econ\u00f3micas y Sociales de la Universidad de Tetu\u00e1n<\/p><p style=\"text-align: left;\"><strong>24 de enero de 2020<\/strong><\/p><p><strong>17:00h<\/strong> El<em> derecho de extranjer\u00eda marroqu\u00ed anterior a la independencia (1900-1956)<\/em><br \/>Prof\u00aa. Houda Zekri<br \/>Facultad de Ciencias Jur\u00eddicas, Econ\u00f3micas y Sociales de la Universidad de Tetu\u00e1n.<\/p><p style=\"text-align: left;\"><strong>25 de enero de 2020<\/strong><\/p><p style=\"text-align: justify;\"><strong>10:00h<\/strong>\u00a0<em>Las leyes de amnist\u00eda franquista (1939-1970)\u00a0<\/em><br \/>Prof\u00aa. Dra. Carmen Ruiz Sutil<br \/>Facultad de Derecho de la Universidad de Granada.<\/p><p><strong>11:00h\u00a0<\/strong><em>Conferencia de Clausura<\/em><br \/>Prof\u00aa. Dra. Yolanda Quesada Morillas.<br \/>Freie Universit\u00e4t Berlin.<\/p>","_et_gb_content_width":"","_links_to":"","_links_to_target":""},"_links":{"self":[{"href":"https:\/\/historiadelderecho.umh.es\/ca\/wp-json\/wp\/v2\/pages\/1223"}],"collection":[{"href":"https:\/\/historiadelderecho.umh.es\/ca\/wp-json\/wp\/v2\/pages"}],"about":[{"href":"https:\/\/historiadelderecho.umh.es\/ca\/wp-json\/wp\/v2\/types\/page"}],"author":[{"embeddable":true,"href":"https:\/\/historiadelderecho.umh.es\/ca\/wp-json\/wp\/v2\/users\/3004"}],"replies":[{"embeddable":true,"href":"https:\/\/historiadelderecho.umh.es\/ca\/wp-json\/wp\/v2\/comments?post=1223"}],"version-history":[{"count":0,"href":"https:\/\/historiadelderecho.umh.es\/ca\/wp-json\/wp\/v2\/pages\/1223\/revisions"}],"up":[{"embeddable":true,"href":"https:\/\/historiadelderecho.umh.es\/ca\/wp-json\/wp\/v2\/pages\/24"}],"wp:attachment":[{"href":"https:\/\/historiadelderecho.umh.es\/ca\/wp-json\/wp\/v2\/media?parent=1223"}],"curies":[{"name":"wp","href":"https:\/\/api.w.org\/{rel}","templated":true}]}}

Seminario Internacional Justicia y Memoria Democrática

<p>[et_pb_section fb_built=&#8221;1&#8243; _builder_version=&#8221;3.22&#8243;][et_pb_row _builder_version=&#8221;3.25&#8243; background_size=&#8221;initial&#8221; background_position=&#8221;top_left&#8221; background_repeat=&#8221;repeat&#8221;][et_pb_column type=&#8221;4_4&#8243; _builder_version=&#8221;3.25&#8243; custom_padding=&#8221;|||&#8221; custom_padding__hover=&#8221;|||&#8221;][et_pb_text _builder_version=&#8221;3.27.4&#8243; background_size=&#8221;initial&#8221; background_position=&#8221;top_left&#8221; background_repeat=&#8221;repeat&#8221;]<a href="https://historiadelderecho.umh.es/files/2021/07/Explorar0002.jpg"><img loading="lazy" class="alignleft wp-image-1226" src="https://historiadelderecho.umh.es/files/2021/07/Explorar0002-1024x489.jpg" alt="Ilustración de la Plaza de Ceuta. Fuente: https://www.tubqalmarruecos.com/espana-y-marruecos-proximidad-geografica-y-lazos-historicos/" width="364" height="174" srcset="https://historiadelderecho.umh.es/files/2021/07/Explorar0002-1024x489.jpg 1024w, https://historiadelderecho.umh.es/files/2021/07/Explorar0002-300x143.jpg 300w, https://historiadelderecho.umh.es/files/2021/07/Explorar0002-768x367.jpg 768w, https://historiadelderecho.umh.es/files/2021/07/Explorar0002.jpg 1152w" sizes="(max-width: 364px) 100vw, 364px" /></a></p>
<p><a href="https://historiadelderecho.umh.es/files/2021/07/1-14732-01.jpg"><img loading="lazy" class="alignnone wp-image-1232" src="https://historiadelderecho.umh.es/files/2021/07/1-14732-01-300x161.jpg" alt="El crecimiento de la ciudad de Nador, próxima a Melilla, durante el Protectorado español en Marruecos, 1932. Fuente: SHyCEA" width="315" height="169" srcset="https://historiadelderecho.umh.es/files/2021/07/1-14732-01-300x161.jpg 300w, https://historiadelderecho.umh.es/files/2021/07/1-14732-01-768x413.jpg 768w, https://historiadelderecho.umh.es/files/2021/07/1-14732-01-1024x551.jpg 1024w, https://historiadelderecho.umh.es/files/2021/07/1-14732-01.jpg 1152w" sizes="(max-width: 315px) 100vw, 315px" /></a></p>
<p style="text-align: left"><strong>23 de enero de 2020</strong></p>
<p><strong>16:00h</strong> <em>Conferencia de inauguración</em>.<br />
Prof. Dr. José Antonio Pérez Juan.<br />
Área de Historia del Derecho y de las Instituciones de la Universidad Miguel Hernández.</p>
<p style="text-align: justify"><strong>16:30h</strong> <em>Evolución histórica del Derecho Internacional Privado marroquí (1931-1950). </em><br />
Prof. Dr. Hasnae El Qotni<br />
Facultad de Ciencias Jurídicas, Económicas y Sociales de la Universidad de Tetuán.</p>
<p><strong>18:30h</strong><em> Regímenes económicos en la legislación marroquí (1930-1950) </em><br />
Prof. Dr. Nour Eddine Fkihi<br />
Facultad de Ciencias Jurídicas, Económicas y Sociales de la Universidad de Tetuán</p>
<p style="text-align: left"><strong>24 de enero de 2020</strong></p>
<p><strong>17:00h</strong> El<em> derecho de extranjería marroquí anterior a la independencia (1900-1956)</em><br />
Profª. Houda Zekri<br />
Facultad de Ciencias Jurídicas, Económicas y Sociales de la Universidad de Tetuán.</p>
<p style="text-align: left"><strong>25 de enero de 2020</strong></p>
<p style="text-align: justify"><strong>10:00h</strong> <em>Las leyes de amnistía franquista (1939-1970) </em><br />
Profª. Dra. Carmen Ruiz Sutil<br />
Facultad de Derecho de la Universidad de Granada.</p>
<p><strong>11:00h </strong><em>Conferencia de Clausura</em><br />
Profª. Dra. Yolanda Quesada Morillas.<br />
Freie Universität Berlin.<br />
[/et_pb_text][/et_pb_column][/et_pb_row][/et_pb_section]</p>

<p>23 de enero de 2020 16:00h Conferencia de inauguración. Prof. Dr. José Antonio Pérez Juan. Área de Historia del Derecho y de las Instituciones de la Universidad Miguel Hernández. 16:30h Evolución histórica del Derecho Internacional Privado marroquí (1931-1950).  Prof. Dr. Hasnae El Qotni Facultad de Ciencias Jurídicas, Económicas y Sociales de la Universidad de Tetuán. [&hellip;]</p>

<p><a href="https://historiadelderecho.umh.es/files/2021/07/Explorar0002.jpg"><img class="alignleft wp-image-1226" src="https://historiadelderecho.umh.es/files/2021/07/Explorar0002-1024x489.jpg" alt="Ilustración de la Plaza de Ceuta. Fuente: https://www.tubqalmarruecos.com/espana-y-marruecos-proximidad-geografica-y-lazos-historicos/" width="364" height="174" /></a></p><p><a href="https://historiadelderecho.umh.es/files/2021/07/1-14732-01.jpg"><img class="alignnone wp-image-1232" src="https://historiadelderecho.umh.es/files/2021/07/1-14732-01-300x161.jpg" alt="El crecimiento de la ciudad de Nador, próxima a Melilla, durante el Protectorado español en Marruecos, 1932. Fuente: SHyCEA" width="315" height="169" /></a></p><p style="text-align: left;"><strong>23 de enero de 2020</strong></p><p><strong>16:00h</strong> <em>Conferencia de inauguración</em>.<br />Prof. Dr. José Antonio Pérez Juan.<br />Área de Historia del Derecho y de las Instituciones de la Universidad Miguel Hernández.</p><p style="text-align: justify;"><strong>16:30h</strong> <em>Evolución histórica del Derecho Internacional Privado marroquí (1931-1950). </em><br />Prof. Dr. Hasnae El Qotni<br />Facultad de Ciencias Jurídicas, Económicas y Sociales de la Universidad de Tetuán.</p><p><strong>18:30h</strong><em> Regímenes económicos en la legislación marroquí (1930-1950) </em><br />Prof. Dr. Nour Eddine Fkihi<br />Facultad de Ciencias Jurídicas, Económicas y Sociales de la Universidad de Tetuán</p><p style="text-align: left;"><strong>24 de enero de 2020</strong></p><p><strong>17:00h</strong> El<em> derecho de extranjería marroquí anterior a la independencia (1900-1956)</em><br />Profª. Houda Zekri<br />Facultad de Ciencias Jurídicas, Económicas y Sociales de la Universidad de Tetuán.</p><p style="text-align: left;"><strong>25 de enero de 2020</strong></p><p style="text-align: justify;"><strong>10:00h</strong> <em>Las leyes de amnistía franquista (1939-1970) </em><br />Profª. Dra. Carmen Ruiz Sutil<br />Facultad de Derecho de la Universidad de Granada.</p><p><strong>11:00h </strong><em>Conferencia de Clausura</em><br />Profª. Dra. Yolanda Quesada Morillas.<br />Freie Universität Berlin.</p>
