{"id":1292,"date":"2021-11-15T11:37:36","date_gmt":"2021-11-15T10:37:36","guid":{"rendered":"https:\/\/historiadelderecho.umh.es\/?page_id=1292"},"modified":"2021-12-03T23:37:12","modified_gmt":"2021-12-03T22:37:12","slug":"programa","status":"publish","type":"page","link":"https:\/\/historiadelderecho.umh.es\/ca\/actividades\/congresos\/congreso-la-justicia-al-servicio-de-los-totalitarismos-en-europa\/programa\/","title":{"rendered":"PROGRAMA"},"content":{"rendered":"<p>[et_pb_section fb_built=&#8221;1&#8243; _builder_version=&#8221;3.22&#8243;][et_pb_row _builder_version=&#8221;3.25&#8243; background_size=&#8221;initial&#8221; background_position=&#8221;top_left&#8221; background_repeat=&#8221;repeat&#8221; custom_margin=&#8221;-20px|auto||auto||&#8221; custom_padding=&#8221;||46px|||&#8221;][et_pb_column type=&#8221;4_4&#8243; _builder_version=&#8221;3.25&#8243; custom_padding=&#8221;|||&#8221; custom_padding__hover=&#8221;|||&#8221;][et_pb_text _builder_version=&#8221;3.27.4&#8243; background_size=&#8221;initial&#8221; background_position=&#8221;top_left&#8221; background_repeat=&#8221;repeat&#8221;]<\/p>\n<p style=\"text-align: justify\">El Congreso Internacional <em><strong>La justicia al servicio de los totalitarismos en Europa: La vigencia de los derechos individuales en Espa\u00f1a, Italia y Alemania durante la primera mitad del siglo XX<\/strong><\/em>, se celebrar\u00e1 los d\u00edas 13 y 14 de diciembre.<\/p>\n<p>&#8211; <a href=\"https:\/\/historiadelderecho.umh.es\/actividades\/congresos\/congreso-la-justicia-al-servicio-de-los-totalitarismos-en-europa\/programa\/lunes-13-de-diciembre-de-2021\/\" rel=\"noopener noreferrer\"><strong>Lunes 13 de diciembre de 2021<\/strong><\/a><\/p>\n<p>&#8211; <strong><a href=\"https:\/\/historiadelderecho.umh.es\/actividades\/congresos\/congreso-la-justicia-al-servicio-de-los-totalitarismos-en-europa\/programa\/martes-14-de-diciembre-de-2021\/\" rel=\"noopener noreferrer\">Martes 14 de diciembre de 2021<\/a><\/strong><br \/>\n[\/et_pb_text][\/et_pb_column][\/et_pb_row][\/et_pb_section]<\/p>\n","protected":false},"excerpt":{"rendered":"<p>El Congreso Internacional La justicia al servicio de los totalitarismos en Europa: La vigencia de los derechos individuales en Espa\u00f1a, Italia y Alemania durante la primera mitad del siglo XX, se celebrar\u00e1 los d\u00edas 13 y 14 de diciembre. &#8211; Lunes 13 de diciembre de 2021 &#8211; Martes 14 de diciembre de 2021<\/p>\n","protected":false},"author":5730,"featured_media":0,"parent":1285,"menu_order":0,"comment_status":"closed","ping_status":"closed","template":"","meta":{"_et_pb_use_builder":"on","_et_pb_old_content":"<p style=\"text-align: justify;\">El Congreso Internacional <em><strong>La justicia al servicio de los totalitarismos en Europa: La vigencia de los derechos individuales en Espa\u00f1a, Italia y Alemania durante la primera mitad del siglo XX<\/strong><\/em>, se celebrar\u00e1 los d\u00edas 13 y 14 de diciembre.<\/p><p>- <a href=\"https:\/\/historiadelderecho.umh.es\/actividades\/congresos\/congreso-la-justicia-al-servicio-de-los-totalitarismos-en-europa\/programa\/lunes-13-de-diciembre-de-2021\/\" rel=\"noopener noreferrer\"><strong>Lunes 13 de diciembre de 2021<\/strong><\/a><\/p><p>- <strong><a href=\"https:\/\/historiadelderecho.umh.es\/actividades\/congresos\/congreso-la-justicia-al-servicio-de-los-totalitarismos-en-europa\/programa\/martes-14-de-diciembre-de-2021\/\" rel=\"noopener noreferrer\">Martes 14 de diciembre de 2021<\/a><\/strong><\/p>","_et_gb_content_width":"","_links_to":"","_links_to_target":""},"_links":{"self":[{"href":"https:\/\/historiadelderecho.umh.es\/ca\/wp-json\/wp\/v2\/pages\/1292"}],"collection":[{"href":"https:\/\/historiadelderecho.umh.es\/ca\/wp-json\/wp\/v2\/pages"}],"about":[{"href":"https:\/\/historiadelderecho.umh.es\/ca\/wp-json\/wp\/v2\/types\/page"}],"author":[{"embeddable":true,"href":"https:\/\/historiadelderecho.umh.es\/ca\/wp-json\/wp\/v2\/users\/5730"}],"replies":[{"embeddable":true,"href":"https:\/\/historiadelderecho.umh.es\/ca\/wp-json\/wp\/v2\/comments?post=1292"}],"version-history":[{"count":0,"href":"https:\/\/historiadelderecho.umh.es\/ca\/wp-json\/wp\/v2\/pages\/1292\/revisions"}],"up":[{"embeddable":true,"href":"https:\/\/historiadelderecho.umh.es\/ca\/wp-json\/wp\/v2\/pages\/1285"}],"wp:attachment":[{"href":"https:\/\/historiadelderecho.umh.es\/ca\/wp-json\/wp\/v2\/media?parent=1292"}],"curies":[{"name":"wp","href":"https:\/\/api.w.org\/{rel}","templated":true}]}}

<p>[et_pb_section fb_built=&#8221;1&#8243; _builder_version=&#8221;3.22&#8243;][et_pb_row _builder_version=&#8221;3.25&#8243; background_size=&#8221;initial&#8221; background_position=&#8221;top_left&#8221; background_repeat=&#8221;repeat&#8221; custom_margin=&#8221;-20px|auto||auto||&#8221; custom_padding=&#8221;||46px|||&#8221;][et_pb_column type=&#8221;4_4&#8243; _builder_version=&#8221;3.25&#8243; custom_padding=&#8221;|||&#8221; custom_padding__hover=&#8221;|||&#8221;][et_pb_text _builder_version=&#8221;3.27.4&#8243; background_size=&#8221;initial&#8221; background_position=&#8221;top_left&#8221; background_repeat=&#8221;repeat&#8221;]</p>
<p style="text-align: justify">El Congreso Internacional <em><strong>La justicia al servicio de los totalitarismos en Europa: La vigencia de los derechos individuales en España, Italia y Alemania durante la primera mitad del siglo XX</strong></em>, se celebrará los días 13 y 14 de diciembre.</p>
<p>&#8211; <a href="https://historiadelderecho.umh.es/actividades/congresos/congreso-la-justicia-al-servicio-de-los-totalitarismos-en-europa/programa/lunes-13-de-diciembre-de-2021/" rel="noopener noreferrer"><strong>Lunes 13 de diciembre de 2021</strong></a></p>
<p>&#8211; <strong><a href="https://historiadelderecho.umh.es/actividades/congresos/congreso-la-justicia-al-servicio-de-los-totalitarismos-en-europa/programa/martes-14-de-diciembre-de-2021/" rel="noopener noreferrer">Martes 14 de diciembre de 2021</a></strong><br />
[/et_pb_text][/et_pb_column][/et_pb_row][/et_pb_section]</p>

<p>El Congreso Internacional La justicia al servicio de los totalitarismos en Europa: La vigencia de los derechos individuales en España, Italia y Alemania durante la primera mitad del siglo XX, se celebrará los días 13 y 14 de diciembre. &#8211; Lunes 13 de diciembre de 2021 &#8211; Martes 14 de diciembre de 2021</p>

<p style="text-align: justify;">El Congreso Internacional <em><strong>La justicia al servicio de los totalitarismos en Europa: La vigencia de los derechos individuales en España, Italia y Alemania durante la primera mitad del siglo XX</strong></em>, se celebrará los días 13 y 14 de diciembre.</p><p>- <a href="https://historiadelderecho.umh.es/actividades/congresos/congreso-la-justicia-al-servicio-de-los-totalitarismos-en-europa/programa/lunes-13-de-diciembre-de-2021/" rel="noopener noreferrer"><strong>Lunes 13 de diciembre de 2021</strong></a></p><p>- <strong><a href="https://historiadelderecho.umh.es/actividades/congresos/congreso-la-justicia-al-servicio-de-los-totalitarismos-en-europa/programa/martes-14-de-diciembre-de-2021/" rel="noopener noreferrer">Martes 14 de diciembre de 2021</a></strong></p>
