{"id":2059,"date":"2021-12-10T14:17:57","date_gmt":"2021-12-10T13:17:57","guid":{"rendered":"https:\/\/historiadelderecho.umh.es\/?page_id=2059"},"modified":"2023-01-17T13:18:26","modified_gmt":"2023-01-17T12:18:26","slug":"cursos","status":"publish","type":"page","link":"https:\/\/historiadelderecho.umh.es\/ca\/actividades\/cursos\/","title":{"rendered":"<span lang=\"es\">(Espa\u00f1ol) Cursos<\/span>"},"content":{"rendered":"<p>[et_pb_section fb_built=&#8221;1&#8243; _builder_version=&#8221;4.16&#8243; global_colors_info=&#8221;{}&#8221;][et_pb_row _builder_version=&#8221;4.16&#8243; global_colors_info=&#8221;{}&#8221;][et_pb_column type=&#8221;4_4&#8243; _builder_version=&#8221;4.16&#8243; global_colors_info=&#8221;{}&#8221;][et_pb_text _builder_version=&#8221;4.17.4&#8243; hover_enabled=&#8221;0&#8243; global_colors_info=&#8221;{}&#8221; sticky_enabled=&#8221;0&#8243;]<\/p>\n<ul>\n<li><strong><a href=\"https:\/\/historiadelderecho.umh.es\/2022\/11\/01\/violencia-politica-y-terrorismo-en-el-siglo-xx-el-estudio-de-la-memoria-historica-a-traves-de-las-manifestaciones-culturales\/\" target=\"_blank\" rel=\"noopener\">Violencia pol\u00edtica y terrorismo en el siglo XX: el estudio de la memoria hist\u00f3rica a trav\u00e9s de las manifestaciones culturales<\/a>, <\/strong>1 a 20 de diciembre de 2022.<\/li>\n<\/ul>\n<ul>\n<li><a href=\"https:\/\/historiadelderecho.umh.es\/2022\/05\/06\/curso-de-verano-el-comic-el-cine-y-la-musica-recursos-para-la-recuperacion-de-la-memoria-historica\/\"><strong>El c\u00f3mic, el cine y la m\u00fasica: recursos para la recuperaci\u00f3n de la Memoria Hist\u00f3rica<\/strong><\/a>, 1 a 29 de julio de 2022.<\/li>\n<\/ul>\n<ul>\n<li><strong><a href=\"https:\/\/historiadelderecho.umh.es\/2021\/05\/26\/curso-de-verano-la-representacion-de-la-memoria-historica-en-el-comic-el-cine-y-la-musica\/\" target=\"_blank\" rel=\"noopener\">Curso de verano &#8220;La representaci\u00f3n de la Memoria Hist\u00f3rica en el c\u00f3mic, el cine y la m\u00fasica&#8221;<\/a><\/strong>, 8 a 22 de julio de 2021<\/li>\n<\/ul>\n<ul>\n<li style=\"text-align: justify\"><strong><a href=\"https:\/\/historiadelderecho.umh.es\/2021\/01\/19\/curso-justicia-transicional-recuperacion-de-la-memoria-y-educacion-para-una-cultura-de-paz\/\" target=\"_blank\" rel=\"noopener\">Curso &#8220;Justicia transicional, recuperaci\u00f3n de la memoria y educaci\u00f3n para una cultura de paz&#8221;<\/a>,<\/strong> 2 de febrero al 30 de abril de 2021.<\/li>\n<\/ul>\n<ul>\n<li style=\"text-align: justify\"><strong><a href=\"https:\/\/historiadelderecho.umh.es\/2020\/11\/20\/2192\/\" target=\"_blank\" rel=\"noopener\">Curso de invierno &#8220;La historia contempor\u00e1nea en el cine: entre la distop\u00eda y la utop\u00eda&#8221;<\/a>,<\/strong> 2 a 16 de diciembre de 2020.<\/li>\n<\/ul>\n<ul>\n<li style=\"text-align: justify\"><b><a href=\"https:\/\/historiadelderecho.umh.es\/2019\/06\/01\/2322\/\" target=\"_blank\" rel=\"noopener\">Prensa, opini\u00f3n p\u00fablica y Estado liberal<\/a>, <\/b>26 a 28 de junio de 2019.<\/li>\n<\/ul>\n<ul>\n<li style=\"text-align: justify\"><strong><a href=\"https:\/\/historiadelderecho.umh.es\/2013\/06\/21\/curso-de-verano-sobre-la-constitucion-de-cadiz\/\" target=\"_blank\" rel=\"noopener\">Curso de verano sobre la Constituci\u00f3n de C\u00e1diz<\/a>,<\/strong> 26 y 27 de junio de 2013.<\/li>\n<\/ul>\n<p>[\/et_pb_text][\/et_pb_column][\/et_pb_row][\/et_pb_section]<\/p>\n","protected":false},"excerpt":{"rendered":"<p>Violencia pol\u00edtica y terrorismo en el siglo XX: el estudio de la memoria hist\u00f3rica a trav\u00e9s de las manifestaciones culturales, 1 a 20 de diciembre de 2022. El c\u00f3mic, el cine y la m\u00fasica: recursos para la recuperaci\u00f3n de la Memoria Hist\u00f3rica, 1 a 29 de julio de 2022. Curso de verano &#8220;La representaci\u00f3n de [&hellip;]<\/p>\n","protected":false},"author":50,"featured_media":0,"parent":22,"menu_order":0,"comment_status":"closed","ping_status":"closed","template":"","meta":{"_et_pb_use_builder":"on","_et_pb_old_content":"","_et_gb_content_width":"","_links_to":"","_links_to_target":""},"_links":{"self":[{"href":"https:\/\/historiadelderecho.umh.es\/ca\/wp-json\/wp\/v2\/pages\/2059"}],"collection":[{"href":"https:\/\/historiadelderecho.umh.es\/ca\/wp-json\/wp\/v2\/pages"}],"about":[{"href":"https:\/\/historiadelderecho.umh.es\/ca\/wp-json\/wp\/v2\/types\/page"}],"author":[{"embeddable":true,"href":"https:\/\/historiadelderecho.umh.es\/ca\/wp-json\/wp\/v2\/users\/50"}],"replies":[{"embeddable":true,"href":"https:\/\/historiadelderecho.umh.es\/ca\/wp-json\/wp\/v2\/comments?post=2059"}],"version-history":[{"count":0,"href":"https:\/\/historiadelderecho.umh.es\/ca\/wp-json\/wp\/v2\/pages\/2059\/revisions"}],"up":[{"embeddable":true,"href":"https:\/\/historiadelderecho.umh.es\/ca\/wp-json\/wp\/v2\/pages\/22"}],"wp:attachment":[{"href":"https:\/\/historiadelderecho.umh.es\/ca\/wp-json\/wp\/v2\/media?parent=2059"}],"curies":[{"name":"wp","href":"https:\/\/api.w.org\/{rel}","templated":true}]}}

<span lang="es">(Español) Cursos</span>

<p>[et_pb_section fb_built=&#8221;1&#8243; _builder_version=&#8221;4.16&#8243; global_colors_info=&#8221;{}&#8221;][et_pb_row _builder_version=&#8221;4.16&#8243; global_colors_info=&#8221;{}&#8221;][et_pb_column type=&#8221;4_4&#8243; _builder_version=&#8221;4.16&#8243; global_colors_info=&#8221;{}&#8221;][et_pb_text _builder_version=&#8221;4.17.4&#8243; hover_enabled=&#8221;0&#8243; global_colors_info=&#8221;{}&#8221; sticky_enabled=&#8221;0&#8243;]</p>
<ul>
<li><strong><a href="https://historiadelderecho.umh.es/2022/11/01/violencia-politica-y-terrorismo-en-el-siglo-xx-el-estudio-de-la-memoria-historica-a-traves-de-las-manifestaciones-culturales/" target="_blank" rel="noopener">Violencia política y terrorismo en el siglo XX: el estudio de la memoria histórica a través de las manifestaciones culturales</a>, </strong>1 a 20 de diciembre de 2022.</li>
</ul>
<ul>
<li><a href="https://historiadelderecho.umh.es/2022/05/06/curso-de-verano-el-comic-el-cine-y-la-musica-recursos-para-la-recuperacion-de-la-memoria-historica/"><strong>El cómic, el cine y la música: recursos para la recuperación de la Memoria Histórica</strong></a>, 1 a 29 de julio de 2022.</li>
</ul>
<ul>
<li><strong><a href="https://historiadelderecho.umh.es/2021/05/26/curso-de-verano-la-representacion-de-la-memoria-historica-en-el-comic-el-cine-y-la-musica/" target="_blank" rel="noopener">Curso de verano &#8220;La representación de la Memoria Histórica en el cómic, el cine y la música&#8221;</a></strong>, 8 a 22 de julio de 2021</li>
</ul>
<ul>
<li style="text-align: justify"><strong><a href="https://historiadelderecho.umh.es/2021/01/19/curso-justicia-transicional-recuperacion-de-la-memoria-y-educacion-para-una-cultura-de-paz/" target="_blank" rel="noopener">Curso &#8220;Justicia transicional, recuperación de la memoria y educación para una cultura de paz&#8221;</a>,</strong> 2 de febrero al 30 de abril de 2021.</li>
</ul>
<ul>
<li style="text-align: justify"><strong><a href="https://historiadelderecho.umh.es/2020/11/20/2192/" target="_blank" rel="noopener">Curso de invierno &#8220;La historia contemporánea en el cine: entre la distopía y la utopía&#8221;</a>,</strong> 2 a 16 de diciembre de 2020.</li>
</ul>
<ul>
<li style="text-align: justify"><b><a href="https://historiadelderecho.umh.es/2019/06/01/2322/" target="_blank" rel="noopener">Prensa, opinión pública y Estado liberal</a>, </b>26 a 28 de junio de 2019.</li>
</ul>
<ul>
<li style="text-align: justify"><strong><a href="https://historiadelderecho.umh.es/2013/06/21/curso-de-verano-sobre-la-constitucion-de-cadiz/" target="_blank" rel="noopener">Curso de verano sobre la Constitución de Cádiz</a>,</strong> 26 y 27 de junio de 2013.</li>
</ul>
<p>[/et_pb_text][/et_pb_column][/et_pb_row][/et_pb_section]</p>

<p>Violencia política y terrorismo en el siglo XX: el estudio de la memoria histórica a través de las manifestaciones culturales, 1 a 20 de diciembre de 2022. El cómic, el cine y la música: recursos para la recuperación de la Memoria Histórica, 1 a 29 de julio de 2022. Curso de verano &#8220;La representación de [&hellip;]</p>
