{"id":2092,"date":"2021-12-16T10:04:29","date_gmt":"2021-12-16T09:04:29","guid":{"rendered":"https:\/\/historiadelderecho.umh.es\/?page_id=2092"},"modified":"2021-12-20T13:54:36","modified_gmt":"2021-12-20T12:54:36","slug":"2092-2","status":"publish","type":"page","link":"https:\/\/historiadelderecho.umh.es\/ca\/actividades\/seminariosjornadas\/2092-2\/","title":{"rendered":"<span lang=\"es\">(Espa\u00f1ol) Jornadas El Estudio de la gesti\u00f3n del poder pol\u00edtico en los sistemas totalitarios a trav\u00e9s del cine<\/span>"},"content":{"rendered":"<p>[et_pb_section fb_built=&#8221;1&#8243; _builder_version=&#8221;3.22&#8243;][et_pb_row _builder_version=&#8221;3.25&#8243; background_size=&#8221;initial&#8221; background_position=&#8221;top_left&#8221; background_repeat=&#8221;repeat&#8221;][et_pb_column type=&#8221;4_4&#8243; _builder_version=&#8221;3.25&#8243; custom_padding=&#8221;|||&#8221; custom_padding__hover=&#8221;|||&#8221;][et_pb_text _builder_version=&#8221;3.27.4&#8243; background_size=&#8221;initial&#8221; background_position=&#8221;top_left&#8221; background_repeat=&#8221;repeat&#8221;]<\/p>\n<h1 style=\"text-align: justify\"><\/h1>\n<h1 style=\"text-align: justify\"><a href=\"https:\/\/historiadelderecho.umh.es\/files\/2021\/12\/ESTUDIO-DE-LA-GESTION-DEL-PODER-POLITICO-EN-LOS-SISTEMAS-TOTALITARIOS-A-TRAVES-DEL-CINE-1-scaled.jpg\"><img loading=\"lazy\" class=\"alignleft size-medium wp-image-2095\" src=\"https:\/\/historiadelderecho.umh.es\/files\/2021\/12\/ESTUDIO-DE-LA-GESTION-DEL-PODER-POLITICO-EN-LOS-SISTEMAS-TOTALITARIOS-A-TRAVES-DEL-CINE-1-212x300.jpg\" alt=\"\" width=\"212\" height=\"300\" \/><\/a><\/h1>\n<p style=\"text-align: justify\">Estimados\/as alumnos:<\/p>\n<p style=\"text-align: justify\">Los pr\u00f3ximos d\u00edas 20 y 21 de diciembre tendr\u00e1n lugar las Jornadas de <strong><em>Estudio de la gesti\u00f3n del poder pol\u00edtico en los sistemas totalitarios a trav\u00e9s del cine<\/em><\/strong>. Sus sesiones se desarrollar\u00e1n en formato presencial en el Seminario Ricardo G\u00f3mez Rivero, en el edificio Torreva\u00edllo (campus de Elche) de 16:00 a 18:00h.<\/p>\n<p style=\"text-align: justify\">Bajo la direcci\u00f3n de la prof\u00aa. Dra. Sara Moreno Tejada y con la intervenci\u00f3n de los profesores D. Pedro Amores Bonilla y D. Eladio Balboa Zaragoza, los estudiantes tendr\u00e1n oportunidad de conocer, a trav\u00e9s del cine dist\u00f3pico, como manifestaci\u00f3n cultural multirreferencial y plurisem\u00e1ntica,\u00a0los fundamentos de la <em>Historia social de las mentalidades<\/em> como forma de an\u00e1lisis de la sociedad as\u00ed como los fundamentos de los sistemas pol\u00edticos totalitarios y sus formas de control de la poblaci\u00f3n.<\/p>\n<a href='https:\/\/forms.gle\/YRdygPW4BK82o8rAA' class='small-button smallred' target=\"_blank\">Inscripci\u00f3n<\/a>\n<p>&nbsp;<\/p>\n<p>&nbsp;<\/p>\n<p>[\/et_pb_text][\/et_pb_column][\/et_pb_row][\/et_pb_section]<\/p>\n","protected":false},"excerpt":{"rendered":"<p>Estimados\/as alumnos: Los pr\u00f3ximos d\u00edas 20 y 21 de diciembre tendr\u00e1n lugar las Jornadas de Estudio de la gesti\u00f3n del poder pol\u00edtico en los sistemas totalitarios a trav\u00e9s del cine. Sus sesiones se desarrollar\u00e1n en formato presencial en el Seminario Ricardo G\u00f3mez Rivero, en el edificio Torreva\u00edllo (campus de Elche) de 16:00 a 18:00h. Bajo [&hellip;]<\/p>\n","protected":false},"author":5726,"featured_media":0,"parent":24,"menu_order":0,"comment_status":"closed","ping_status":"closed","template":"","meta":{"_et_pb_use_builder":"on","_et_pb_old_content":"<h1 style=\"text-align: justify;\">Jornadas de Estudio de la gesti\u00f3n del poder pol\u00edtico en los sistemas totalitarios a trav\u00e9s del cine<\/h1><h1 style=\"text-align: justify;\"><a href=\"https:\/\/historiadelderecho.umh.es\/files\/2021\/12\/ESTUDIO-DE-LA-GESTION-DEL-PODER-POLITICO-EN-LOS-SISTEMAS-TOTALITARIOS-A-TRAVES-DEL-CINE-1-scaled.jpg\"><img class=\"alignleft size-medium wp-image-2095\" src=\"https:\/\/historiadelderecho.umh.es\/files\/2021\/12\/ESTUDIO-DE-LA-GESTION-DEL-PODER-POLITICO-EN-LOS-SISTEMAS-TOTALITARIOS-A-TRAVES-DEL-CINE-1-212x300.jpg\" alt=\"\" width=\"212\" height=\"300\" \/><\/a><\/h1><p style=\"text-align: justify;\">Estimados\/as alumnos:<\/p><p style=\"text-align: justify;\">Los pr\u00f3ximos d\u00edas 20 y 21 de diciembre tendr\u00e1n lugar las Jornadas de <strong><em>Estudio de la gesti\u00f3n del poder pol\u00edtico en los sistemas totalitarios a trav\u00e9s del cine<\/em><\/strong>. Sus sesiones se desarrollar\u00e1n en formato presencial en el Seminario Ricardo G\u00f3mez Rivero, en el edificio Torreva\u00edllo (campus de Elche) de 16:00 a 18:00h.<\/p><p style=\"text-align: justify;\">Bajo la direcci\u00f3n de la prof\u00aa. Dra. Sara Moreno Tejada y con la intervenci\u00f3n de los profesores D. Pedro Amores Bonilla y D. Eladio Balboa Zaragoza, los estudiantes tendr\u00e1n oportunidad de conocer, a trav\u00e9s del cine dist\u00f3pico, como manifestaci\u00f3n cultural multirreferencial y plurisem\u00e1ntica,\u00a0los fundamentos de la <em>Historia social de las mentalidades<\/em> como forma de an\u00e1lisis de la sociedad as\u00ed como los fundamentos de los sistemas pol\u00edticos totalitarios y sus formas de control de la poblaci\u00f3n.<\/p><p>[button link=\"https:\/\/forms.gle\/YRdygPW4BK82o8rAA\" color=\"red\" newwindow=\"yes\"] Inscripci\u00f3n[\/button]<\/p><p>\u00a0<\/p><p>\u00a0<\/p>","_et_gb_content_width":"","_links_to":"","_links_to_target":""},"_links":{"self":[{"href":"https:\/\/historiadelderecho.umh.es\/ca\/wp-json\/wp\/v2\/pages\/2092"}],"collection":[{"href":"https:\/\/historiadelderecho.umh.es\/ca\/wp-json\/wp\/v2\/pages"}],"about":[{"href":"https:\/\/historiadelderecho.umh.es\/ca\/wp-json\/wp\/v2\/types\/page"}],"author":[{"embeddable":true,"href":"https:\/\/historiadelderecho.umh.es\/ca\/wp-json\/wp\/v2\/users\/5726"}],"replies":[{"embeddable":true,"href":"https:\/\/historiadelderecho.umh.es\/ca\/wp-json\/wp\/v2\/comments?post=2092"}],"version-history":[{"count":0,"href":"https:\/\/historiadelderecho.umh.es\/ca\/wp-json\/wp\/v2\/pages\/2092\/revisions"}],"up":[{"embeddable":true,"href":"https:\/\/historiadelderecho.umh.es\/ca\/wp-json\/wp\/v2\/pages\/24"}],"wp:attachment":[{"href":"https:\/\/historiadelderecho.umh.es\/ca\/wp-json\/wp\/v2\/media?parent=2092"}],"curies":[{"name":"wp","href":"https:\/\/api.w.org\/{rel}","templated":true}]}}

<span lang="es">(Español) Jornadas El Estudio de la gestión del poder político en los sistemas totalitarios a través del cine</span>

<p>[et_pb_section fb_built=&#8221;1&#8243; _builder_version=&#8221;3.22&#8243;][et_pb_row _builder_version=&#8221;3.25&#8243; background_size=&#8221;initial&#8221; background_position=&#8221;top_left&#8221; background_repeat=&#8221;repeat&#8221;][et_pb_column type=&#8221;4_4&#8243; _builder_version=&#8221;3.25&#8243; custom_padding=&#8221;|||&#8221; custom_padding__hover=&#8221;|||&#8221;][et_pb_text _builder_version=&#8221;3.27.4&#8243; background_size=&#8221;initial&#8221; background_position=&#8221;top_left&#8221; background_repeat=&#8221;repeat&#8221;]</p>
<h1 style="text-align: justify"></h1>
<h1 style="text-align: justify"><a href="https://historiadelderecho.umh.es/files/2021/12/ESTUDIO-DE-LA-GESTION-DEL-PODER-POLITICO-EN-LOS-SISTEMAS-TOTALITARIOS-A-TRAVES-DEL-CINE-1-scaled.jpg"><img loading="lazy" class="alignleft size-medium wp-image-2095" src="https://historiadelderecho.umh.es/files/2021/12/ESTUDIO-DE-LA-GESTION-DEL-PODER-POLITICO-EN-LOS-SISTEMAS-TOTALITARIOS-A-TRAVES-DEL-CINE-1-212x300.jpg" alt="" width="212" height="300" /></a></h1>
<p style="text-align: justify">Estimados/as alumnos:</p>
<p style="text-align: justify">Los próximos días 20 y 21 de diciembre tendrán lugar las Jornadas de <strong><em>Estudio de la gestión del poder político en los sistemas totalitarios a través del cine</em></strong>. Sus sesiones se desarrollarán en formato presencial en el Seminario Ricardo Gómez Rivero, en el edificio Torrevaíllo (campus de Elche) de 16:00 a 18:00h.</p>
<p style="text-align: justify">Bajo la dirección de la profª. Dra. Sara Moreno Tejada y con la intervención de los profesores D. Pedro Amores Bonilla y D. Eladio Balboa Zaragoza, los estudiantes tendrán oportunidad de conocer, a través del cine distópico, como manifestación cultural multirreferencial y plurisemántica, los fundamentos de la <em>Historia social de las mentalidades</em> como forma de análisis de la sociedad así como los fundamentos de los sistemas políticos totalitarios y sus formas de control de la población.</p>
<a href='https://forms.gle/YRdygPW4BK82o8rAA' class='small-button smallred' target="_blank">Inscripción</a>
<p>&nbsp;</p>
<p>&nbsp;</p>
<p>[/et_pb_text][/et_pb_column][/et_pb_row][/et_pb_section]</p>

<p>Estimados/as alumnos: Los próximos días 20 y 21 de diciembre tendrán lugar las Jornadas de Estudio de la gestión del poder político en los sistemas totalitarios a través del cine. Sus sesiones se desarrollarán en formato presencial en el Seminario Ricardo Gómez Rivero, en el edificio Torrevaíllo (campus de Elche) de 16:00 a 18:00h. Bajo [&hellip;]</p>

<h1 style="text-align: justify;">Jornadas de Estudio de la gestión del poder político en los sistemas totalitarios a través del cine</h1><h1 style="text-align: justify;"><a href="https://historiadelderecho.umh.es/files/2021/12/ESTUDIO-DE-LA-GESTION-DEL-PODER-POLITICO-EN-LOS-SISTEMAS-TOTALITARIOS-A-TRAVES-DEL-CINE-1-scaled.jpg"><img class="alignleft size-medium wp-image-2095" src="https://historiadelderecho.umh.es/files/2021/12/ESTUDIO-DE-LA-GESTION-DEL-PODER-POLITICO-EN-LOS-SISTEMAS-TOTALITARIOS-A-TRAVES-DEL-CINE-1-212x300.jpg" alt="" width="212" height="300" /></a></h1><p style="text-align: justify;">Estimados/as alumnos:</p><p style="text-align: justify;">Los próximos días 20 y 21 de diciembre tendrán lugar las Jornadas de <strong><em>Estudio de la gestión del poder político en los sistemas totalitarios a través del cine</em></strong>. Sus sesiones se desarrollarán en formato presencial en el Seminario Ricardo Gómez Rivero, en el edificio Torrevaíllo (campus de Elche) de 16:00 a 18:00h.</p><p style="text-align: justify;">Bajo la dirección de la profª. Dra. Sara Moreno Tejada y con la intervención de los profesores D. Pedro Amores Bonilla y D. Eladio Balboa Zaragoza, los estudiantes tendrán oportunidad de conocer, a través del cine distópico, como manifestación cultural multirreferencial y plurisemántica, los fundamentos de la <em>Historia social de las mentalidades</em> como forma de análisis de la sociedad así como los fundamentos de los sistemas políticos totalitarios y sus formas de control de la población.</p><p>[button link="https://forms.gle/YRdygPW4BK82o8rAA" color="red" newwindow="yes"] Inscripción[/button]</p><p> </p><p> </p>
