{"id":228,"date":"2013-10-30T18:56:17","date_gmt":"2013-10-30T17:56:17","guid":{"rendered":"http:\/\/historiadelderecho.umh.es\/?page_id=228"},"modified":"2021-12-11T09:28:17","modified_gmt":"2021-12-11T08:28:17","slug":"rezeption-des-franzosischen-rechts-in-der-europaischen-justizgeschichte-des-19-jahrhunderts","status":"publish","type":"page","link":"https:\/\/historiadelderecho.umh.es\/ca\/actividades\/congresos\/rezeption-des-franzosischen-rechts-in-der-europaischen-justizgeschichte-des-19-jahrhunderts\/","title":{"rendered":"Rezeption des franz\u00f6sischen Rechts in der europ\u00e4ischen Justizgeschichte des 19 Jahrhunderts"},"content":{"rendered":"<p>[et_pb_section fb_built=&#8221;1&#8243; _builder_version=&#8221;3.22&#8243;][et_pb_row _builder_version=&#8221;3.25&#8243; background_size=&#8221;initial&#8221; background_position=&#8221;top_left&#8221; background_repeat=&#8221;repeat&#8221;][et_pb_column type=&#8221;4_4&#8243; _builder_version=&#8221;3.25&#8243; custom_padding=&#8221;|||&#8221; custom_padding__hover=&#8221;|||&#8221;][et_pb_text _builder_version=&#8221;3.27.4&#8243; background_size=&#8221;initial&#8221; background_position=&#8221;top_left&#8221; background_repeat=&#8221;repeat&#8221;]<a href=\"https:\/\/historiadelderecho.umh.es\/files\/2013\/10\/IMG_0029.jpg\"><img loading=\"lazy\" class=\"alignleft size-medium wp-image-233\" src=\"https:\/\/historiadelderecho.umh.es\/files\/2013\/10\/IMG_0029-300x200.jpg\" alt=\"IMG_0029\" width=\"300\" height=\"200\" srcset=\"https:\/\/historiadelderecho.umh.es\/files\/2013\/10\/IMG_0029-300x200.jpg 300w, https:\/\/historiadelderecho.umh.es\/files\/2013\/10\/IMG_0029-1024x682.jpg 1024w\" sizes=\"(max-width: 300px) 100vw, 300px\" \/><\/a>Congreso internacional celebrado en la Universidad de Passau en torno a la recepci\u00f3n del modelo franc\u00e9s en los ordenamientos jur\u00eddicos europeos de la primera mitad del s.XIX.<\/p>\n<p>2 bis 5 september de 2013<\/p>\n<p><a href=\"https:\/\/historiadelderecho.umh.es\/files\/2013\/10\/Programa-Passau-2013.pdf\">Programa Passau 2013<\/a><br \/>\n[\/et_pb_text][\/et_pb_column][\/et_pb_row][\/et_pb_section]<\/p>\n","protected":false},"excerpt":{"rendered":"<p>Congreso internacional celebrado en la Universidad de Passau en torno a la recepci\u00f3n del modelo franc\u00e9s en los ordenamientos jur\u00eddicos europeos de la primera mitad del s.XIX. 2 bis 5 september de 2013 Programa Passau 2013<\/p>\n","protected":false},"author":50,"featured_media":0,"parent":23,"menu_order":0,"comment_status":"closed","ping_status":"closed","template":"","meta":{"_et_pb_use_builder":"on","_et_pb_old_content":"<p><a href=\"https:\/\/historiadelderecho.umh.es\/files\/2013\/10\/IMG_0029.jpg\"><img class=\"alignleft size-medium wp-image-233\" src=\"https:\/\/historiadelderecho.umh.es\/files\/2013\/10\/IMG_0029-300x200.jpg\" alt=\"IMG_0029\" width=\"300\" height=\"200\" \/><\/a>Congreso internacional celebrado en la Universidad de Passau en torno a la recepci\u00f3n del modelo franc\u00e9s en los ordenamientos jur\u00eddicos europeos de la primera mitad del s.XIX.<\/p><p>2 bis 5 september de 2013<\/p><p><a href=\"https:\/\/historiadelderecho.umh.es\/files\/2013\/10\/Programa-Passau-2013.pdf\">Programa Passau 2013<\/a><\/p>","_et_gb_content_width":"","_links_to":"","_links_to_target":""},"_links":{"self":[{"href":"https:\/\/historiadelderecho.umh.es\/ca\/wp-json\/wp\/v2\/pages\/228"}],"collection":[{"href":"https:\/\/historiadelderecho.umh.es\/ca\/wp-json\/wp\/v2\/pages"}],"about":[{"href":"https:\/\/historiadelderecho.umh.es\/ca\/wp-json\/wp\/v2\/types\/page"}],"author":[{"embeddable":true,"href":"https:\/\/historiadelderecho.umh.es\/ca\/wp-json\/wp\/v2\/users\/50"}],"replies":[{"embeddable":true,"href":"https:\/\/historiadelderecho.umh.es\/ca\/wp-json\/wp\/v2\/comments?post=228"}],"version-history":[{"count":0,"href":"https:\/\/historiadelderecho.umh.es\/ca\/wp-json\/wp\/v2\/pages\/228\/revisions"}],"up":[{"embeddable":true,"href":"https:\/\/historiadelderecho.umh.es\/ca\/wp-json\/wp\/v2\/pages\/23"}],"wp:attachment":[{"href":"https:\/\/historiadelderecho.umh.es\/ca\/wp-json\/wp\/v2\/media?parent=228"}],"curies":[{"name":"wp","href":"https:\/\/api.w.org\/{rel}","templated":true}]}}

Rezeption des französischen Rechts in der europäischen Justizgeschichte des 19 Jahrhunderts

<p>[et_pb_section fb_built=&#8221;1&#8243; _builder_version=&#8221;3.22&#8243;][et_pb_row _builder_version=&#8221;3.25&#8243; background_size=&#8221;initial&#8221; background_position=&#8221;top_left&#8221; background_repeat=&#8221;repeat&#8221;][et_pb_column type=&#8221;4_4&#8243; _builder_version=&#8221;3.25&#8243; custom_padding=&#8221;|||&#8221; custom_padding__hover=&#8221;|||&#8221;][et_pb_text _builder_version=&#8221;3.27.4&#8243; background_size=&#8221;initial&#8221; background_position=&#8221;top_left&#8221; background_repeat=&#8221;repeat&#8221;]<a href="https://historiadelderecho.umh.es/files/2013/10/IMG_0029.jpg"><img loading="lazy" class="alignleft size-medium wp-image-233" src="https://historiadelderecho.umh.es/files/2013/10/IMG_0029-300x200.jpg" alt="IMG_0029" width="300" height="200" srcset="https://historiadelderecho.umh.es/files/2013/10/IMG_0029-300x200.jpg 300w, https://historiadelderecho.umh.es/files/2013/10/IMG_0029-1024x682.jpg 1024w" sizes="(max-width: 300px) 100vw, 300px" /></a>Congreso internacional celebrado en la Universidad de Passau en torno a la recepción del modelo francés en los ordenamientos jurídicos europeos de la primera mitad del s.XIX.</p>
<p>2 bis 5 september de 2013</p>
<p><a href="https://historiadelderecho.umh.es/files/2013/10/Programa-Passau-2013.pdf">Programa Passau 2013</a><br />
[/et_pb_text][/et_pb_column][/et_pb_row][/et_pb_section]</p>

<p>Congreso internacional celebrado en la Universidad de Passau en torno a la recepción del modelo francés en los ordenamientos jurídicos europeos de la primera mitad del s.XIX. 2 bis 5 september de 2013 Programa Passau 2013</p>

<p><a href="https://historiadelderecho.umh.es/files/2013/10/IMG_0029.jpg"><img class="alignleft size-medium wp-image-233" src="https://historiadelderecho.umh.es/files/2013/10/IMG_0029-300x200.jpg" alt="IMG_0029" width="300" height="200" /></a>Congreso internacional celebrado en la Universidad de Passau en torno a la recepción del modelo francés en los ordenamientos jurídicos europeos de la primera mitad del s.XIX.</p><p>2 bis 5 september de 2013</p><p><a href="https://historiadelderecho.umh.es/files/2013/10/Programa-Passau-2013.pdf">Programa Passau 2013</a></p>
