{"id":2358,"date":"2023-02-16T16:09:14","date_gmt":"2023-02-16T15:09:14","guid":{"rendered":"https:\/\/historiadelderecho.umh.es\/?page_id=2358"},"modified":"2023-02-16T16:09:59","modified_gmt":"2023-02-16T15:09:59","slug":"programa","status":"publish","type":"page","link":"https:\/\/historiadelderecho.umh.es\/ca\/programa\/","title":{"rendered":"<span lang=\"es\">(Espa\u00f1ol) Programa<\/span>"},"content":{"rendered":"<p class=\"qtranxs-available-languages-message qtranxs-available-languages-message-ca\">Ho sentim, aquesta entrada es troba disponible \u00fanicament en <a href=\"https:\/\/historiadelderecho.umh.es\/es\/wp-json\/wp\/v2\/pages\/2358\" class=\"qtranxs-available-language-link qtranxs-available-language-link-es\" title=\"Espa\u00f1ol\">Espanyol Europeu<\/a>.<\/p>","protected":false},"excerpt":{"rendered":"<p>Ho sentim, aquesta entrada es troba disponible \u00fanicament en Espanyol Europeu.<\/p>\n","protected":false},"author":5726,"featured_media":0,"parent":0,"menu_order":0,"comment_status":"closed","ping_status":"closed","template":"","meta":{"_et_pb_use_builder":"on","_et_pb_old_content":"<span lang=\"es\">(Espa\u00f1ol) Conduce el acto: Mar\u00eda Jos\u00e9 Mart\u00ednez Guti\u00e9rrez. Concejala de Educaci\u00f3n, Universidad y Escuelas Infantiles. Ayuntamiento de Elche.\r\n\r\n<strong>17:00 Mesa Inicial<\/strong>\r\n<ul>\r\n \t<li>Francisco Escudero Galante. Director UNED de Elche<\/li>\r\n \t<li>Agust\u00edn Jim\u00e9nez P\u00e9rez. Catedr\u00e1tico de Bachillerato y coordinador del grupo territorial de Memoria Democr\u00e1tica de Alicante.<\/li>\r\n \t<li>Victorino Mayoral Cort\u00e9s. Presidente de la Fundaci\u00f3n Cives.<\/li>\r\n \t<li>Antonia Serna Serrano. Secretaria auton\u00f3mica de Cooperaci\u00f3n y Calidad Democr\u00e1tica de la Conselleria de Participaci\u00f3n. Transparencia. Cooperaci\u00f3n y Calidad Democr\u00e1tica.<\/li>\r\n \t<li>Fernando Mart\u00ednez L\u00f3pez. Secretario de Estado de Memoria Democr\u00e1tica.<\/li>\r\n \t<li>Carlos Gonz\u00e1lez Serna. Alcalde del Excmo. Ayuntamiento de Elche.<\/li>\r\n<\/ul>\r\n<strong>17:45 Memoria e historia de la democracia en Espa\u00f1a: la conquista de derechos de ciudadan\u00eda<\/strong>\r\n<ul>\r\n \t<li>Presenta: C\u00e9sar Sampedro S\u00e1nchez. Doctor en Historia y Profesor de Historia del IES Mar\u00eda Blasco de S. Vicente del Raspeig.<\/li>\r\n \t<li>Jos\u00e9 Antonio P\u00e9rez Juan. Catedr\u00e1tico de Historia del Derecho de la Universidad Miguel Hern\u00e1ndez de Elche.<\/li>\r\n<\/ul>\r\n<strong>18:05 Panel: La memoria democr\u00e1tica en el curr\u00edculum escolar de las distintas etapas educativas<\/strong>\r\n<ul>\r\n \t<li>Presenta: Remedios Ram\u00f3n Dangla. Profesora de la Facultad de Econ\u00f3micas de la Universidad de Alicante.<\/li>\r\n \t<li>Julio Ordo\u00f1ez Marcos. Vicepresidente de la Fundaci\u00f3n Cives e Inspector de Educaci\u00f3n.<\/li>\r\n \t<li>\u00c1ngel Mart\u00edn Santos. Presidente de la asociaci\u00f3n de profesores de Filosof\u00eda de la provincia de Alicante.<\/li>\r\n \t<li>Jos\u00e9 Antonio Serrano Oliver. Profesor de Historia de IES La Asunci\u00f3n de Elche.<\/li>\r\n \t<li>Fernando Javier Fern\u00e1ndez. Inspector de la Conseller\u00eda de Educaci\u00f3n, Cultura y Deporte en Alicante.<\/li>\r\n<\/ul>\r\n<strong>18:50 La memoria democr\u00e1tica de la lucha de las mujeres por la igualdad. La mitad silenciada.<\/strong>\r\n<ul>\r\n \t<li>Presenta: Agust\u00edn Jim\u00e9nez P\u00e9rez. Catedr\u00e1tico de Bachillerato y coordinador del grupo territorial de memoria democr\u00e1tica de Alicante.<\/li>\r\n \t<li>Luz Mart\u00ednez Ten. Secretar\u00eda de la Mujer y Pol\u00edticas Sociales de la FSP-UGT.<\/li>\r\n<\/ul>\r\n<strong>19:10 Panel: perspectivas pedag\u00f3gicas de la memoria democr\u00e1tica<\/strong>\r\n<ul>\r\n \t<li>Presenta: Jos\u00e9 Antonio Serrano Oliver. Profesor de Historia del IES Asunci\u00f3n de Elche.<\/li>\r\n \t<li>Miguel Ors Montenegro. Director C\u00e1tedra Pedro Ibarra UMH de Elche. Itinerarios de Memoria democr\u00e1tica.<\/li>\r\n \t<li>Carlos S\u00e1nchez Heras. Subdirector General de Formaci\u00f3n del Profesorado de la Conseller\u00eda de Educaci\u00f3n, Cultura y Deporte. El compromiso y la formaci\u00f3n del profesorado con la Memoria Democr\u00e1tica.<\/li>\r\n \t<li>Vicente Carrasco Embuena. Portavoz de la Comisi\u00f3n C\u00edvica de Memoria Democr\u00e1tica de Alicante. Contribuci\u00f3n de las Asociaciones Memorialistas a la Memoria Democr\u00e1tica en la educaci\u00f3n.<\/li>\r\n<\/ul>\r\n<strong>19:45 Clausura<\/strong>\r\n\r\n&nbsp;<\/span>","_et_gb_content_width":"","_links_to":"","_links_to_target":""},"_links":{"self":[{"href":"https:\/\/historiadelderecho.umh.es\/ca\/wp-json\/wp\/v2\/pages\/2358"}],"collection":[{"href":"https:\/\/historiadelderecho.umh.es\/ca\/wp-json\/wp\/v2\/pages"}],"about":[{"href":"https:\/\/historiadelderecho.umh.es\/ca\/wp-json\/wp\/v2\/types\/page"}],"author":[{"embeddable":true,"href":"https:\/\/historiadelderecho.umh.es\/ca\/wp-json\/wp\/v2\/users\/5726"}],"replies":[{"embeddable":true,"href":"https:\/\/historiadelderecho.umh.es\/ca\/wp-json\/wp\/v2\/comments?post=2358"}],"version-history":[{"count":0,"href":"https:\/\/historiadelderecho.umh.es\/ca\/wp-json\/wp\/v2\/pages\/2358\/revisions"}],"wp:attachment":[{"href":"https:\/\/historiadelderecho.umh.es\/ca\/wp-json\/wp\/v2\/media?parent=2358"}],"curies":[{"name":"wp","href":"https:\/\/api.w.org\/{rel}","templated":true}]}}

<span lang="es">(Español) Programa</span>

<p class="qtranxs-available-languages-message qtranxs-available-languages-message-ca">Ho sentim, aquesta entrada es troba disponible únicament en <a href="https://historiadelderecho.umh.es/es/wp-json/wp/v2/pages/2358" class="qtranxs-available-language-link qtranxs-available-language-link-es" title="Español">Espanyol Europeu</a>.</p>

<p>Ho sentim, aquesta entrada es troba disponible únicament en Espanyol Europeu.</p>

<span lang="es">(Español) Conduce el acto: María José Martínez Gutiérrez. Concejala de Educación, Universidad y Escuelas Infantiles. Ayuntamiento de Elche.

<strong>17:00 Mesa Inicial</strong>
<ul>
 	<li>Francisco Escudero Galante. Director UNED de Elche</li>
 	<li>Agustín Jiménez Pérez. Catedrático de Bachillerato y coordinador del grupo territorial de Memoria Democrática de Alicante.</li>
 	<li>Victorino Mayoral Cortés. Presidente de la Fundación Cives.</li>
 	<li>Antonia Serna Serrano. Secretaria autonómica de Cooperación y Calidad Democrática de la Conselleria de Participación. Transparencia. Cooperación y Calidad Democrática.</li>
 	<li>Fernando Martínez López. Secretario de Estado de Memoria Democrática.</li>
 	<li>Carlos González Serna. Alcalde del Excmo. Ayuntamiento de Elche.</li>
</ul>
<strong>17:45 Memoria e historia de la democracia en España: la conquista de derechos de ciudadanía</strong>
<ul>
 	<li>Presenta: César Sampedro Sánchez. Doctor en Historia y Profesor de Historia del IES María Blasco de S. Vicente del Raspeig.</li>
 	<li>José Antonio Pérez Juan. Catedrático de Historia del Derecho de la Universidad Miguel Hernández de Elche.</li>
</ul>
<strong>18:05 Panel: La memoria democrática en el currículum escolar de las distintas etapas educativas</strong>
<ul>
 	<li>Presenta: Remedios Ramón Dangla. Profesora de la Facultad de Económicas de la Universidad de Alicante.</li>
 	<li>Julio Ordoñez Marcos. Vicepresidente de la Fundación Cives e Inspector de Educación.</li>
 	<li>Ángel Martín Santos. Presidente de la asociación de profesores de Filosofía de la provincia de Alicante.</li>
 	<li>José Antonio Serrano Oliver. Profesor de Historia de IES La Asunción de Elche.</li>
 	<li>Fernando Javier Fernández. Inspector de la Consellería de Educación, Cultura y Deporte en Alicante.</li>
</ul>
<strong>18:50 La memoria democrática de la lucha de las mujeres por la igualdad. La mitad silenciada.</strong>
<ul>
 	<li>Presenta: Agustín Jiménez Pérez. Catedrático de Bachillerato y coordinador del grupo territorial de memoria democrática de Alicante.</li>
 	<li>Luz Martínez Ten. Secretaría de la Mujer y Políticas Sociales de la FSP-UGT.</li>
</ul>
<strong>19:10 Panel: perspectivas pedagógicas de la memoria democrática</strong>
<ul>
 	<li>Presenta: José Antonio Serrano Oliver. Profesor de Historia del IES Asunción de Elche.</li>
 	<li>Miguel Ors Montenegro. Director Cátedra Pedro Ibarra UMH de Elche. Itinerarios de Memoria democrática.</li>
 	<li>Carlos Sánchez Heras. Subdirector General de Formación del Profesorado de la Consellería de Educación, Cultura y Deporte. El compromiso y la formación del profesorado con la Memoria Democrática.</li>
 	<li>Vicente Carrasco Embuena. Portavoz de la Comisión Cívica de Memoria Democrática de Alicante. Contribución de las Asociaciones Memorialistas a la Memoria Democrática en la educación.</li>
</ul>
<strong>19:45 Clausura</strong>

&nbsp;</span>
