{"id":26,"date":"2008-05-01T00:00:00","date_gmt":"2008-04-30T22:00:00","guid":{"rendered":"http:\/\/historiadelderecho.zeus.umh.es\/actividades\/congresos\/congreso-vigencia-y-repercusiones-de-la-constitucion-de-cadiz\/"},"modified":"2021-12-03T23:58:23","modified_gmt":"2021-12-03T22:58:23","slug":"vigencia-y-repercusiones-cadiz","status":"publish","type":"page","link":"https:\/\/historiadelderecho.umh.es\/ca\/actividades\/congresos\/vigencia-y-repercusiones-cadiz\/","title":{"rendered":"Vigencia y Repercusiones de la Constituci\u00f3n de C\u00e1diz"},"content":{"rendered":"<p>[et_pb_section fb_built=&#8221;1&#8243; _builder_version=&#8221;3.22&#8243;][et_pb_row _builder_version=&#8221;3.25&#8243; background_size=&#8221;initial&#8221; background_position=&#8221;top_left&#8221; background_repeat=&#8221;repeat&#8221;][et_pb_column type=&#8221;4_4&#8243; _builder_version=&#8221;3.25&#8243; custom_padding=&#8221;|||&#8221; custom_padding__hover=&#8221;|||&#8221;][et_pb_text _builder_version=&#8221;3.27.4&#8243; background_size=&#8221;initial&#8221; background_position=&#8221;top_left&#8221; background_repeat=&#8221;repeat&#8221;]<\/p>\n<p style=\"text-align: justify\">\u00a0\u00a0\u00a0\u00a0\u00a0\u00a0\u00a0\u00a0\u00a0<a href=\"https:\/\/historiadelderecho.umh.es\/files\/2013\/03\/Cartel-SRA3.jpg\"><img loading=\"lazy\" class=\"alignleft size-medium wp-image-93\" title=\"Cartel SRA3\" src=\"https:\/\/historiadelderecho.umh.es\/files\/2013\/03\/Cartel-SRA3-213x300.jpg\" alt=\"\" width=\"213\" height=\"300\" srcset=\"https:\/\/historiadelderecho.umh.es\/files\/2013\/03\/Cartel-SRA3-213x300.jpg 213w, https:\/\/historiadelderecho.umh.es\/files\/2013\/03\/Cartel-SRA3-728x1023.jpg 728w\" sizes=\"(max-width: 213px) 100vw, 213px\" \/><\/a><\/p>\n<p style=\"text-align: justify\">La finalidad de este congreso es analizar el contenido del articulado constitucional se\u00f1alando su vigencia, eficacia y repercusiones pr\u00e1cticas. Para ello se estudiar\u00e1n las principales instituciones reguladas en el texto fundamental gaditano, haciendo especial referencia a las Cortes, el Gobierno y la Justicia. De igual modo, se investigar\u00e1 la puesta en funcionamiento de la nueva estructura territorial aprobada en\u00a0 C\u00e1diz, esto es, la figura del jefe pol\u00edtico o gobernador civil, diputaciones provinciales y municipios constitucionales. Finalmente, ser\u00e1 objeto de atenci\u00f3n la repercusi\u00f3n internacional del proceso constituyente espa\u00f1ol deteni\u00e9ndonos en su recepci\u00f3n y repercusi\u00f3n en pa\u00edses de nuestro entorno como el propio reino de N\u00e1poles, entre otros.<\/p>\n<p>\u00a0<a href=\"https:\/\/historiadelderecho.umh.es\/files\/2013\/03\/D\u00edptico-.pdf\">D\u00edptico<\/a><br \/>\n[\/et_pb_text][\/et_pb_column][\/et_pb_row][\/et_pb_section]<\/p>\n","protected":false},"excerpt":{"rendered":"<p>\u00a0\u00a0\u00a0\u00a0\u00a0\u00a0\u00a0\u00a0\u00a0 La finalidad de este congreso es analizar el contenido del articulado constitucional se\u00f1alando su vigencia, eficacia y repercusiones pr\u00e1cticas. Para ello se estudiar\u00e1n las principales instituciones reguladas en el texto fundamental gaditano, haciendo especial referencia a las Cortes, el Gobierno y la Justicia. De igual modo, se investigar\u00e1 la puesta en funcionamiento de la [&hellip;]<\/p>\n","protected":false},"author":50,"featured_media":0,"parent":23,"menu_order":0,"comment_status":"closed","ping_status":"closed","template":"","meta":{"_et_pb_use_builder":"on","_et_pb_old_content":"<p style=\"text-align: justify;\">\u00a0\u00a0\u00a0\u00a0\u00a0\u00a0\u00a0\u00a0\u00a0<a href=\"https:\/\/historiadelderecho.umh.es\/files\/2013\/03\/Cartel-SRA3.jpg\"><img class=\"alignleft size-medium wp-image-93\" title=\"Cartel SRA3\" src=\"https:\/\/historiadelderecho.umh.es\/files\/2013\/03\/Cartel-SRA3-213x300.jpg\" alt=\"\" width=\"213\" height=\"300\" \/><\/a>\u00a0\u00a0\u00a0\u00a0\u00a0\u00a0\u00a0\u00a0\u00a0\u00a0\u00a0\u00a0\u00a0\u00a0\u00a0\u00a0\u00a0\u00a0\u00a0\u00a0\u00a0\u00a0\u00a0\u00a0\u00a0\u00a0\u00a0\u00a0\u00a0\u00a0\u00a0\u00a0\u00a0\u00a0\u00a0\u00a0\u00a0\u00a0\u00a0\u00a0\u00a0\u00a0\u00a0\u00a0\u00a0\u00a0\u00a0\u00a0\u00a0\u00a0\u00a0\u00a0\u00a0\u00a0\u00a0\u00a0\u00a0\u00a0\u00a0\u00a0\u00a0\u00a0\u00a0<\/p><p style=\"text-align: justify;\">La finalidad de este congreso es analizar el contenido del articulado constitucional se\u00f1alando su vigencia, eficacia y repercusiones pr\u00e1cticas. Para ello se estudiar\u00e1n las principales instituciones reguladas en el texto fundamental gaditano, haciendo especial referencia a las Cortes, el Gobierno y la Justicia. De igual modo, se investigar\u00e1 la puesta en funcionamiento de la nueva estructura territorial aprobada en\u00a0 C\u00e1diz, esto es, la figura del jefe pol\u00edtico o gobernador civil, diputaciones provinciales y municipios constitucionales. Finalmente, ser\u00e1 objeto de atenci\u00f3n la repercusi\u00f3n internacional del proceso constituyente espa\u00f1ol deteni\u00e9ndonos en su recepci\u00f3n y repercusi\u00f3n en pa\u00edses de nuestro entorno como el propio reino de N\u00e1poles, entre otros.<\/p><p>\u00a0<a href=\"https:\/\/historiadelderecho.umh.es\/files\/2013\/03\/D\u00edptico-.pdf\">D\u00edptico<\/a><\/p>","_et_gb_content_width":"","_links_to":"","_links_to_target":""},"_links":{"self":[{"href":"https:\/\/historiadelderecho.umh.es\/ca\/wp-json\/wp\/v2\/pages\/26"}],"collection":[{"href":"https:\/\/historiadelderecho.umh.es\/ca\/wp-json\/wp\/v2\/pages"}],"about":[{"href":"https:\/\/historiadelderecho.umh.es\/ca\/wp-json\/wp\/v2\/types\/page"}],"author":[{"embeddable":true,"href":"https:\/\/historiadelderecho.umh.es\/ca\/wp-json\/wp\/v2\/users\/50"}],"replies":[{"embeddable":true,"href":"https:\/\/historiadelderecho.umh.es\/ca\/wp-json\/wp\/v2\/comments?post=26"}],"version-history":[{"count":0,"href":"https:\/\/historiadelderecho.umh.es\/ca\/wp-json\/wp\/v2\/pages\/26\/revisions"}],"up":[{"embeddable":true,"href":"https:\/\/historiadelderecho.umh.es\/ca\/wp-json\/wp\/v2\/pages\/23"}],"wp:attachment":[{"href":"https:\/\/historiadelderecho.umh.es\/ca\/wp-json\/wp\/v2\/media?parent=26"}],"curies":[{"name":"wp","href":"https:\/\/api.w.org\/{rel}","templated":true}]}}

Vigencia y Repercusiones de la Constitución de Cádiz

<p>[et_pb_section fb_built=&#8221;1&#8243; _builder_version=&#8221;3.22&#8243;][et_pb_row _builder_version=&#8221;3.25&#8243; background_size=&#8221;initial&#8221; background_position=&#8221;top_left&#8221; background_repeat=&#8221;repeat&#8221;][et_pb_column type=&#8221;4_4&#8243; _builder_version=&#8221;3.25&#8243; custom_padding=&#8221;|||&#8221; custom_padding__hover=&#8221;|||&#8221;][et_pb_text _builder_version=&#8221;3.27.4&#8243; background_size=&#8221;initial&#8221; background_position=&#8221;top_left&#8221; background_repeat=&#8221;repeat&#8221;]</p>
<p style="text-align: justify">         <a href="https://historiadelderecho.umh.es/files/2013/03/Cartel-SRA3.jpg"><img loading="lazy" class="alignleft size-medium wp-image-93" title="Cartel SRA3" src="https://historiadelderecho.umh.es/files/2013/03/Cartel-SRA3-213x300.jpg" alt="" width="213" height="300" srcset="https://historiadelderecho.umh.es/files/2013/03/Cartel-SRA3-213x300.jpg 213w, https://historiadelderecho.umh.es/files/2013/03/Cartel-SRA3-728x1023.jpg 728w" sizes="(max-width: 213px) 100vw, 213px" /></a></p>
<p style="text-align: justify">La finalidad de este congreso es analizar el contenido del articulado constitucional señalando su vigencia, eficacia y repercusiones prácticas. Para ello se estudiarán las principales instituciones reguladas en el texto fundamental gaditano, haciendo especial referencia a las Cortes, el Gobierno y la Justicia. De igual modo, se investigará la puesta en funcionamiento de la nueva estructura territorial aprobada en  Cádiz, esto es, la figura del jefe político o gobernador civil, diputaciones provinciales y municipios constitucionales. Finalmente, será objeto de atención la repercusión internacional del proceso constituyente español deteniéndonos en su recepción y repercusión en países de nuestro entorno como el propio reino de Nápoles, entre otros.</p>
<p> <a href="https://historiadelderecho.umh.es/files/2013/03/Díptico-.pdf">Díptico</a><br />
[/et_pb_text][/et_pb_column][/et_pb_row][/et_pb_section]</p>

<p>          La finalidad de este congreso es analizar el contenido del articulado constitucional señalando su vigencia, eficacia y repercusiones prácticas. Para ello se estudiarán las principales instituciones reguladas en el texto fundamental gaditano, haciendo especial referencia a las Cortes, el Gobierno y la Justicia. De igual modo, se investigará la puesta en funcionamiento de la [&hellip;]</p>

<p style="text-align: justify;">         <a href="https://historiadelderecho.umh.es/files/2013/03/Cartel-SRA3.jpg"><img class="alignleft size-medium wp-image-93" title="Cartel SRA3" src="https://historiadelderecho.umh.es/files/2013/03/Cartel-SRA3-213x300.jpg" alt="" width="213" height="300" /></a>                                                               </p><p style="text-align: justify;">La finalidad de este congreso es analizar el contenido del articulado constitucional señalando su vigencia, eficacia y repercusiones prácticas. Para ello se estudiarán las principales instituciones reguladas en el texto fundamental gaditano, haciendo especial referencia a las Cortes, el Gobierno y la Justicia. De igual modo, se investigará la puesta en funcionamiento de la nueva estructura territorial aprobada en  Cádiz, esto es, la figura del jefe político o gobernador civil, diputaciones provinciales y municipios constitucionales. Finalmente, será objeto de atención la repercusión internacional del proceso constituyente español deteniéndonos en su recepción y repercusión en países de nuestro entorno como el propio reino de Nápoles, entre otros.</p><p> <a href="https://historiadelderecho.umh.es/files/2013/03/Díptico-.pdf">Díptico</a></p>
