{"id":292,"date":"2014-03-10T09:30:43","date_gmt":"2014-03-10T08:30:43","guid":{"rendered":"http:\/\/historiadelderecho.umh.es\/?page_id=292"},"modified":"2021-12-11T09:27:08","modified_gmt":"2021-12-11T08:27:08","slug":"congreso-aguas-vias-y-conocimiento-en-la-peninsula-iberica-desde-el-imperio-romano","status":"publish","type":"page","link":"https:\/\/historiadelderecho.umh.es\/ca\/actividades\/congresos\/congreso-aguas-vias-y-conocimiento-en-la-peninsula-iberica-desde-el-imperio-romano\/","title":{"rendered":"Congreso Aguas, V\u00edas y conocimiento en la Pen\u00ednsula Ib\u00e9rica desde el Imperio romano"},"content":{"rendered":"<p class=\"qtranxs-available-languages-message qtranxs-available-languages-message-ca\">Ho sentim, aquesta entrada es troba disponible \u00fanicament en <a href=\"https:\/\/historiadelderecho.umh.es\/es\/wp-json\/wp\/v2\/pages\/292\" class=\"qtranxs-available-language-link qtranxs-available-language-link-es\" title=\"Espa\u00f1ol\">Espanyol Europeu<\/a>.<\/p>","protected":false},"excerpt":{"rendered":"<p>Ho sentim, aquesta entrada es troba disponible \u00fanicament en Espanyol Europeu.<\/p>\n","protected":false},"author":50,"featured_media":0,"parent":23,"menu_order":0,"comment_status":"closed","ping_status":"closed","template":"","meta":{"_et_pb_use_builder":"","_et_pb_old_content":"","_et_gb_content_width":"","_links_to":"","_links_to_target":""},"_links":{"self":[{"href":"https:\/\/historiadelderecho.umh.es\/ca\/wp-json\/wp\/v2\/pages\/292"}],"collection":[{"href":"https:\/\/historiadelderecho.umh.es\/ca\/wp-json\/wp\/v2\/pages"}],"about":[{"href":"https:\/\/historiadelderecho.umh.es\/ca\/wp-json\/wp\/v2\/types\/page"}],"author":[{"embeddable":true,"href":"https:\/\/historiadelderecho.umh.es\/ca\/wp-json\/wp\/v2\/users\/50"}],"replies":[{"embeddable":true,"href":"https:\/\/historiadelderecho.umh.es\/ca\/wp-json\/wp\/v2\/comments?post=292"}],"version-history":[{"count":0,"href":"https:\/\/historiadelderecho.umh.es\/ca\/wp-json\/wp\/v2\/pages\/292\/revisions"}],"up":[{"embeddable":true,"href":"https:\/\/historiadelderecho.umh.es\/ca\/wp-json\/wp\/v2\/pages\/23"}],"wp:attachment":[{"href":"https:\/\/historiadelderecho.umh.es\/ca\/wp-json\/wp\/v2\/media?parent=292"}],"curies":[{"name":"wp","href":"https:\/\/api.w.org\/{rel}","templated":true}]}}

Congreso Aguas, Vías y conocimiento en la Península Ibérica desde el Imperio romano

<p class="qtranxs-available-languages-message qtranxs-available-languages-message-ca">Ho sentim, aquesta entrada es troba disponible únicament en <a href="https://historiadelderecho.umh.es/es/wp-json/wp/v2/pages/292" class="qtranxs-available-language-link qtranxs-available-language-link-es" title="Español">Espanyol Europeu</a>.</p>

<p>Ho sentim, aquesta entrada es troba disponible únicament en Espanyol Europeu.</p>
