{"id":428,"date":"2015-11-20T15:54:57","date_gmt":"2015-11-20T14:54:57","guid":{"rendered":"http:\/\/historiadelderecho.umh.es\/?page_id=428"},"modified":"2021-12-11T09:42:15","modified_gmt":"2021-12-11T08:42:15","slug":"volksjustiz-in-umbruchzeiten-popular-justice-in-transitional-periods","status":"publish","type":"page","link":"https:\/\/historiadelderecho.umh.es\/ca\/actividades\/seminariosjornadas\/volksjustiz-in-umbruchzeiten-popular-justice-in-transitional-periods\/","title":{"rendered":"Volksjustiz in Umbruchzeiten &#8211;  Popular Justice in Transitional periods"},"content":{"rendered":"<p>[et_pb_section fb_built=&#8221;1&#8243; _builder_version=&#8221;3.22&#8243;][et_pb_row _builder_version=&#8221;3.25&#8243; background_size=&#8221;initial&#8221; background_position=&#8221;top_left&#8221; background_repeat=&#8221;repeat&#8221;][et_pb_column type=&#8221;4_4&#8243; _builder_version=&#8221;3.25&#8243; custom_padding=&#8221;|||&#8221; custom_padding__hover=&#8221;|||&#8221;][et_pb_text _builder_version=&#8221;3.27.4&#8243; background_size=&#8221;initial&#8221; background_position=&#8221;top_left&#8221; background_repeat=&#8221;repeat&#8221;]<\/p>\n<p style=\"text-align: justify\"><a href=\"https:\/\/historiadelderecho.umh.es\/files\/2015\/11\/Programa-e1448031806283.jpg\"><img loading=\"lazy\" class=\"alignleft size-medium wp-image-429\" src=\"https:\/\/historiadelderecho.umh.es\/files\/2015\/11\/Programa-e1448031806283-225x300.jpg\" alt=\"Programa\" width=\"225\" height=\"300\" srcset=\"https:\/\/historiadelderecho.umh.es\/files\/2015\/11\/Programa-e1448031806283-225x300.jpg 225w, https:\/\/historiadelderecho.umh.es\/files\/2015\/11\/Programa-e1448031806283-768x1024.jpg 768w\" sizes=\"(max-width: 225px) 100vw, 225px\" \/><\/a>Die Umbr\u00fcche der europ\u00e4ischen Moderne haben stets zu einer Legitimit\u00e4tskrise des jeweils geltenden Rechts und seiner Rechtspflegeorgane gef\u00fchrt. W\u00e4hrend auf der Ebene des Rechts oftmals eien R\u00fcckbesinnung auf \u00fcberpositibe Normen stattfand, wurde auf der Ebene der Rechtsprechung h\u00e4ufig eien Beteiligung des Volkes an der Rechtsprechung als Ausweg aus diesser Krise angesehen. Diesem in Deutschland bislang rechtshistorisch wenign beleuchteten Ph\u00e4nomen widmet sich die Tagung mi einem historisch-rechtsvergleichenden Ansatz.<\/p>\n<p style=\"text-align: justify\">Anmeldungen erbitten wir an folgende Adresse: rechtskultur@ur.de<\/p>\n<p>[\/et_pb_text][\/et_pb_column][\/et_pb_row][\/et_pb_section]<\/p>\n","protected":false},"excerpt":{"rendered":"<p>Die Umbr\u00fcche der europ\u00e4ischen Moderne haben stets zu einer Legitimit\u00e4tskrise des jeweils geltenden Rechts und seiner Rechtspflegeorgane gef\u00fchrt. W\u00e4hrend auf der Ebene des Rechts oftmals eien R\u00fcckbesinnung auf \u00fcberpositibe Normen stattfand, wurde auf der Ebene der Rechtsprechung h\u00e4ufig eien Beteiligung des Volkes an der Rechtsprechung als Ausweg aus diesser Krise angesehen. Diesem in Deutschland bislang [&hellip;]<\/p>\n","protected":false},"author":50,"featured_media":0,"parent":24,"menu_order":0,"comment_status":"closed","ping_status":"closed","template":"","meta":{"_et_pb_use_builder":"on","_et_pb_old_content":"<p style=\"text-align: justify;\"><a href=\"https:\/\/historiadelderecho.umh.es\/files\/2015\/11\/Programa-e1448031806283.jpg\"><img class=\"alignleft size-medium wp-image-429\" src=\"https:\/\/historiadelderecho.umh.es\/files\/2015\/11\/Programa-e1448031806283-225x300.jpg\" alt=\"Programa\" width=\"225\" height=\"300\" \/><\/a>Die Umbr\u00fcche der europ\u00e4ischen Moderne haben stets zu einer Legitimit\u00e4tskrise des jeweils geltenden Rechts und seiner Rechtspflegeorgane gef\u00fchrt. W\u00e4hrend auf der Ebene des Rechts oftmals eien R\u00fcckbesinnung auf \u00fcberpositibe Normen stattfand, wurde auf der Ebene der Rechtsprechung h\u00e4ufig eien Beteiligung des Volkes an der Rechtsprechung als Ausweg aus diesser Krise angesehen. Diesem in Deutschland bislang rechtshistorisch wenign beleuchteten Ph\u00e4nomen widmet sich die Tagung mi einem historisch-rechtsvergleichenden Ansatz.<\/p><p style=\"text-align: justify;\">Anmeldungen erbitten wir an folgende Adresse: rechtskultur@ur.de<\/p>","_et_gb_content_width":"","_links_to":"","_links_to_target":""},"_links":{"self":[{"href":"https:\/\/historiadelderecho.umh.es\/ca\/wp-json\/wp\/v2\/pages\/428"}],"collection":[{"href":"https:\/\/historiadelderecho.umh.es\/ca\/wp-json\/wp\/v2\/pages"}],"about":[{"href":"https:\/\/historiadelderecho.umh.es\/ca\/wp-json\/wp\/v2\/types\/page"}],"author":[{"embeddable":true,"href":"https:\/\/historiadelderecho.umh.es\/ca\/wp-json\/wp\/v2\/users\/50"}],"replies":[{"embeddable":true,"href":"https:\/\/historiadelderecho.umh.es\/ca\/wp-json\/wp\/v2\/comments?post=428"}],"version-history":[{"count":0,"href":"https:\/\/historiadelderecho.umh.es\/ca\/wp-json\/wp\/v2\/pages\/428\/revisions"}],"up":[{"embeddable":true,"href":"https:\/\/historiadelderecho.umh.es\/ca\/wp-json\/wp\/v2\/pages\/24"}],"wp:attachment":[{"href":"https:\/\/historiadelderecho.umh.es\/ca\/wp-json\/wp\/v2\/media?parent=428"}],"curies":[{"name":"wp","href":"https:\/\/api.w.org\/{rel}","templated":true}]}}

<p>[et_pb_section fb_built=&#8221;1&#8243; _builder_version=&#8221;3.22&#8243;][et_pb_row _builder_version=&#8221;3.25&#8243; background_size=&#8221;initial&#8221; background_position=&#8221;top_left&#8221; background_repeat=&#8221;repeat&#8221;][et_pb_column type=&#8221;4_4&#8243; _builder_version=&#8221;3.25&#8243; custom_padding=&#8221;|||&#8221; custom_padding__hover=&#8221;|||&#8221;][et_pb_text _builder_version=&#8221;3.27.4&#8243; background_size=&#8221;initial&#8221; background_position=&#8221;top_left&#8221; background_repeat=&#8221;repeat&#8221;]</p>
<p style="text-align: justify"><a href="https://historiadelderecho.umh.es/files/2015/11/Programa-e1448031806283.jpg"><img loading="lazy" class="alignleft size-medium wp-image-429" src="https://historiadelderecho.umh.es/files/2015/11/Programa-e1448031806283-225x300.jpg" alt="Programa" width="225" height="300" srcset="https://historiadelderecho.umh.es/files/2015/11/Programa-e1448031806283-225x300.jpg 225w, https://historiadelderecho.umh.es/files/2015/11/Programa-e1448031806283-768x1024.jpg 768w" sizes="(max-width: 225px) 100vw, 225px" /></a>Die Umbrüche der europäischen Moderne haben stets zu einer Legitimitätskrise des jeweils geltenden Rechts und seiner Rechtspflegeorgane geführt. Während auf der Ebene des Rechts oftmals eien Rückbesinnung auf überpositibe Normen stattfand, wurde auf der Ebene der Rechtsprechung häufig eien Beteiligung des Volkes an der Rechtsprechung als Ausweg aus diesser Krise angesehen. Diesem in Deutschland bislang rechtshistorisch wenign beleuchteten Phänomen widmet sich die Tagung mi einem historisch-rechtsvergleichenden Ansatz.</p>
<p style="text-align: justify">Anmeldungen erbitten wir an folgende Adresse: rechtskultur@ur.de</p>
<p>[/et_pb_text][/et_pb_column][/et_pb_row][/et_pb_section]</p>

<p>Die Umbrüche der europäischen Moderne haben stets zu einer Legitimitätskrise des jeweils geltenden Rechts und seiner Rechtspflegeorgane geführt. Während auf der Ebene des Rechts oftmals eien Rückbesinnung auf überpositibe Normen stattfand, wurde auf der Ebene der Rechtsprechung häufig eien Beteiligung des Volkes an der Rechtsprechung als Ausweg aus diesser Krise angesehen. Diesem in Deutschland bislang [&hellip;]</p>

<p style="text-align: justify;"><a href="https://historiadelderecho.umh.es/files/2015/11/Programa-e1448031806283.jpg"><img class="alignleft size-medium wp-image-429" src="https://historiadelderecho.umh.es/files/2015/11/Programa-e1448031806283-225x300.jpg" alt="Programa" width="225" height="300" /></a>Die Umbrüche der europäischen Moderne haben stets zu einer Legitimitätskrise des jeweils geltenden Rechts und seiner Rechtspflegeorgane geführt. Während auf der Ebene des Rechts oftmals eien Rückbesinnung auf überpositibe Normen stattfand, wurde auf der Ebene der Rechtsprechung häufig eien Beteiligung des Volkes an der Rechtsprechung als Ausweg aus diesser Krise angesehen. Diesem in Deutschland bislang rechtshistorisch wenign beleuchteten Phänomen widmet sich die Tagung mi einem historisch-rechtsvergleichenden Ansatz.</p><p style="text-align: justify;">Anmeldungen erbitten wir an folgende Adresse: rechtskultur@ur.de</p>
