{"id":512,"date":"2017-09-19T21:44:36","date_gmt":"2017-09-19T19:44:36","guid":{"rendered":"https:\/\/historiadelderecho.umh.es\/?page_id=512"},"modified":"2021-12-11T10:02:25","modified_gmt":"2021-12-11T09:02:25","slug":"the-types-of-social-action-the-traditional-action-and-the-social-construction-of-identity","status":"publish","type":"page","link":"https:\/\/historiadelderecho.umh.es\/ca\/actividades\/charlas-conferencias\/the-types-of-social-action-the-traditional-action-and-the-social-construction-of-identity\/","title":{"rendered":"The types of social action: the &#8220;traditional action&#8221; and the social construction of identity"},"content":{"rendered":"<p>[et_pb_section fb_built=&#8221;1&#8243; _builder_version=&#8221;3.22&#8243;][et_pb_row _builder_version=&#8221;3.25&#8243; background_size=&#8221;initial&#8221; background_position=&#8221;top_left&#8221; background_repeat=&#8221;repeat&#8221;][et_pb_column type=&#8221;4_4&#8243; _builder_version=&#8221;3.25&#8243; custom_padding=&#8221;|||&#8221; custom_padding__hover=&#8221;|||&#8221;][et_pb_text _builder_version=&#8221;3.27.4&#8243; background_size=&#8221;initial&#8221; background_position=&#8221;top_left&#8221; background_repeat=&#8221;repeat&#8221;]<a href=\"https:\/\/historiadelderecho.umh.es\/files\/2017\/09\/DKzFiWtW0AA6OvK-1.jpg\" rel=\"attachment wp-att-524\"><img loading=\"lazy\" class=\"alignleft wp-image-524\" src=\"https:\/\/historiadelderecho.umh.es\/files\/2017\/09\/DKzFiWtW0AA6OvK-1.jpg\" alt=\"\" width=\"220\" height=\"262\" srcset=\"https:\/\/historiadelderecho.umh.es\/files\/2017\/09\/DKzFiWtW0AA6OvK-1.jpg 603w, https:\/\/historiadelderecho.umh.es\/files\/2017\/09\/DKzFiWtW0AA6OvK-1-251x300.jpg 251w\" sizes=\"(max-width: 220px) 100vw, 220px\" \/><\/a><\/p>\n<p style=\"text-align: justify\">El profesor Dr. Angelo Zotti impartir\u00e1, el pr\u00f3ximo 28 de septiembre de 2017, la conferencia titulada &#8220;<em>The types of s<\/em><em>ocial action: the &#8216;traditional action&#8217; and the social construction of identity&#8221;.\u00a0<\/em>La charla, dirigida a alumnos de Ciencias Pol\u00edticas y Gesti\u00f3n P\u00fablica, tendr\u00e1 lugar en el aula 2.1.A del edificio Casa del Paso, sito en el Campus de Orihuela, sede de Salesas.<\/p>\n<p><div id=\"attachment_477\" style=\"width: 310px\" class=\"wp-caption aligncenter\"><a href=\"https:\/\/historiadelderecho.umh.es\/files\/2017\/09\/20170928_163555.jpg\"><img aria-describedby=\"caption-attachment-477\" loading=\"lazy\" class=\"alignleft size-medium wp-image-521\" src=\"https:\/\/historiadelderecho.umh.es\/files\/2017\/09\/20170928_163555-300x225.jpg\" alt=\"\" width=\"300\" height=\"225\" srcset=\"https:\/\/historiadelderecho.umh.es\/files\/2017\/09\/20170928_163555-300x225.jpg 300w, https:\/\/historiadelderecho.umh.es\/files\/2017\/09\/20170928_163555-768x576.jpg 768w, https:\/\/historiadelderecho.umh.es\/files\/2017\/09\/20170928_163555-1024x768.jpg 1024w\" sizes=\"(max-width: 300px) 100vw, 300px\" \/><\/a><p id=\"caption-attachment-477\" class=\"wp-caption-text\">El profesor Zotti durante su ponencia impartida a los alumnos del Grado en Ciencias Pol\u00edticas y Gesti\u00f3n P\u00fablica<\/p><\/div><br \/>\n[\/et_pb_text][\/et_pb_column][\/et_pb_row][\/et_pb_section]<\/p>\n","protected":false},"excerpt":{"rendered":"<p>El profesor Dr. Angelo Zotti impartir\u00e1, el pr\u00f3ximo 28 de septiembre de 2017, la conferencia titulada &#8220;The types of social action: the &#8216;traditional action&#8217; and the social construction of identity&#8221;.\u00a0La charla, dirigida a alumnos de Ciencias Pol\u00edticas y Gesti\u00f3n P\u00fablica, tendr\u00e1 lugar en el aula 2.1.A del edificio Casa del Paso, sito en el Campus [&hellip;]<\/p>\n","protected":false},"author":50,"featured_media":0,"parent":25,"menu_order":0,"comment_status":"closed","ping_status":"closed","template":"","meta":{"_et_pb_use_builder":"on","_et_pb_old_content":"<p><a href=\"https:\/\/historiadelderecho.umh.es\/files\/2017\/09\/DKzFiWtW0AA6OvK-1.jpg\" rel=\"attachment wp-att-524\"><img class=\"alignleft wp-image-524\" src=\"https:\/\/historiadelderecho.umh.es\/files\/2017\/09\/DKzFiWtW0AA6OvK-1.jpg\" alt=\"\" width=\"220\" height=\"262\" \/><\/a><\/p><p style=\"text-align: justify;\">El profesor Dr. Angelo Zotti impartir\u00e1, el pr\u00f3ximo 28 de septiembre de 2017, la conferencia titulada \"<em>The types of s<\/em><em>ocial action: the 'traditional action' and the social construction of identity\".\u00a0<\/em>La charla, dirigida a alumnos de Ciencias Pol\u00edticas y Gesti\u00f3n P\u00fablica, tendr\u00e1 lugar en el aula 2.1.A del edificio Casa del Paso, sito en el Campus de Orihuela, sede de Salesas.<\/p>[caption id=\"attachment_477\" align=\"aligncenter\" width=\"300\"]<a href=\"https:\/\/historiadelderecho.umh.es\/files\/2017\/09\/20170928_163555.jpg\"><img class=\"alignleft size-medium wp-image-521\" src=\"https:\/\/historiadelderecho.umh.es\/files\/2017\/09\/20170928_163555-300x225.jpg\" alt=\"\" width=\"300\" height=\"225\" \/><\/a> El profesor Zotti durante su ponencia impartida a los alumnos del Grado en Ciencias Pol\u00edticas y Gesti\u00f3n P\u00fablica[\/caption]","_et_gb_content_width":"","_links_to":"","_links_to_target":""},"_links":{"self":[{"href":"https:\/\/historiadelderecho.umh.es\/ca\/wp-json\/wp\/v2\/pages\/512"}],"collection":[{"href":"https:\/\/historiadelderecho.umh.es\/ca\/wp-json\/wp\/v2\/pages"}],"about":[{"href":"https:\/\/historiadelderecho.umh.es\/ca\/wp-json\/wp\/v2\/types\/page"}],"author":[{"embeddable":true,"href":"https:\/\/historiadelderecho.umh.es\/ca\/wp-json\/wp\/v2\/users\/50"}],"replies":[{"embeddable":true,"href":"https:\/\/historiadelderecho.umh.es\/ca\/wp-json\/wp\/v2\/comments?post=512"}],"version-history":[{"count":0,"href":"https:\/\/historiadelderecho.umh.es\/ca\/wp-json\/wp\/v2\/pages\/512\/revisions"}],"up":[{"embeddable":true,"href":"https:\/\/historiadelderecho.umh.es\/ca\/wp-json\/wp\/v2\/pages\/25"}],"wp:attachment":[{"href":"https:\/\/historiadelderecho.umh.es\/ca\/wp-json\/wp\/v2\/media?parent=512"}],"curies":[{"name":"wp","href":"https:\/\/api.w.org\/{rel}","templated":true}]}}

<p>[et_pb_section fb_built=&#8221;1&#8243; _builder_version=&#8221;3.22&#8243;][et_pb_row _builder_version=&#8221;3.25&#8243; background_size=&#8221;initial&#8221; background_position=&#8221;top_left&#8221; background_repeat=&#8221;repeat&#8221;][et_pb_column type=&#8221;4_4&#8243; _builder_version=&#8221;3.25&#8243; custom_padding=&#8221;|||&#8221; custom_padding__hover=&#8221;|||&#8221;][et_pb_text _builder_version=&#8221;3.27.4&#8243; background_size=&#8221;initial&#8221; background_position=&#8221;top_left&#8221; background_repeat=&#8221;repeat&#8221;]<a href="https://historiadelderecho.umh.es/files/2017/09/DKzFiWtW0AA6OvK-1.jpg" rel="attachment wp-att-524"><img loading="lazy" class="alignleft wp-image-524" src="https://historiadelderecho.umh.es/files/2017/09/DKzFiWtW0AA6OvK-1.jpg" alt="" width="220" height="262" srcset="https://historiadelderecho.umh.es/files/2017/09/DKzFiWtW0AA6OvK-1.jpg 603w, https://historiadelderecho.umh.es/files/2017/09/DKzFiWtW0AA6OvK-1-251x300.jpg 251w" sizes="(max-width: 220px) 100vw, 220px" /></a></p>
<p style="text-align: justify">El profesor Dr. Angelo Zotti impartirá, el próximo 28 de septiembre de 2017, la conferencia titulada &#8220;<em>The types of s</em><em>ocial action: the &#8216;traditional action&#8217; and the social construction of identity&#8221;. </em>La charla, dirigida a alumnos de Ciencias Políticas y Gestión Pública, tendrá lugar en el aula 2.1.A del edificio Casa del Paso, sito en el Campus de Orihuela, sede de Salesas.</p>
<p><div id="attachment_477" style="width: 310px" class="wp-caption aligncenter"><a href="https://historiadelderecho.umh.es/files/2017/09/20170928_163555.jpg"><img aria-describedby="caption-attachment-477" loading="lazy" class="alignleft size-medium wp-image-521" src="https://historiadelderecho.umh.es/files/2017/09/20170928_163555-300x225.jpg" alt="" width="300" height="225" srcset="https://historiadelderecho.umh.es/files/2017/09/20170928_163555-300x225.jpg 300w, https://historiadelderecho.umh.es/files/2017/09/20170928_163555-768x576.jpg 768w, https://historiadelderecho.umh.es/files/2017/09/20170928_163555-1024x768.jpg 1024w" sizes="(max-width: 300px) 100vw, 300px" /></a><p id="caption-attachment-477" class="wp-caption-text">El profesor Zotti durante su ponencia impartida a los alumnos del Grado en Ciencias Políticas y Gestión Pública</p></div><br />
[/et_pb_text][/et_pb_column][/et_pb_row][/et_pb_section]</p>

<p>El profesor Dr. Angelo Zotti impartirá, el próximo 28 de septiembre de 2017, la conferencia titulada &#8220;The types of social action: the &#8216;traditional action&#8217; and the social construction of identity&#8221;. La charla, dirigida a alumnos de Ciencias Políticas y Gestión Pública, tendrá lugar en el aula 2.1.A del edificio Casa del Paso, sito en el Campus [&hellip;]</p>

<p><a href="https://historiadelderecho.umh.es/files/2017/09/DKzFiWtW0AA6OvK-1.jpg" rel="attachment wp-att-524"><img class="alignleft wp-image-524" src="https://historiadelderecho.umh.es/files/2017/09/DKzFiWtW0AA6OvK-1.jpg" alt="" width="220" height="262" /></a></p><p style="text-align: justify;">El profesor Dr. Angelo Zotti impartirá, el próximo 28 de septiembre de 2017, la conferencia titulada "<em>The types of s</em><em>ocial action: the 'traditional action' and the social construction of identity". </em>La charla, dirigida a alumnos de Ciencias Políticas y Gestión Pública, tendrá lugar en el aula 2.1.A del edificio Casa del Paso, sito en el Campus de Orihuela, sede de Salesas.</p>[caption id="attachment_477" align="aligncenter" width="300"]<a href="https://historiadelderecho.umh.es/files/2017/09/20170928_163555.jpg"><img class="alignleft size-medium wp-image-521" src="https://historiadelderecho.umh.es/files/2017/09/20170928_163555-300x225.jpg" alt="" width="300" height="225" /></a> El profesor Zotti durante su ponencia impartida a los alumnos del Grado en Ciencias Políticas y Gestión Pública[/caption]
