{"id":560,"date":"2017-10-04T21:15:26","date_gmt":"2017-10-04T19:15:26","guid":{"rendered":"https:\/\/historiadelderecho.umh.es\/?page_id=560"},"modified":"2021-12-03T23:53:12","modified_gmt":"2021-12-03T22:53:12","slug":"8-de-noviembre","status":"publish","type":"page","link":"https:\/\/historiadelderecho.umh.es\/ca\/actividades\/congresos\/congreso-internacional-el-poder-judicial-durante-la-republica-la-guerra-civil-y-el-franquismo-represion-y-orden-publico\/programa\/8-de-noviembre\/","title":{"rendered":"Mi\u00e9rcoles, 8 de noviembre"},"content":{"rendered":"<p>[et_pb_section fb_built=&#8221;1&#8243; _builder_version=&#8221;3.22&#8243;][et_pb_row _builder_version=&#8221;3.25&#8243; background_size=&#8221;initial&#8221; background_position=&#8221;top_left&#8221; background_repeat=&#8221;repeat&#8221;][et_pb_column type=&#8221;4_4&#8243; _builder_version=&#8221;3.25&#8243; custom_padding=&#8221;|||&#8221; custom_padding__hover=&#8221;|||&#8221;][et_pb_text _builder_version=&#8221;3.27.4&#8243; background_size=&#8221;initial&#8221; background_position=&#8221;top_left&#8221; background_repeat=&#8221;repeat&#8221;]<\/p>\n<h5 style=\"text-align: center\"><\/h5>\n<p style=\"text-align: left\">\n<p style=\"text-align: left\"><strong>17:00 h <a href=\"https:\/\/youtu.be\/HD-ALHOZssA\">Inauguraci\u00f3n<span style=\"color: #0000ee\">\u00a0<\/span><\/a><\/strong><\/p>\n<p style=\"text-align: left\">Prof. Dr. Manuel Jord\u00e1n Vidal<br \/> Vicerrector de Investigaci\u00f3n e Innovaci\u00f3n. Universidad Miguel Hern\u00e1ndez de Elche.<\/p>\n<p style=\"text-align: left\">Prof. Dr. Jos\u00e9 Antonio L\u00f3pez Nevot.<br \/> Catedr\u00e1tico de Historia del Derecho y de las Instituciones. Universidad de Granada.<\/p>\n<p style=\"text-align: left\">Prof. Dr. Jos\u00e9 Antonio P\u00e9rez Juan.<br \/> Profesor Titular de Historia del Derecho y de las Instituciones. Catedr\u00e1tico acreditado. Universidad Miguel Hern\u00e1ndez de Elche.<\/p>\n<p><span style=\"color: #ffffff\">l<\/span><\/p>\n<p><strong>17:30h<\/strong>\u00a0<strong><a href=\"https:\/\/www.youtube.com\/watch?v=kjsTwGch-A8&amp;t=0s&amp;index=3&amp;list=PLClKgnzRFYe611z4nEd5ML2jnRUlObykW\"><em>Derechos republicanos y Justicia totalitaria en Espa\u00f1a<\/em><\/a><\/strong><br \/> Prof. Dr. Enrique \u00c1lvarez Cora.<br \/> Catedr\u00e1tico de Historia del Derecho y de las Instituciones.<br \/> Universidad de Murcia.<\/p>\n<p style=\"text-align: left\"><strong>18:15h\u00a0<\/strong>Pausa Caf\u00e9.<\/p>\n<p style=\"text-align: left\"><strong>18:30h\u00a0<a href=\"https:\/\/www.youtube.com\/watch?v=SFHlit40Xkk&amp;index=3&amp;list=PLClKgnzRFYe611z4nEd5ML2jnRUlObykW\"><em>El papel del Tribunal Supremo durante la II Rep\u00fablica y la Guerra civil.<\/em><\/a><\/strong><br \/> Prof. Dr. Pascual Marzal Rodr\u00edguez.<br \/> Profesor Titular de Historia del Derecho y de las Instituciones. Catedr\u00e1tico acreditado.<br \/> Universidad de Valencia.<\/p>\n<p style=\"text-align: left\"><strong>19:15h\u00a0<\/strong><a href=\"https:\/\/www.youtube.com\/watch?v=xUf9gufmwv0\"><strong>El Alto Tribunal de Justicia Militar<\/strong><\/a><br \/> Prof. Dr. Miguel Pino Abad.<br \/> Catedr\u00e1tico de Historia del Derecho y de las Instituciones.<br \/> Universidad de C\u00f3rdoba.<\/p>\n<p>[\/et_pb_text][\/et_pb_column][\/et_pb_row][\/et_pb_section]<\/p>\n","protected":false},"excerpt":{"rendered":"<p>17:00 h Inauguraci\u00f3n\u00a0 Prof. Dr. Manuel Jord\u00e1n Vidal Vicerrector de Investigaci\u00f3n e Innovaci\u00f3n. Universidad Miguel Hern\u00e1ndez de Elche. Prof. Dr. Jos\u00e9 Antonio L\u00f3pez Nevot. Catedr\u00e1tico de Historia del Derecho y de las Instituciones. Universidad de Granada. Prof. Dr. Jos\u00e9 Antonio P\u00e9rez Juan. Profesor Titular de Historia del Derecho y de las Instituciones. Catedr\u00e1tico acreditado. Universidad [&hellip;]<\/p>\n","protected":false},"author":3004,"featured_media":0,"parent":548,"menu_order":0,"comment_status":"closed","ping_status":"closed","template":"","meta":{"_et_pb_use_builder":"on","_et_pb_old_content":"<h5 style=\"text-align: center;\">\u00a0<\/h5><p style=\"text-align: left;\"><strong><a href=\"https:\/\/historiadelderecho.umh.es\/files\/2017\/10\/Franco_dando_un_discurso_en_\u00c9ibar_en_1949.jpg\"><img class=\"alignleft wp-image-566 size-medium\" src=\"https:\/\/historiadelderecho.umh.es\/files\/2017\/10\/Franco_dando_un_discurso_en_\u00c9ibar_en_1949-300x220.jpg\" alt=\"\" width=\"300\" height=\"220\" \/><\/a><\/strong><\/p><p><span style=\"color: #ffffff;\">a<\/span><\/p><p><span style=\"color: #ffffff;\">a<\/span><\/p><p style=\"text-align: left;\"><strong>17:00 h <a href=\"https:\/\/youtu.be\/HD-ALHOZssA\">Inauguraci\u00f3n<span style=\"color: #0000ee;\">\u00a0<\/span><\/a><\/strong><\/p><p style=\"text-align: left;\">Prof. Dr. Manuel Jord\u00e1n Vidal<br \/>Vicerrector de Investigaci\u00f3n e Innovaci\u00f3n. Universidad Miguel Hern\u00e1ndez de Elche.<\/p><p style=\"text-align: left;\">Prof. Dr. Jos\u00e9 Antonio L\u00f3pez Nevot.<br \/>Catedr\u00e1tico de Historia del Derecho y de las Instituciones. Universidad de Granada.<\/p><p style=\"text-align: left;\">Prof. Dr. Jos\u00e9 Antonio P\u00e9rez Juan.<br \/>Profesor Titular de Historia del Derecho y de las Instituciones. Catedr\u00e1tico acreditado. Universidad Miguel Hern\u00e1ndez de Elche.<\/p><p><span style=\"color: #ffffff;\">ll<\/span><\/p><p><span style=\"color: #ffffff;\">a<\/span><\/p><p><strong><a href=\"https:\/\/historiadelderecho.umh.es\/files\/2017\/10\/erttacr4.jpg\"><img class=\"alignleft wp-image-569 size-medium\" src=\"https:\/\/historiadelderecho.umh.es\/files\/2017\/10\/erttacr4-300x215.jpg\" alt=\"\" width=\"300\" height=\"215\" \/><\/a>17:30h<\/strong>\u00a0<strong><a href=\"https:\/\/www.youtube.com\/watch?v=kjsTwGch-A8&t=0s&index=3&list=PLClKgnzRFYe611z4nEd5ML2jnRUlObykW\"><em>Derechos republicanos y Justicia totalitaria en Espa\u00f1a<\/em><\/a><\/strong><br \/>Prof. Dr. Enrique \u00c1lvarez Cora.<br \/>Catedr\u00e1tico de Historia del Derecho y de las Instituciones.<br \/>Universidad de Murcia.<\/p><p style=\"text-align: left;\"><strong>18:15h\u00a0<\/strong>Pausa Caf\u00e9.<\/p><p style=\"text-align: left;\"><strong>18:30h\u00a0<a href=\"https:\/\/www.youtube.com\/watch?v=SFHlit40Xkk&index=3&list=PLClKgnzRFYe611z4nEd5ML2jnRUlObykW\"><em>El papel del Tribunal Supremo durante la II Rep\u00fablica y la Guerra civil.<\/em><\/a><\/strong><br \/>Prof. Dr. Pascual Marzal Rodr\u00edguez.<br \/>Profesor Titular de Historia del Derecho y de las Instituciones. Catedr\u00e1tico acreditado.<br \/>Universidad de Valencia.<\/p><p style=\"text-align: left;\"><strong>19:15h\u00a0<\/strong><a href=\"https:\/\/www.youtube.com\/watch?v=xUf9gufmwv0\"><strong>El Alto Tribunal de Justicia Militar<\/strong><\/a><br \/>Prof. Dr. Miguel Pino Abad.<br \/>Catedr\u00e1tico de Historia del Derecho y de las Instituciones.<br \/>Universidad de C\u00f3rdoba.<\/p>","_et_gb_content_width":"","_links_to":"","_links_to_target":""},"_links":{"self":[{"href":"https:\/\/historiadelderecho.umh.es\/ca\/wp-json\/wp\/v2\/pages\/560"}],"collection":[{"href":"https:\/\/historiadelderecho.umh.es\/ca\/wp-json\/wp\/v2\/pages"}],"about":[{"href":"https:\/\/historiadelderecho.umh.es\/ca\/wp-json\/wp\/v2\/types\/page"}],"author":[{"embeddable":true,"href":"https:\/\/historiadelderecho.umh.es\/ca\/wp-json\/wp\/v2\/users\/3004"}],"replies":[{"embeddable":true,"href":"https:\/\/historiadelderecho.umh.es\/ca\/wp-json\/wp\/v2\/comments?post=560"}],"version-history":[{"count":0,"href":"https:\/\/historiadelderecho.umh.es\/ca\/wp-json\/wp\/v2\/pages\/560\/revisions"}],"up":[{"embeddable":true,"href":"https:\/\/historiadelderecho.umh.es\/ca\/wp-json\/wp\/v2\/pages\/548"}],"wp:attachment":[{"href":"https:\/\/historiadelderecho.umh.es\/ca\/wp-json\/wp\/v2\/media?parent=560"}],"curies":[{"name":"wp","href":"https:\/\/api.w.org\/{rel}","templated":true}]}}

Miércoles, 8 de noviembre

<p>[et_pb_section fb_built=&#8221;1&#8243; _builder_version=&#8221;3.22&#8243;][et_pb_row _builder_version=&#8221;3.25&#8243; background_size=&#8221;initial&#8221; background_position=&#8221;top_left&#8221; background_repeat=&#8221;repeat&#8221;][et_pb_column type=&#8221;4_4&#8243; _builder_version=&#8221;3.25&#8243; custom_padding=&#8221;|||&#8221; custom_padding__hover=&#8221;|||&#8221;][et_pb_text _builder_version=&#8221;3.27.4&#8243; background_size=&#8221;initial&#8221; background_position=&#8221;top_left&#8221; background_repeat=&#8221;repeat&#8221;]</p>
<h5 style="text-align: center"></h5>
<p style="text-align: left">
<p style="text-align: left"><strong>17:00 h <a href="https://youtu.be/HD-ALHOZssA">Inauguración<span style="color: #0000ee"> </span></a></strong></p>
<p style="text-align: left">Prof. Dr. Manuel Jordán Vidal<br /> Vicerrector de Investigación e Innovación. Universidad Miguel Hernández de Elche.</p>
<p style="text-align: left">Prof. Dr. José Antonio López Nevot.<br /> Catedrático de Historia del Derecho y de las Instituciones. Universidad de Granada.</p>
<p style="text-align: left">Prof. Dr. José Antonio Pérez Juan.<br /> Profesor Titular de Historia del Derecho y de las Instituciones. Catedrático acreditado. Universidad Miguel Hernández de Elche.</p>
<p><span style="color: #ffffff">l</span></p>
<p><strong>17:30h</strong> <strong><a href="https://www.youtube.com/watch?v=kjsTwGch-A8&amp;t=0s&amp;index=3&amp;list=PLClKgnzRFYe611z4nEd5ML2jnRUlObykW"><em>Derechos republicanos y Justicia totalitaria en España</em></a></strong><br /> Prof. Dr. Enrique Álvarez Cora.<br /> Catedrático de Historia del Derecho y de las Instituciones.<br /> Universidad de Murcia.</p>
<p style="text-align: left"><strong>18:15h </strong>Pausa Café.</p>
<p style="text-align: left"><strong>18:30h <a href="https://www.youtube.com/watch?v=SFHlit40Xkk&amp;index=3&amp;list=PLClKgnzRFYe611z4nEd5ML2jnRUlObykW"><em>El papel del Tribunal Supremo durante la II República y la Guerra civil.</em></a></strong><br /> Prof. Dr. Pascual Marzal Rodríguez.<br /> Profesor Titular de Historia del Derecho y de las Instituciones. Catedrático acreditado.<br /> Universidad de Valencia.</p>
<p style="text-align: left"><strong>19:15h </strong><a href="https://www.youtube.com/watch?v=xUf9gufmwv0"><strong>El Alto Tribunal de Justicia Militar</strong></a><br /> Prof. Dr. Miguel Pino Abad.<br /> Catedrático de Historia del Derecho y de las Instituciones.<br /> Universidad de Córdoba.</p>
<p>[/et_pb_text][/et_pb_column][/et_pb_row][/et_pb_section]</p>

<p>17:00 h Inauguración  Prof. Dr. Manuel Jordán Vidal Vicerrector de Investigación e Innovación. Universidad Miguel Hernández de Elche. Prof. Dr. José Antonio López Nevot. Catedrático de Historia del Derecho y de las Instituciones. Universidad de Granada. Prof. Dr. José Antonio Pérez Juan. Profesor Titular de Historia del Derecho y de las Instituciones. Catedrático acreditado. Universidad [&hellip;]</p>

<h5 style="text-align: center;"> </h5><p style="text-align: left;"><strong><a href="https://historiadelderecho.umh.es/files/2017/10/Franco_dando_un_discurso_en_Éibar_en_1949.jpg"><img class="alignleft wp-image-566 size-medium" src="https://historiadelderecho.umh.es/files/2017/10/Franco_dando_un_discurso_en_Éibar_en_1949-300x220.jpg" alt="" width="300" height="220" /></a></strong></p><p><span style="color: #ffffff;">a</span></p><p><span style="color: #ffffff;">a</span></p><p style="text-align: left;"><strong>17:00 h <a href="https://youtu.be/HD-ALHOZssA">Inauguración<span style="color: #0000ee;"> </span></a></strong></p><p style="text-align: left;">Prof. Dr. Manuel Jordán Vidal<br />Vicerrector de Investigación e Innovación. Universidad Miguel Hernández de Elche.</p><p style="text-align: left;">Prof. Dr. José Antonio López Nevot.<br />Catedrático de Historia del Derecho y de las Instituciones. Universidad de Granada.</p><p style="text-align: left;">Prof. Dr. José Antonio Pérez Juan.<br />Profesor Titular de Historia del Derecho y de las Instituciones. Catedrático acreditado. Universidad Miguel Hernández de Elche.</p><p><span style="color: #ffffff;">ll</span></p><p><span style="color: #ffffff;">a</span></p><p><strong><a href="https://historiadelderecho.umh.es/files/2017/10/erttacr4.jpg"><img class="alignleft wp-image-569 size-medium" src="https://historiadelderecho.umh.es/files/2017/10/erttacr4-300x215.jpg" alt="" width="300" height="215" /></a>17:30h</strong> <strong><a href="https://www.youtube.com/watch?v=kjsTwGch-A8&t=0s&index=3&list=PLClKgnzRFYe611z4nEd5ML2jnRUlObykW"><em>Derechos republicanos y Justicia totalitaria en España</em></a></strong><br />Prof. Dr. Enrique Álvarez Cora.<br />Catedrático de Historia del Derecho y de las Instituciones.<br />Universidad de Murcia.</p><p style="text-align: left;"><strong>18:15h </strong>Pausa Café.</p><p style="text-align: left;"><strong>18:30h <a href="https://www.youtube.com/watch?v=SFHlit40Xkk&index=3&list=PLClKgnzRFYe611z4nEd5ML2jnRUlObykW"><em>El papel del Tribunal Supremo durante la II República y la Guerra civil.</em></a></strong><br />Prof. Dr. Pascual Marzal Rodríguez.<br />Profesor Titular de Historia del Derecho y de las Instituciones. Catedrático acreditado.<br />Universidad de Valencia.</p><p style="text-align: left;"><strong>19:15h </strong><a href="https://www.youtube.com/watch?v=xUf9gufmwv0"><strong>El Alto Tribunal de Justicia Militar</strong></a><br />Prof. Dr. Miguel Pino Abad.<br />Catedrático de Historia del Derecho y de las Instituciones.<br />Universidad de Córdoba.</p>
