{"id":575,"date":"2017-10-04T21:53:18","date_gmt":"2017-10-04T19:53:18","guid":{"rendered":"https:\/\/historiadelderecho.umh.es\/?page_id=575"},"modified":"2021-12-03T23:55:01","modified_gmt":"2021-12-03T22:55:01","slug":"9-de-noviembre","status":"publish","type":"page","link":"https:\/\/historiadelderecho.umh.es\/ca\/actividades\/congresos\/congreso-internacional-el-poder-judicial-durante-la-republica-la-guerra-civil-y-el-franquismo-represion-y-orden-publico\/programa\/9-de-noviembre\/","title":{"rendered":"Jueves, 9 de noviembre"},"content":{"rendered":"<p>[et_pb_section fb_built=&#8221;1&#8243; _builder_version=&#8221;3.22&#8243;][et_pb_row _builder_version=&#8221;3.25&#8243; background_size=&#8221;initial&#8221; background_position=&#8221;top_left&#8221; background_repeat=&#8221;repeat&#8221;][et_pb_column type=&#8221;4_4&#8243; _builder_version=&#8221;3.25&#8243; custom_padding=&#8221;|||&#8221; custom_padding__hover=&#8221;|||&#8221;][et_pb_text _builder_version=&#8221;3.27.4&#8243; background_size=&#8221;initial&#8221; background_position=&#8221;top_left&#8221; background_repeat=&#8221;repeat&#8221; custom_padding=&#8221;1px|||||&#8221;]<\/p>\n<h5 style=\"text-align: center\"><\/h5>\n<p><span style=\"color: #ffffff\">a<\/span><\/p>\n<p style=\"text-align: justify\"><strong>10:00h<\/strong>\u00a0<em><strong><a href=\"https:\/\/www.youtube.com\/watch?v=JbhfwB4MegI&amp;index=5&amp;list=PLClKgnzRFYe611z4nEd5ML2jnRUlObykW\">Le leggi elettorali politiche durante l&#8217;et\u00e0 del fascismo.<\/a><\/strong><br \/> <\/em>Prof\u00aa Dra. Vittoria Calabr\u00f2.<br \/> Titular de Historia de las Instituciones Pol\u00edticas<br \/> Universit\u00e0 Degli Studi di Messina<\/p>\n<p style=\"text-align: justify\"><strong>10:45<\/strong><strong>h <a href=\"https:\/\/youtu.be\/RxPsGLsKSSU\"><em>El r\u00e9gimen electoral y sus disfunciones en la Segunda Rep\u00fablica<\/em><\/a><\/strong><br \/> Prof. Dr. Roberto Villa Garc\u00eda.<br \/> Profesor Titular de Historia del Pensamiento y de los Movimientos Sociales y Pol\u00edticos.<br \/> Universidad Rey Juan Carlos.<\/p>\n<p style=\"text-align: justify\"><strong>11:30h\u00a0<\/strong><em>Pausa Caf\u00e9.\u00a0<\/em><\/p>\n<p style=\"text-align: justify\"><strong>11:45h\u00a0<a href=\"https:\/\/youtu.be\/HzgjZlYH704\"><em>Dos ejemplos de depuraci\u00f3n y represi\u00f3n pol\u00edtica en la Facultad de Derecho de la Universidad de Granada: Joaqu\u00edn Garc\u00eda Labella y Gabriel Bonilla Mar\u00edn (1936-1945).<\/em><\/a><\/strong><br \/> Prof. Dr. Antonio S\u00e1nchez Aranda.<br \/> Profesor Titular de Historia del Derecho y de las Instituciones.<br \/> Universidad de Granada.<\/p>\n<p><span style=\"color: #ffffff\">mm<\/span><\/p>\n<p style=\"text-align: justify\"><strong>12:30h\u00a0<a href=\"https:\/\/youtu.be\/8htDQ50H0eo\"><em>La Justicia popular durante la Guerra Civil en la provincia de Alicante.\u00a0<\/em><\/a><\/strong><br \/> Profesor Titular de Historia Contempor\u00e1nea.<br \/> Prof. Dr. Francisco Sevillano Calero.<br \/> Universidad de Alicante.<\/p>\n<p><strong>13:15h\u00a0<\/strong><em><strong><a href=\"https:\/\/youtu.be\/LbcqZ9A82HY\">La causa general: fuentes para el estudio de la Guerra Civil.<\/a><\/strong>\u00a0<\/em><br \/> Prof. Dr. Jos\u00e9 Miguel Santacreu Soler.<br \/> Catedr\u00e1tico de Historia Contempor\u00e1nea.<br \/> Universidad de Alicante.<\/p>\n<p style=\"text-align: justify\"><strong>17:00h\u00a0<\/strong>Presentaci\u00f3n Documental:\u00a0<em>Historia de Tres Fracasos.\u00a0<\/em><br \/> Prof. Dr. Jos\u00e9 Antonio P\u00e9rez Juan<br \/> Prof. D. Eladio Balboa Zaragoza<br \/> Prof. Dr. Jos\u00e9 Miguel Pay\u00e1 Poveda<br \/> Prof\u00aa. D\u00f1a. Sara Moreno Tejada<\/p>\n<p>[\/et_pb_text][\/et_pb_column][\/et_pb_row][\/et_pb_section]<\/p>\n","protected":false},"excerpt":{"rendered":"<p>a 10:00h\u00a0Le leggi elettorali politiche durante l&#8217;et\u00e0 del fascismo. Prof\u00aa Dra. Vittoria Calabr\u00f2. Titular de Historia de las Instituciones Pol\u00edticas Universit\u00e0 Degli Studi di Messina 10:45h El r\u00e9gimen electoral y sus disfunciones en la Segunda Rep\u00fablica Prof. Dr. Roberto Villa Garc\u00eda. Profesor Titular de Historia del Pensamiento y de los Movimientos Sociales y Pol\u00edticos. Universidad [&hellip;]<\/p>\n","protected":false},"author":3004,"featured_media":0,"parent":548,"menu_order":0,"comment_status":"closed","ping_status":"closed","template":"","meta":{"_et_pb_use_builder":"on","_et_pb_old_content":"<h5 style=\"text-align: center;\"><strong>\u00a0 \u00a0 \u00a0 \u00a0 \u00a0 \u00a0 \u00a0 \u00a0 \u00a0 \u00a0 \u00a0 \u00a0 \u00a0 \u00a0 \u00a0 \u00a0 \u00a0 \u00a0 \u00a0 \u00a0 \u00a0 \u00a0 \u00a0 \u00a0 \u00a0 \u00a0 \u00a0 \u00a0 \u00a0 \u00a0 \u00a0 \u00a0 \u00a0 \u00a0 \u00a0 \u00a0 \u00a0 \u00a0 \u00a0 \u00a0 \u00a0 \u00a0 \u00a0 \u00a0 \u00a0 \u00a0 \u00a0Jueves, 9 de noviembre de 2017<\/strong><\/h5><p><span style=\"color: #ffffff;\">a<\/span><\/p><p style=\"text-align: justify;\"><img class=\"wp-image-578 alignleft\" src=\"https:\/\/historiadelderecho.umh.es\/files\/2017\/10\/1460630070037-300x168.jpg\" alt=\"\" width=\"390\" height=\"255\" \/><strong>10:00h<\/strong>\u00a0<em><strong><a href=\"https:\/\/www.youtube.com\/watch?v=JbhfwB4MegI&index=5&list=PLClKgnzRFYe611z4nEd5ML2jnRUlObykW\">Le leggi elettorali politiche durante l'et\u00e0 del fascismo.<\/a><\/strong><br \/><\/em>Prof\u00aa Dra. Vittoria Calabr\u00f2.<br \/>Titular de Historia de las Instituciones Pol\u00edticas<br \/>Universit\u00e0 Degli Studi di Messina<\/p><p style=\"text-align: justify;\"><strong>10:45<\/strong><strong>h <a href=\"https:\/\/youtu.be\/RxPsGLsKSSU\"><em>El r\u00e9gimen electoral y sus disfunciones en la Segunda Rep\u00fablica<\/em><\/a><\/strong><br \/>Prof. Dr. Roberto Villa Garc\u00eda.<br \/>Profesor Titular de Historia del Pensamiento y de los Movimientos Sociales y Pol\u00edticos.<br \/>Universidad Rey Juan Carlos.<\/p><p style=\"text-align: justify;\"><strong>11:30h\u00a0<\/strong><em>Pausa Caf\u00e9.\u00a0<\/em><\/p><p style=\"text-align: justify;\"><strong>11:45h\u00a0<a href=\"https:\/\/youtu.be\/HzgjZlYH704\"><em>Dos ejemplos de depuraci\u00f3n y represi\u00f3n pol\u00edtica en la Facultad de Derecho de la Universidad de Granada: Joaqu\u00edn Garc\u00eda Labella y Gabriel Bonilla Mar\u00edn (1936-1945).<\/em><\/a><\/strong><br \/>Prof. Dr. Antonio S\u00e1nchez Aranda.<br \/>Profesor Titular de Historia del Derecho y de las Instituciones.<br \/>Universidad de Granada.<\/p><p><span style=\"color: #ffffff;\">mm<\/span><\/p><p><span style=\"color: #ffffff;\">mm<\/span><\/p><p style=\"text-align: justify;\"><img class=\"wp-image-584 alignleft\" src=\"https:\/\/historiadelderecho.umh.es\/files\/2017\/10\/arton45556-300x169.jpg\" alt=\"\" width=\"390\" height=\"230\" \/><strong>12:30h\u00a0<a href=\"https:\/\/youtu.be\/8htDQ50H0eo\"><em>La Justicia popular durante la Guerra Civil en la provincia de Alicante.\u00a0<\/em><\/a><\/strong><br \/>Profesor Titular de Historia Contempor\u00e1nea.<br \/>Prof. Dr. Francisco Sevillano Calero.<br \/>Universidad de Alicante.<\/p><p><strong>13:15h\u00a0<\/strong><em><strong><a href=\"https:\/\/youtu.be\/LbcqZ9A82HY\">La causa general: fuentes para el estudio de la Guerra Civil.<\/a><\/strong>\u00a0<\/em><br \/>Prof. Dr. Jos\u00e9 Miguel Santacreu Soler.<br \/>Catedr\u00e1tico de Historia Contempor\u00e1nea.<br \/>Universidad de Alicante.<\/p><p style=\"text-align: justify;\"><strong>17:00h\u00a0<\/strong>Presentaci\u00f3n Documental:\u00a0<em>Historia de Tres Fracasos.\u00a0<\/em><br \/>Prof. Dr. Jos\u00e9 Antonio P\u00e9rez Juan<br \/>Prof. D. Eladio Balboa Zaragoza<br \/>Prof. Dr. Jos\u00e9 Miguel Pay\u00e1 Poveda<br \/>Prof\u00aa. D\u00f1a. Sara Moreno Tejada<\/p>","_et_gb_content_width":"","_links_to":"","_links_to_target":""},"_links":{"self":[{"href":"https:\/\/historiadelderecho.umh.es\/ca\/wp-json\/wp\/v2\/pages\/575"}],"collection":[{"href":"https:\/\/historiadelderecho.umh.es\/ca\/wp-json\/wp\/v2\/pages"}],"about":[{"href":"https:\/\/historiadelderecho.umh.es\/ca\/wp-json\/wp\/v2\/types\/page"}],"author":[{"embeddable":true,"href":"https:\/\/historiadelderecho.umh.es\/ca\/wp-json\/wp\/v2\/users\/3004"}],"replies":[{"embeddable":true,"href":"https:\/\/historiadelderecho.umh.es\/ca\/wp-json\/wp\/v2\/comments?post=575"}],"version-history":[{"count":0,"href":"https:\/\/historiadelderecho.umh.es\/ca\/wp-json\/wp\/v2\/pages\/575\/revisions"}],"up":[{"embeddable":true,"href":"https:\/\/historiadelderecho.umh.es\/ca\/wp-json\/wp\/v2\/pages\/548"}],"wp:attachment":[{"href":"https:\/\/historiadelderecho.umh.es\/ca\/wp-json\/wp\/v2\/media?parent=575"}],"curies":[{"name":"wp","href":"https:\/\/api.w.org\/{rel}","templated":true}]}}

<p>[et_pb_section fb_built=&#8221;1&#8243; _builder_version=&#8221;3.22&#8243;][et_pb_row _builder_version=&#8221;3.25&#8243; background_size=&#8221;initial&#8221; background_position=&#8221;top_left&#8221; background_repeat=&#8221;repeat&#8221;][et_pb_column type=&#8221;4_4&#8243; _builder_version=&#8221;3.25&#8243; custom_padding=&#8221;|||&#8221; custom_padding__hover=&#8221;|||&#8221;][et_pb_text _builder_version=&#8221;3.27.4&#8243; background_size=&#8221;initial&#8221; background_position=&#8221;top_left&#8221; background_repeat=&#8221;repeat&#8221; custom_padding=&#8221;1px|||||&#8221;]</p>
<h5 style="text-align: center"></h5>
<p><span style="color: #ffffff">a</span></p>
<p style="text-align: justify"><strong>10:00h</strong> <em><strong><a href="https://www.youtube.com/watch?v=JbhfwB4MegI&amp;index=5&amp;list=PLClKgnzRFYe611z4nEd5ML2jnRUlObykW">Le leggi elettorali politiche durante l&#8217;età del fascismo.</a></strong><br /> </em>Profª Dra. Vittoria Calabrò.<br /> Titular de Historia de las Instituciones Políticas<br /> Università Degli Studi di Messina</p>
<p style="text-align: justify"><strong>10:45</strong><strong>h <a href="https://youtu.be/RxPsGLsKSSU"><em>El régimen electoral y sus disfunciones en la Segunda República</em></a></strong><br /> Prof. Dr. Roberto Villa García.<br /> Profesor Titular de Historia del Pensamiento y de los Movimientos Sociales y Políticos.<br /> Universidad Rey Juan Carlos.</p>
<p style="text-align: justify"><strong>11:30h </strong><em>Pausa Café. </em></p>
<p style="text-align: justify"><strong>11:45h <a href="https://youtu.be/HzgjZlYH704"><em>Dos ejemplos de depuración y represión política en la Facultad de Derecho de la Universidad de Granada: Joaquín García Labella y Gabriel Bonilla Marín (1936-1945).</em></a></strong><br /> Prof. Dr. Antonio Sánchez Aranda.<br /> Profesor Titular de Historia del Derecho y de las Instituciones.<br /> Universidad de Granada.</p>
<p><span style="color: #ffffff">mm</span></p>
<p style="text-align: justify"><strong>12:30h <a href="https://youtu.be/8htDQ50H0eo"><em>La Justicia popular durante la Guerra Civil en la provincia de Alicante. </em></a></strong><br /> Profesor Titular de Historia Contemporánea.<br /> Prof. Dr. Francisco Sevillano Calero.<br /> Universidad de Alicante.</p>
<p><strong>13:15h </strong><em><strong><a href="https://youtu.be/LbcqZ9A82HY">La causa general: fuentes para el estudio de la Guerra Civil.</a></strong> </em><br /> Prof. Dr. José Miguel Santacreu Soler.<br /> Catedrático de Historia Contemporánea.<br /> Universidad de Alicante.</p>
<p style="text-align: justify"><strong>17:00h </strong>Presentación Documental: <em>Historia de Tres Fracasos. </em><br /> Prof. Dr. José Antonio Pérez Juan<br /> Prof. D. Eladio Balboa Zaragoza<br /> Prof. Dr. José Miguel Payá Poveda<br /> Profª. Dña. Sara Moreno Tejada</p>
<p>[/et_pb_text][/et_pb_column][/et_pb_row][/et_pb_section]</p>

<p>a 10:00h Le leggi elettorali politiche durante l&#8217;età del fascismo. Profª Dra. Vittoria Calabrò. Titular de Historia de las Instituciones Políticas Università Degli Studi di Messina 10:45h El régimen electoral y sus disfunciones en la Segunda República Prof. Dr. Roberto Villa García. Profesor Titular de Historia del Pensamiento y de los Movimientos Sociales y Políticos. Universidad [&hellip;]</p>

<h5 style="text-align: center;"><strong>                                                                                             Jueves, 9 de noviembre de 2017</strong></h5><p><span style="color: #ffffff;">a</span></p><p style="text-align: justify;"><img class="wp-image-578 alignleft" src="https://historiadelderecho.umh.es/files/2017/10/1460630070037-300x168.jpg" alt="" width="390" height="255" /><strong>10:00h</strong> <em><strong><a href="https://www.youtube.com/watch?v=JbhfwB4MegI&index=5&list=PLClKgnzRFYe611z4nEd5ML2jnRUlObykW">Le leggi elettorali politiche durante l'età del fascismo.</a></strong><br /></em>Profª Dra. Vittoria Calabrò.<br />Titular de Historia de las Instituciones Políticas<br />Università Degli Studi di Messina</p><p style="text-align: justify;"><strong>10:45</strong><strong>h <a href="https://youtu.be/RxPsGLsKSSU"><em>El régimen electoral y sus disfunciones en la Segunda República</em></a></strong><br />Prof. Dr. Roberto Villa García.<br />Profesor Titular de Historia del Pensamiento y de los Movimientos Sociales y Políticos.<br />Universidad Rey Juan Carlos.</p><p style="text-align: justify;"><strong>11:30h </strong><em>Pausa Café. </em></p><p style="text-align: justify;"><strong>11:45h <a href="https://youtu.be/HzgjZlYH704"><em>Dos ejemplos de depuración y represión política en la Facultad de Derecho de la Universidad de Granada: Joaquín García Labella y Gabriel Bonilla Marín (1936-1945).</em></a></strong><br />Prof. Dr. Antonio Sánchez Aranda.<br />Profesor Titular de Historia del Derecho y de las Instituciones.<br />Universidad de Granada.</p><p><span style="color: #ffffff;">mm</span></p><p><span style="color: #ffffff;">mm</span></p><p style="text-align: justify;"><img class="wp-image-584 alignleft" src="https://historiadelderecho.umh.es/files/2017/10/arton45556-300x169.jpg" alt="" width="390" height="230" /><strong>12:30h <a href="https://youtu.be/8htDQ50H0eo"><em>La Justicia popular durante la Guerra Civil en la provincia de Alicante. </em></a></strong><br />Profesor Titular de Historia Contemporánea.<br />Prof. Dr. Francisco Sevillano Calero.<br />Universidad de Alicante.</p><p><strong>13:15h </strong><em><strong><a href="https://youtu.be/LbcqZ9A82HY">La causa general: fuentes para el estudio de la Guerra Civil.</a></strong> </em><br />Prof. Dr. José Miguel Santacreu Soler.<br />Catedrático de Historia Contemporánea.<br />Universidad de Alicante.</p><p style="text-align: justify;"><strong>17:00h </strong>Presentación Documental: <em>Historia de Tres Fracasos. </em><br />Prof. Dr. José Antonio Pérez Juan<br />Prof. D. Eladio Balboa Zaragoza<br />Prof. Dr. José Miguel Payá Poveda<br />Profª. Dña. Sara Moreno Tejada</p>
