{"id":69,"date":"2013-03-06T20:23:31","date_gmt":"2013-03-06T19:23:31","guid":{"rendered":"http:\/\/historiadelderecho.zeus.umh.es\/actividades\/seminariosjornadas\/jornadas-la-proyeccion-europea-de-la-constitucion-de-cadiz\/"},"modified":"2021-12-11T09:55:10","modified_gmt":"2021-12-11T08:55:10","slug":"jronadas-cadiz-2012","status":"publish","type":"page","link":"https:\/\/historiadelderecho.umh.es\/ca\/actividades\/seminariosjornadas\/jronadas-cadiz-2012\/","title":{"rendered":"Jornadas LA PROYECCION EUROPEA DE LA CONSTITUCION DE CADIZ"},"content":{"rendered":"<p>[et_pb_section fb_built=&#8221;1&#8243; _builder_version=&#8221;3.22&#8243;][et_pb_row _builder_version=&#8221;3.25&#8243; background_size=&#8221;initial&#8221; background_position=&#8221;top_left&#8221; background_repeat=&#8221;repeat&#8221;][et_pb_column type=&#8221;4_4&#8243; _builder_version=&#8221;3.25&#8243; custom_padding=&#8221;|||&#8221; custom_padding__hover=&#8221;|||&#8221;][et_pb_text _builder_version=&#8221;3.27.4&#8243; background_size=&#8221;initial&#8221; background_position=&#8221;top_left&#8221; background_repeat=&#8221;repeat&#8221;]<a href=\"https:\/\/historiadelderecho.umh.es\/files\/2013\/03\/Jornadas-Cadiz-2012.png\"><img loading=\"lazy\" class=\"alignleft size-medium wp-image-113\" title=\"Jornadas Cadiz 2012\" src=\"https:\/\/historiadelderecho.umh.es\/files\/2013\/03\/Jornadas-Cadiz-2012-152x300.png\" alt=\"\" width=\"152\" height=\"300\" srcset=\"https:\/\/historiadelderecho.umh.es\/files\/2013\/03\/Jornadas-Cadiz-2012-152x300.png 152w, https:\/\/historiadelderecho.umh.es\/files\/2013\/03\/Jornadas-Cadiz-2012-520x1023.png 520w, https:\/\/historiadelderecho.umh.es\/files\/2013\/03\/Jornadas-Cadiz-2012.png 891w\" sizes=\"(max-width: 152px) 100vw, 152px\" \/><\/a><\/p>\n<p>Con motivo del bicentenario de la Constituci\u00f3n espa\u00f1ola de 1812 el \u00e1rea de Historia del Derecho y de las Instituciones de la UMH ha organizado un encuentro internacional en el que se analizar\u00e1 las repercusiones del texto fundamental gaditano en Espa\u00f1a y el resto de pa\u00edses de nuestro entorno.<\/p>\n<p><a href=\"https:\/\/historiadelderecho.umh.es\/files\/2013\/03\/Jornadas-la-Proyecci\u00f3n-Europea.pdf\" target=\"_blank\" rel=\"noopener\">Diptico Jornadas la Proyecci\u00f3n Europea<\/a><br \/>\n[\/et_pb_text][\/et_pb_column][\/et_pb_row][\/et_pb_section]<\/p>\n","protected":false},"excerpt":{"rendered":"<p>Con motivo del bicentenario de la Constituci\u00f3n espa\u00f1ola de 1812 el \u00e1rea de Historia del Derecho y de las Instituciones de la UMH ha organizado un encuentro internacional en el que se analizar\u00e1 las repercusiones del texto fundamental gaditano en Espa\u00f1a y el resto de pa\u00edses de nuestro entorno. Diptico Jornadas la Proyecci\u00f3n Europea<\/p>\n","protected":false},"author":50,"featured_media":0,"parent":24,"menu_order":0,"comment_status":"closed","ping_status":"closed","template":"","meta":{"_et_pb_use_builder":"on","_et_pb_old_content":"<p><a href=\"https:\/\/historiadelderecho.umh.es\/files\/2013\/03\/Jornadas-Cadiz-2012.png\"><img class=\"alignleft size-medium wp-image-113\" title=\"Jornadas Cadiz 2012\" src=\"https:\/\/historiadelderecho.umh.es\/files\/2013\/03\/Jornadas-Cadiz-2012-152x300.png\" alt=\"\" width=\"152\" height=\"300\" \/><\/a><\/p><p>Con motivo del bicentenario de la Constituci\u00f3n espa\u00f1ola de 1812 el \u00e1rea de Historia del Derecho y de las Instituciones de la UMH ha organizado un encuentro internacional en el que se analizar\u00e1 las repercusiones del texto fundamental gaditano en Espa\u00f1a y el resto de pa\u00edses de nuestro entorno.<\/p><p><a href=\"https:\/\/historiadelderecho.umh.es\/files\/2013\/03\/Jornadas-la-Proyecci\u00f3n-Europea.pdf\" target=\"_blank\" rel=\"noopener\">Diptico Jornadas la Proyecci\u00f3n Europea<\/a><\/p>","_et_gb_content_width":"","_links_to":"","_links_to_target":""},"_links":{"self":[{"href":"https:\/\/historiadelderecho.umh.es\/ca\/wp-json\/wp\/v2\/pages\/69"}],"collection":[{"href":"https:\/\/historiadelderecho.umh.es\/ca\/wp-json\/wp\/v2\/pages"}],"about":[{"href":"https:\/\/historiadelderecho.umh.es\/ca\/wp-json\/wp\/v2\/types\/page"}],"author":[{"embeddable":true,"href":"https:\/\/historiadelderecho.umh.es\/ca\/wp-json\/wp\/v2\/users\/50"}],"replies":[{"embeddable":true,"href":"https:\/\/historiadelderecho.umh.es\/ca\/wp-json\/wp\/v2\/comments?post=69"}],"version-history":[{"count":0,"href":"https:\/\/historiadelderecho.umh.es\/ca\/wp-json\/wp\/v2\/pages\/69\/revisions"}],"up":[{"embeddable":true,"href":"https:\/\/historiadelderecho.umh.es\/ca\/wp-json\/wp\/v2\/pages\/24"}],"wp:attachment":[{"href":"https:\/\/historiadelderecho.umh.es\/ca\/wp-json\/wp\/v2\/media?parent=69"}],"curies":[{"name":"wp","href":"https:\/\/api.w.org\/{rel}","templated":true}]}}

<p>[et_pb_section fb_built=&#8221;1&#8243; _builder_version=&#8221;3.22&#8243;][et_pb_row _builder_version=&#8221;3.25&#8243; background_size=&#8221;initial&#8221; background_position=&#8221;top_left&#8221; background_repeat=&#8221;repeat&#8221;][et_pb_column type=&#8221;4_4&#8243; _builder_version=&#8221;3.25&#8243; custom_padding=&#8221;|||&#8221; custom_padding__hover=&#8221;|||&#8221;][et_pb_text _builder_version=&#8221;3.27.4&#8243; background_size=&#8221;initial&#8221; background_position=&#8221;top_left&#8221; background_repeat=&#8221;repeat&#8221;]<a href="https://historiadelderecho.umh.es/files/2013/03/Jornadas-Cadiz-2012.png"><img loading="lazy" class="alignleft size-medium wp-image-113" title="Jornadas Cadiz 2012" src="https://historiadelderecho.umh.es/files/2013/03/Jornadas-Cadiz-2012-152x300.png" alt="" width="152" height="300" srcset="https://historiadelderecho.umh.es/files/2013/03/Jornadas-Cadiz-2012-152x300.png 152w, https://historiadelderecho.umh.es/files/2013/03/Jornadas-Cadiz-2012-520x1023.png 520w, https://historiadelderecho.umh.es/files/2013/03/Jornadas-Cadiz-2012.png 891w" sizes="(max-width: 152px) 100vw, 152px" /></a></p>
<p>Con motivo del bicentenario de la Constitución española de 1812 el área de Historia del Derecho y de las Instituciones de la UMH ha organizado un encuentro internacional en el que se analizará las repercusiones del texto fundamental gaditano en España y el resto de países de nuestro entorno.</p>
<p><a href="https://historiadelderecho.umh.es/files/2013/03/Jornadas-la-Proyección-Europea.pdf" target="_blank" rel="noopener">Diptico Jornadas la Proyección Europea</a><br />
[/et_pb_text][/et_pb_column][/et_pb_row][/et_pb_section]</p>

<p>Con motivo del bicentenario de la Constitución española de 1812 el área de Historia del Derecho y de las Instituciones de la UMH ha organizado un encuentro internacional en el que se analizará las repercusiones del texto fundamental gaditano en España y el resto de países de nuestro entorno. Diptico Jornadas la Proyección Europea</p>

<p><a href="https://historiadelderecho.umh.es/files/2013/03/Jornadas-Cadiz-2012.png"><img class="alignleft size-medium wp-image-113" title="Jornadas Cadiz 2012" src="https://historiadelderecho.umh.es/files/2013/03/Jornadas-Cadiz-2012-152x300.png" alt="" width="152" height="300" /></a></p><p>Con motivo del bicentenario de la Constitución española de 1812 el área de Historia del Derecho y de las Instituciones de la UMH ha organizado un encuentro internacional en el que se analizará las repercusiones del texto fundamental gaditano en España y el resto de países de nuestro entorno.</p><p><a href="https://historiadelderecho.umh.es/files/2013/03/Jornadas-la-Proyección-Europea.pdf" target="_blank" rel="noopener">Diptico Jornadas la Proyección Europea</a></p>
