{"id":75,"date":"2013-03-06T21:05:24","date_gmt":"2013-03-06T20:05:24","guid":{"rendered":"http:\/\/historiadelderecho.zeus.umh.es\/congreso-el-consueta-del-misteri-y-los-decretos-de-nueva-planta\/"},"modified":"2021-12-11T09:45:47","modified_gmt":"2021-12-11T08:45:47","slug":"congreso-el-consueta-del-misteri-y-los-decretos-de-nueva-planta","status":"publish","type":"page","link":"https:\/\/historiadelderecho.umh.es\/ca\/actividades\/congresos\/congreso-el-consueta-del-misteri-y-los-decretos-de-nueva-planta\/","title":{"rendered":"Congreso El Consueta del Misteri y los Decretos de Nueva Planta"},"content":{"rendered":"<p>[et_pb_section fb_built=&#8221;1&#8243; _builder_version=&#8221;3.22&#8243;][et_pb_row _builder_version=&#8221;3.25&#8243; background_size=&#8221;initial&#8221; background_position=&#8221;top_left&#8221; background_repeat=&#8221;repeat&#8221;][et_pb_column type=&#8221;4_4&#8243; _builder_version=&#8221;3.25&#8243; custom_padding=&#8221;|||&#8221; custom_padding__hover=&#8221;|||&#8221;][et_pb_text _builder_version=&#8221;3.27.4&#8243; background_size=&#8221;initial&#8221; background_position=&#8221;top_left&#8221; background_repeat=&#8221;repeat&#8221;]<a href=\"https:\/\/historiadelderecho.umh.es\/files\/2013\/03\/Cartel-Congreso-Consueta.jpg\"><img loading=\"lazy\" class=\"alignleft size-medium wp-image-90\" title=\"Cartel Congreso Consueta\" src=\"https:\/\/historiadelderecho.umh.es\/files\/2013\/03\/Cartel-Congreso-Consueta-213x300.jpg\" alt=\"\" width=\"213\" height=\"300\" srcset=\"https:\/\/historiadelderecho.umh.es\/files\/2013\/03\/Cartel-Congreso-Consueta-213x300.jpg 213w, https:\/\/historiadelderecho.umh.es\/files\/2013\/03\/Cartel-Congreso-Consueta-728x1023.jpg 728w\" sizes=\"(max-width: 213px) 100vw, 213px\" \/><\/a><\/p>\n<p style=\"text-align: justify\">\u00a0\u00a0\u00a0\u00a0\u00a0\u00a0\u00a0 El Congreso analiza el escenario pol\u00edtico, econ\u00f3mico y social en el que se redacta el Consueta de 1709. Hay que tener en cuenta que este documento, en el que se recogen las ceremonias, cantos y dem\u00e1s elementos necesarios para la representaci\u00f3n del Misteri fue redactado por el presb\u00edtero Joseph Lozano y Ruiz en una fecha hist\u00f3rica para la Corona de Arag\u00f3n. Hasta la fecha se han realizado distintos estudios sobre el citado texto, entre otros, destaca la obra de Francesc Massip \u201cEl Consueta de 1709\u201d o Jos\u00e9 Mar\u00eda Vives Ramiro \u201cLa Fiesta y el Consueta\u201d si bien todos ellos se centran en aspectos musicales o escenogr\u00e1ficos de la representaci\u00f3n. Es necesario profundizar en la \u00e9poca en la que se elabora el Consueta. Es preciso averiguar en que circunstancias pol\u00edticas, econ\u00f3micas y sociales se elabor\u00f3 este documento capital para la pervivencia del Misteri. Para ello se propone la organizaci\u00f3n de un Congreso en el que se analice el contexto hist\u00f3rico, social, econ\u00f3mico y jur\u00eddico del reino de Valencia en los comienzos del s.XVIII y por extensi\u00f3n, de la ciudad de Elche.<\/p>\n<p>\u00a0<a href=\"https:\/\/historiadelderecho.umh.es\/files\/2013\/03\/Programa-Congreso-Consueta-web.pdf\">Programa Congreso El Consueta y Decretos Nueva Planta<\/a><br \/>\n[\/et_pb_text][\/et_pb_column][\/et_pb_row][\/et_pb_section]<\/p>\n","protected":false},"excerpt":{"rendered":"<p>\u00a0\u00a0\u00a0\u00a0\u00a0\u00a0\u00a0 El Congreso analiza el escenario pol\u00edtico, econ\u00f3mico y social en el que se redacta el Consueta de 1709. Hay que tener en cuenta que este documento, en el que se recogen las ceremonias, cantos y dem\u00e1s elementos necesarios para la representaci\u00f3n del Misteri fue redactado por el presb\u00edtero Joseph Lozano y Ruiz en una [&hellip;]<\/p>\n","protected":false},"author":50,"featured_media":0,"parent":23,"menu_order":0,"comment_status":"closed","ping_status":"closed","template":"","meta":{"_et_pb_use_builder":"on","_et_pb_old_content":"<p><a href=\"https:\/\/historiadelderecho.umh.es\/files\/2013\/03\/Cartel-Congreso-Consueta.jpg\"><img class=\"alignleft size-medium wp-image-90\" title=\"Cartel Congreso Consueta\" src=\"https:\/\/historiadelderecho.umh.es\/files\/2013\/03\/Cartel-Congreso-Consueta-213x300.jpg\" alt=\"\" width=\"213\" height=\"300\" \/><\/a><\/p><p style=\"text-align: justify;\">\u00a0\u00a0\u00a0\u00a0\u00a0\u00a0\u00a0 El Congreso analiza el escenario pol\u00edtico, econ\u00f3mico y social en el que se redacta el Consueta de 1709. Hay que tener en cuenta que este documento, en el que se recogen las ceremonias, cantos y dem\u00e1s elementos necesarios para la representaci\u00f3n del Misteri fue redactado por el presb\u00edtero Joseph Lozano y Ruiz en una fecha hist\u00f3rica para la Corona de Arag\u00f3n. Hasta la fecha se han realizado distintos estudios sobre el citado texto, entre otros, destaca la obra de Francesc Massip \u201cEl Consueta de 1709\u201d o Jos\u00e9 Mar\u00eda Vives Ramiro \u201cLa Fiesta y el Consueta\u201d si bien todos ellos se centran en aspectos musicales o escenogr\u00e1ficos de la representaci\u00f3n. Es necesario profundizar en la \u00e9poca en la que se elabora el Consueta. Es preciso averiguar en que circunstancias pol\u00edticas, econ\u00f3micas y sociales se elabor\u00f3 este documento capital para la pervivencia del Misteri. Para ello se propone la organizaci\u00f3n de un Congreso en el que se analice el contexto hist\u00f3rico, social, econ\u00f3mico y jur\u00eddico del reino de Valencia en los comienzos del s.XVIII y por extensi\u00f3n, de la ciudad de Elche.<\/p><p>\u00a0<a href=\"https:\/\/historiadelderecho.umh.es\/files\/2013\/03\/Programa-Congreso-Consueta-web.pdf\">Programa Congreso El Consueta y Decretos Nueva Planta<\/a><\/p>","_et_gb_content_width":"","_links_to":"","_links_to_target":""},"_links":{"self":[{"href":"https:\/\/historiadelderecho.umh.es\/ca\/wp-json\/wp\/v2\/pages\/75"}],"collection":[{"href":"https:\/\/historiadelderecho.umh.es\/ca\/wp-json\/wp\/v2\/pages"}],"about":[{"href":"https:\/\/historiadelderecho.umh.es\/ca\/wp-json\/wp\/v2\/types\/page"}],"author":[{"embeddable":true,"href":"https:\/\/historiadelderecho.umh.es\/ca\/wp-json\/wp\/v2\/users\/50"}],"replies":[{"embeddable":true,"href":"https:\/\/historiadelderecho.umh.es\/ca\/wp-json\/wp\/v2\/comments?post=75"}],"version-history":[{"count":0,"href":"https:\/\/historiadelderecho.umh.es\/ca\/wp-json\/wp\/v2\/pages\/75\/revisions"}],"up":[{"embeddable":true,"href":"https:\/\/historiadelderecho.umh.es\/ca\/wp-json\/wp\/v2\/pages\/23"}],"wp:attachment":[{"href":"https:\/\/historiadelderecho.umh.es\/ca\/wp-json\/wp\/v2\/media?parent=75"}],"curies":[{"name":"wp","href":"https:\/\/api.w.org\/{rel}","templated":true}]}}

<p>[et_pb_section fb_built=&#8221;1&#8243; _builder_version=&#8221;3.22&#8243;][et_pb_row _builder_version=&#8221;3.25&#8243; background_size=&#8221;initial&#8221; background_position=&#8221;top_left&#8221; background_repeat=&#8221;repeat&#8221;][et_pb_column type=&#8221;4_4&#8243; _builder_version=&#8221;3.25&#8243; custom_padding=&#8221;|||&#8221; custom_padding__hover=&#8221;|||&#8221;][et_pb_text _builder_version=&#8221;3.27.4&#8243; background_size=&#8221;initial&#8221; background_position=&#8221;top_left&#8221; background_repeat=&#8221;repeat&#8221;]<a href="https://historiadelderecho.umh.es/files/2013/03/Cartel-Congreso-Consueta.jpg"><img loading="lazy" class="alignleft size-medium wp-image-90" title="Cartel Congreso Consueta" src="https://historiadelderecho.umh.es/files/2013/03/Cartel-Congreso-Consueta-213x300.jpg" alt="" width="213" height="300" srcset="https://historiadelderecho.umh.es/files/2013/03/Cartel-Congreso-Consueta-213x300.jpg 213w, https://historiadelderecho.umh.es/files/2013/03/Cartel-Congreso-Consueta-728x1023.jpg 728w" sizes="(max-width: 213px) 100vw, 213px" /></a></p>
<p style="text-align: justify">        El Congreso analiza el escenario político, económico y social en el que se redacta el Consueta de 1709. Hay que tener en cuenta que este documento, en el que se recogen las ceremonias, cantos y demás elementos necesarios para la representación del Misteri fue redactado por el presbítero Joseph Lozano y Ruiz en una fecha histórica para la Corona de Aragón. Hasta la fecha se han realizado distintos estudios sobre el citado texto, entre otros, destaca la obra de Francesc Massip “El Consueta de 1709” o José María Vives Ramiro “La Fiesta y el Consueta” si bien todos ellos se centran en aspectos musicales o escenográficos de la representación. Es necesario profundizar en la época en la que se elabora el Consueta. Es preciso averiguar en que circunstancias políticas, económicas y sociales se elaboró este documento capital para la pervivencia del Misteri. Para ello se propone la organización de un Congreso en el que se analice el contexto histórico, social, económico y jurídico del reino de Valencia en los comienzos del s.XVIII y por extensión, de la ciudad de Elche.</p>
<p> <a href="https://historiadelderecho.umh.es/files/2013/03/Programa-Congreso-Consueta-web.pdf">Programa Congreso El Consueta y Decretos Nueva Planta</a><br />
[/et_pb_text][/et_pb_column][/et_pb_row][/et_pb_section]</p>

<p>        El Congreso analiza el escenario político, económico y social en el que se redacta el Consueta de 1709. Hay que tener en cuenta que este documento, en el que se recogen las ceremonias, cantos y demás elementos necesarios para la representación del Misteri fue redactado por el presbítero Joseph Lozano y Ruiz en una [&hellip;]</p>

<p><a href="https://historiadelderecho.umh.es/files/2013/03/Cartel-Congreso-Consueta.jpg"><img class="alignleft size-medium wp-image-90" title="Cartel Congreso Consueta" src="https://historiadelderecho.umh.es/files/2013/03/Cartel-Congreso-Consueta-213x300.jpg" alt="" width="213" height="300" /></a></p><p style="text-align: justify;">        El Congreso analiza el escenario político, económico y social en el que se redacta el Consueta de 1709. Hay que tener en cuenta que este documento, en el que se recogen las ceremonias, cantos y demás elementos necesarios para la representación del Misteri fue redactado por el presbítero Joseph Lozano y Ruiz en una fecha histórica para la Corona de Aragón. Hasta la fecha se han realizado distintos estudios sobre el citado texto, entre otros, destaca la obra de Francesc Massip “El Consueta de 1709” o José María Vives Ramiro “La Fiesta y el Consueta” si bien todos ellos se centran en aspectos musicales o escenográficos de la representación. Es necesario profundizar en la época en la que se elabora el Consueta. Es preciso averiguar en que circunstancias políticas, económicas y sociales se elaboró este documento capital para la pervivencia del Misteri. Para ello se propone la organización de un Congreso en el que se analice el contexto histórico, social, económico y jurídico del reino de Valencia en los comienzos del s.XVIII y por extensión, de la ciudad de Elche.</p><p> <a href="https://historiadelderecho.umh.es/files/2013/03/Programa-Congreso-Consueta-web.pdf">Programa Congreso El Consueta y Decretos Nueva Planta</a></p>
