{"id":107,"date":"2013-03-12T23:21:41","date_gmt":"2013-03-12T22:21:41","guid":{"rendered":"http:\/\/historiadelderecho.umh.es\/docencia\/master\/master-universitario-de-investigacion-en-territorio-y-paisaje-rd-139307\/"},"modified":"2021-12-10T10:33:12","modified_gmt":"2021-12-10T09:33:12","slug":"master-universitario-de-investigacion-en-territorio-y-paisaje-rd-139307","status":"publish","type":"page","link":"https:\/\/historiadelderecho.umh.es\/en\/docencia\/master\/master-universitario-de-investigacion-en-territorio-y-paisaje-rd-139307\/","title":{"rendered":"<span lang=\"es\">(Espa\u00f1ol) Master Universitario de Investigaci\u00f3n en TERRITORIO Y PAISAJE (RD 1393\/07)<\/span>"},"content":{"rendered":"<p>[et_pb_section fb_built=&#8221;1&#8243; _builder_version=&#8221;3.22&#8243;][et_pb_row _builder_version=&#8221;3.25&#8243; background_size=&#8221;initial&#8221; background_position=&#8221;top_left&#8221; background_repeat=&#8221;repeat&#8221;][et_pb_column type=&#8221;4_4&#8243; _builder_version=&#8221;3.25&#8243; custom_padding=&#8221;|||&#8221; custom_padding__hover=&#8221;|||&#8221;][et_pb_text _builder_version=&#8221;3.27.4&#8243; background_size=&#8221;initial&#8221; background_position=&#8221;top_left&#8221; background_repeat=&#8221;repeat&#8221;]<\/p>\n<ul>\n<li><strong>El Territorio y el Paisaje en la Historia<\/strong><\/li>\n<\/ul>\n<p style=\"text-align: justify\">La articulaci\u00f3n jur\u00eddica del territorio en la Historia. Efectos y exposici\u00f3n del paisaje en la sociedad de la \u00e9poca.<\/p>\n<p>[\/et_pb_text][\/et_pb_column][\/et_pb_row][\/et_pb_section]<\/p>\n","protected":false},"excerpt":{"rendered":"<p>El Territorio y el Paisaje en la Historia La articulaci\u00f3n jur\u00eddica del territorio en la Historia. Efectos y exposici\u00f3n del paisaje en la sociedad de la \u00e9poca.<\/p>\n","protected":false},"author":50,"featured_media":0,"parent":40,"menu_order":0,"comment_status":"closed","ping_status":"open","template":"","meta":{"_et_pb_use_builder":"on","_et_pb_old_content":"<ul><li><strong>El Territorio y el Paisaje en la Historia<\/strong><\/li><\/ul><p style=\"text-align: justify;\">La articulaci\u00f3n jur\u00eddica del territorio en la Historia. Efectos y exposici\u00f3n del paisaje en la sociedad de la \u00e9poca.<\/p>","_et_gb_content_width":"","_links_to":"","_links_to_target":""},"_links":{"self":[{"href":"https:\/\/historiadelderecho.umh.es\/en\/wp-json\/wp\/v2\/pages\/107"}],"collection":[{"href":"https:\/\/historiadelderecho.umh.es\/en\/wp-json\/wp\/v2\/pages"}],"about":[{"href":"https:\/\/historiadelderecho.umh.es\/en\/wp-json\/wp\/v2\/types\/page"}],"author":[{"embeddable":true,"href":"https:\/\/historiadelderecho.umh.es\/en\/wp-json\/wp\/v2\/users\/50"}],"replies":[{"embeddable":true,"href":"https:\/\/historiadelderecho.umh.es\/en\/wp-json\/wp\/v2\/comments?post=107"}],"version-history":[{"count":0,"href":"https:\/\/historiadelderecho.umh.es\/en\/wp-json\/wp\/v2\/pages\/107\/revisions"}],"up":[{"embeddable":true,"href":"https:\/\/historiadelderecho.umh.es\/en\/wp-json\/wp\/v2\/pages\/40"}],"wp:attachment":[{"href":"https:\/\/historiadelderecho.umh.es\/en\/wp-json\/wp\/v2\/media?parent=107"}],"curies":[{"name":"wp","href":"https:\/\/api.w.org\/{rel}","templated":true}]}}

<span lang="es">(Español) Master Universitario de Investigación en TERRITORIO Y PAISAJE (RD 1393/07)</span>

<p>[et_pb_section fb_built=&#8221;1&#8243; _builder_version=&#8221;3.22&#8243;][et_pb_row _builder_version=&#8221;3.25&#8243; background_size=&#8221;initial&#8221; background_position=&#8221;top_left&#8221; background_repeat=&#8221;repeat&#8221;][et_pb_column type=&#8221;4_4&#8243; _builder_version=&#8221;3.25&#8243; custom_padding=&#8221;|||&#8221; custom_padding__hover=&#8221;|||&#8221;][et_pb_text _builder_version=&#8221;3.27.4&#8243; background_size=&#8221;initial&#8221; background_position=&#8221;top_left&#8221; background_repeat=&#8221;repeat&#8221;]</p>
<ul>
<li><strong>El Territorio y el Paisaje en la Historia</strong></li>
</ul>
<p style="text-align: justify">La articulación jurídica del territorio en la Historia. Efectos y exposición del paisaje en la sociedad de la época.</p>
<p>[/et_pb_text][/et_pb_column][/et_pb_row][/et_pb_section]</p>

<p>El Territorio y el Paisaje en la Historia La articulación jurídica del territorio en la Historia. Efectos y exposición del paisaje en la sociedad de la época.</p>

<ul><li><strong>El Territorio y el Paisaje en la Historia</strong></li></ul><p style="text-align: justify;">La articulación jurídica del territorio en la Historia. Efectos y exposición del paisaje en la sociedad de la época.</p>
