{"id":109,"date":"2013-03-12T23:39:56","date_gmt":"2013-03-12T22:39:56","guid":{"rendered":"http:\/\/historiadelderecho.umh.es\/la-constitucion-espanola-de-1812-el-inicio-del-constitucionalismo-europeo\/"},"modified":"2021-12-03T23:56:17","modified_gmt":"2021-12-03T22:56:17","slug":"la-constitucion-espanola-de-1812-el-inicio-del-constitucionalismo-europeo","status":"publish","type":"page","link":"https:\/\/historiadelderecho.umh.es\/en\/actividades\/congresos\/la-constitucion-espanola-de-1812-el-inicio-del-constitucionalismo-europeo\/","title":{"rendered":"La Constituci\u00f3n espa\u00f1ola de 1812: El inicio del constitucionalismo europeo"},"content":{"rendered":"<p>[et_pb_section fb_built=&#8221;1&#8243; _builder_version=&#8221;3.22&#8243;][et_pb_row _builder_version=&#8221;3.25&#8243; background_size=&#8221;initial&#8221; background_position=&#8221;top_left&#8221; background_repeat=&#8221;repeat&#8221;][et_pb_column type=&#8221;4_4&#8243; _builder_version=&#8221;3.25&#8243; custom_padding=&#8221;|||&#8221; custom_padding__hover=&#8221;|||&#8221;][et_pb_text _builder_version=&#8221;3.27.4&#8243; background_size=&#8221;initial&#8221; background_position=&#8221;top_left&#8221; background_repeat=&#8221;repeat&#8221;]<a href=\"https:\/\/historiadelderecho.umh.es\/files\/2013\/03\/Cartel.jpg\"><img loading=\"lazy\" class=\"alignleft size-medium wp-image-110\" title=\"Cartel\" src=\"https:\/\/historiadelderecho.umh.es\/files\/2013\/03\/Cartel-212x300.jpg\" alt=\"\" width=\"212\" height=\"300\" srcset=\"https:\/\/historiadelderecho.umh.es\/files\/2013\/03\/Cartel-212x300.jpg 212w, https:\/\/historiadelderecho.umh.es\/files\/2013\/03\/Cartel-724x1024.jpg 724w\" sizes=\"(max-width: 212px) 100vw, 212px\" \/><\/a><\/p>\n<p>Congreso conmemorativo del Bicentenario. Celebrado en la ciudad de Berl\u00edn los d\u00edas 22 y 23 de octubre con la colaboraci\u00f3n del Instituto Cervantes y la Universidad Libre de Berl\u00edn.<\/p>\n<p>Grupo de investigaci\u00f3n de Derecho comparado\u00a0 <strong><a href=\"http:\/\/www.europaeischejustizgeschichte.com\/\">Europ\u00e4ische Justizgeschiche im 19. Jahrhunder<\/a><\/strong><br \/>\n[\/et_pb_text][\/et_pb_column][\/et_pb_row][\/et_pb_section]<\/p>\n","protected":false},"excerpt":{"rendered":"<p>Congreso conmemorativo del Bicentenario. Celebrado en la ciudad de Berl\u00edn los d\u00edas 22 y 23 de octubre con la colaboraci\u00f3n del Instituto Cervantes y la Universidad Libre de Berl\u00edn. Grupo de investigaci\u00f3n de Derecho comparado\u00a0 Europ\u00e4ische Justizgeschiche im 19. Jahrhunder<\/p>\n","protected":false},"author":50,"featured_media":0,"parent":23,"menu_order":0,"comment_status":"closed","ping_status":"closed","template":"","meta":{"_et_pb_use_builder":"on","_et_pb_old_content":"<p><a href=\"https:\/\/historiadelderecho.umh.es\/files\/2013\/03\/Cartel.jpg\"><img class=\"alignleft size-medium wp-image-110\" title=\"Cartel\" src=\"https:\/\/historiadelderecho.umh.es\/files\/2013\/03\/Cartel-212x300.jpg\" alt=\"\" width=\"212\" height=\"300\" \/><\/a><\/p><p>Congreso conmemorativo del Bicentenario. Celebrado en la ciudad de Berl\u00edn los d\u00edas 22 y 23 de octubre con la colaboraci\u00f3n del Instituto Cervantes y la Universidad Libre de Berl\u00edn.<\/p><p>Grupo de investigaci\u00f3n de Derecho comparado\u00a0 <strong><a href=\"http:\/\/www.europaeischejustizgeschichte.com\/\">Europ\u00e4ische Justizgeschiche im 19. Jahrhunder<\/a><\/strong><\/p>","_et_gb_content_width":"","_links_to":"","_links_to_target":""},"_links":{"self":[{"href":"https:\/\/historiadelderecho.umh.es\/en\/wp-json\/wp\/v2\/pages\/109"}],"collection":[{"href":"https:\/\/historiadelderecho.umh.es\/en\/wp-json\/wp\/v2\/pages"}],"about":[{"href":"https:\/\/historiadelderecho.umh.es\/en\/wp-json\/wp\/v2\/types\/page"}],"author":[{"embeddable":true,"href":"https:\/\/historiadelderecho.umh.es\/en\/wp-json\/wp\/v2\/users\/50"}],"replies":[{"embeddable":true,"href":"https:\/\/historiadelderecho.umh.es\/en\/wp-json\/wp\/v2\/comments?post=109"}],"version-history":[{"count":0,"href":"https:\/\/historiadelderecho.umh.es\/en\/wp-json\/wp\/v2\/pages\/109\/revisions"}],"up":[{"embeddable":true,"href":"https:\/\/historiadelderecho.umh.es\/en\/wp-json\/wp\/v2\/pages\/23"}],"wp:attachment":[{"href":"https:\/\/historiadelderecho.umh.es\/en\/wp-json\/wp\/v2\/media?parent=109"}],"curies":[{"name":"wp","href":"https:\/\/api.w.org\/{rel}","templated":true}]}}

La Constitución española de 1812: El inicio del constitucionalismo europeo

<p>[et_pb_section fb_built=&#8221;1&#8243; _builder_version=&#8221;3.22&#8243;][et_pb_row _builder_version=&#8221;3.25&#8243; background_size=&#8221;initial&#8221; background_position=&#8221;top_left&#8221; background_repeat=&#8221;repeat&#8221;][et_pb_column type=&#8221;4_4&#8243; _builder_version=&#8221;3.25&#8243; custom_padding=&#8221;|||&#8221; custom_padding__hover=&#8221;|||&#8221;][et_pb_text _builder_version=&#8221;3.27.4&#8243; background_size=&#8221;initial&#8221; background_position=&#8221;top_left&#8221; background_repeat=&#8221;repeat&#8221;]<a href="https://historiadelderecho.umh.es/files/2013/03/Cartel.jpg"><img loading="lazy" class="alignleft size-medium wp-image-110" title="Cartel" src="https://historiadelderecho.umh.es/files/2013/03/Cartel-212x300.jpg" alt="" width="212" height="300" srcset="https://historiadelderecho.umh.es/files/2013/03/Cartel-212x300.jpg 212w, https://historiadelderecho.umh.es/files/2013/03/Cartel-724x1024.jpg 724w" sizes="(max-width: 212px) 100vw, 212px" /></a></p>
<p>Congreso conmemorativo del Bicentenario. Celebrado en la ciudad de Berlín los días 22 y 23 de octubre con la colaboración del Instituto Cervantes y la Universidad Libre de Berlín.</p>
<p>Grupo de investigación de Derecho comparado  <strong><a href="http://www.europaeischejustizgeschichte.com/">Europäische Justizgeschiche im 19. Jahrhunder</a></strong><br />
[/et_pb_text][/et_pb_column][/et_pb_row][/et_pb_section]</p>

<p>Congreso conmemorativo del Bicentenario. Celebrado en la ciudad de Berlín los días 22 y 23 de octubre con la colaboración del Instituto Cervantes y la Universidad Libre de Berlín. Grupo de investigación de Derecho comparado  Europäische Justizgeschiche im 19. Jahrhunder</p>

<p><a href="https://historiadelderecho.umh.es/files/2013/03/Cartel.jpg"><img class="alignleft size-medium wp-image-110" title="Cartel" src="https://historiadelderecho.umh.es/files/2013/03/Cartel-212x300.jpg" alt="" width="212" height="300" /></a></p><p>Congreso conmemorativo del Bicentenario. Celebrado en la ciudad de Berlín los días 22 y 23 de octubre con la colaboración del Instituto Cervantes y la Universidad Libre de Berlín.</p><p>Grupo de investigación de Derecho comparado  <strong><a href="http://www.europaeischejustizgeschichte.com/">Europäische Justizgeschiche im 19. Jahrhunder</a></strong></p>
