{"id":1298,"date":"2021-11-15T12:00:40","date_gmt":"2021-11-15T11:00:40","guid":{"rendered":"https:\/\/historiadelderecho.umh.es\/?page_id=1298"},"modified":"2023-03-30T11:20:05","modified_gmt":"2023-03-30T09:20:05","slug":"lunes-13-de-diciembre-de-2021","status":"publish","type":"page","link":"https:\/\/historiadelderecho.umh.es\/en\/actividades\/congresos\/congreso-la-justicia-al-servicio-de-los-totalitarismos-en-europa\/programa\/lunes-13-de-diciembre-de-2021\/","title":{"rendered":"Lunes 13 de diciembre de 2021"},"content":{"rendered":"<p>[et_pb_section fb_built=&#8221;1&#8243; _builder_version=&#8221;4.16&#8243; global_colors_info=&#8221;{}&#8221;][et_pb_row _builder_version=&#8221;4.16&#8243; background_size=&#8221;initial&#8221; background_position=&#8221;top_left&#8221; background_repeat=&#8221;repeat&#8221; global_colors_info=&#8221;{}&#8221;][et_pb_column type=&#8221;4_4&#8243; _builder_version=&#8221;4.16&#8243; custom_padding=&#8221;|||&#8221; global_colors_info=&#8221;{}&#8221; custom_padding__hover=&#8221;|||&#8221;][et_pb_text _builder_version=&#8221;4.17.4&#8243; background_size=&#8221;initial&#8221; background_position=&#8221;top_left&#8221; background_repeat=&#8221;repeat&#8221; hover_enabled=&#8221;0&#8243; global_colors_info=&#8221;{}&#8221; sticky_enabled=&#8221;0&#8243;]<\/p>\n<p style=\"text-align: justify\"><strong>17:00h <a href=\"https:\/\/www.youtube.com\/watch?v=I4CIh2SgSJs&amp;list=PLClKgnzRFYe68nC-NulAarekzTzn51cZC&amp;index=1\" target=\"_blank\" rel=\"noopener\">Inauguraci\u00f3n institucional<\/a><\/strong><br \/>Profs. Drs. Jos\u00e9 A. P\u00e9rez Juan y Sara Moreno Tejada, directores del congreso<br \/>Prof. Dr. Jos\u00e9 Carlos Espigares Huete, vicerrector de profesorado de la UMH<\/p>\n<p><strong>Mesa 1<\/strong><\/p>\n<p><strong>17:30h<\/strong> <a href=\"https:\/\/www.youtube.com\/watch?v=om1nhgCjHV8&amp;list=PLClKgnzRFYe68nC-NulAarekzTzn51cZC&amp;index=3\" target=\"_blank\" rel=\"noopener\"><em>Derechos de los espa\u00f1oles y totalitarismo en el Nuevo Estado\u00a0<\/em><\/a><br \/>Prof\u00aa. Dra. Victoria Sandoval Parra<br \/>Universidad de Murcia<\/p>\n<p><strong>18:00h <\/strong><a href=\"https:\/\/www.youtube.com\/watch?v=Jp1qMBUmd_E&amp;list=PLClKgnzRFYe68nC-NulAarekzTzn51cZC&amp;index=2\" target=\"_blank\" rel=\"noopener\"><em>Axiolog\u00eda del totalitarismo en la Ley de Principios del Movimiento Nacional de 1958<\/em><\/a><br \/>Prof. Dr. Enrique \u00c1lvarez Cora<br \/>Universidad de Murcia<\/p>\n<p><strong>18:30h Debate <\/strong><\/p>\n<p><strong>18:45h Pausa caf\u00e9<\/strong><\/p>\n<p><strong>Mesa 2 <\/strong><\/p>\n<p><strong>19:00h <\/strong><a href=\"https:\/\/www.youtube.com\/watch?v=hb043y7JuGo&amp;list=PLClKgnzRFYe68nC-NulAarekzTzn51cZC&amp;index=4\" target=\"_blank\" rel=\"noopener\"><em>Violencia pol\u00edtica y justicia penal del nuevo Estado franquista<\/em><\/a><br \/>Prof. Dr. Francisco Sevillano Calero<br \/>Universidad de Alicante<\/p>\n<p><strong>19:30h <\/strong><a href=\"https:\/\/www.youtube.com\/watch?v=E6DpWIbNH6g&amp;list=PLClKgnzRFYe68nC-NulAarekzTzn51cZC&amp;index=5\" target=\"_blank\" rel=\"noopener\"><em>La Justicia y las inscripciones de defunci\u00f3n fuera de plazo \u201ca consecuencia del Glorioso Movimiento Nacional\u201d (1936-1977)<\/em><\/a><br \/>Prof. Dr. Rold\u00e1n Jimeno Aranguren<br \/>Universidad p\u00fablica de Navarra<\/p>\n<p><strong>20:00h Debate<\/strong><\/p>\n<p>[\/et_pb_text][\/et_pb_column][\/et_pb_row][\/et_pb_section]<\/p>\n","protected":false},"excerpt":{"rendered":"<p>17:00h Inauguraci\u00f3n institucionalProfs. Drs. Jos\u00e9 A. P\u00e9rez Juan y Sara Moreno Tejada, directores del congresoProf. Dr. Jos\u00e9 Carlos Espigares Huete, vicerrector de profesorado de la UMH Mesa 1 17:30h Derechos de los espa\u00f1oles y totalitarismo en el Nuevo Estado\u00a0Prof\u00aa. Dra. Victoria Sandoval ParraUniversidad de Murcia 18:00h Axiolog\u00eda del totalitarismo en la Ley de Principios del [&hellip;]<\/p>\n","protected":false},"author":5730,"featured_media":0,"parent":1292,"menu_order":0,"comment_status":"closed","ping_status":"closed","template":"","meta":{"_et_pb_use_builder":"on","_et_pb_old_content":"<p style=\"text-align: justify;\"><strong>17:00h Inauguraci\u00f3n institucional<\/strong><br \/>Direcci\u00f3n del Congreso<br \/>Vicerrectorado UMH<\/p><p><strong>Mesa 1<\/strong><\/p><p><strong>17:30h<\/strong> <em>Derechos de los espa\u00f1oles y totalitarismo en el Nuevo Estado\u00a0<\/em><br \/>Prof\u00aa. Dra. Victoria Sandoval Parra<br \/>Universidad de Murcia<\/p><p><strong>18:00h <\/strong><em>Axiolog\u00eda del totalitarismo en la Ley de Principios del Movimiento Nacional de 1958<\/em><br \/>Prof. Dr. Enrique \u00c1lvarez Cora<br \/>Universidad de Murcia<\/p><p><strong>18:30h Debate <\/strong><\/p><p><strong>18:45h Pausa caf\u00e9<\/strong><\/p><p><strong>Mesa 2 <\/strong><\/p><p><strong>19:00h <\/strong><em>Violencia pol\u00edtica y justicia penal del nuevo Estado franquista<\/em><br \/>Prof. Dr. Francisco Sevillano Calero<br \/>Universidad de Alicante<\/p><p><strong>19:30h <\/strong><em>La Justicia y las inscripciones de defunci\u00f3n fuera de plazo \u201ca consecuencia del Glorioso Movimiento Nacional\u201d (1936-1977)<\/em><br \/>Prof. Dr. Rold\u00e1n Jimeno Aranguren<br \/>Universidad p\u00fablica de Navarra<\/p><p><strong>20:00h Debate<\/strong><\/p>","_et_gb_content_width":"","_links_to":"","_links_to_target":""},"_links":{"self":[{"href":"https:\/\/historiadelderecho.umh.es\/en\/wp-json\/wp\/v2\/pages\/1298"}],"collection":[{"href":"https:\/\/historiadelderecho.umh.es\/en\/wp-json\/wp\/v2\/pages"}],"about":[{"href":"https:\/\/historiadelderecho.umh.es\/en\/wp-json\/wp\/v2\/types\/page"}],"author":[{"embeddable":true,"href":"https:\/\/historiadelderecho.umh.es\/en\/wp-json\/wp\/v2\/users\/5730"}],"replies":[{"embeddable":true,"href":"https:\/\/historiadelderecho.umh.es\/en\/wp-json\/wp\/v2\/comments?post=1298"}],"version-history":[{"count":0,"href":"https:\/\/historiadelderecho.umh.es\/en\/wp-json\/wp\/v2\/pages\/1298\/revisions"}],"up":[{"embeddable":true,"href":"https:\/\/historiadelderecho.umh.es\/en\/wp-json\/wp\/v2\/pages\/1292"}],"wp:attachment":[{"href":"https:\/\/historiadelderecho.umh.es\/en\/wp-json\/wp\/v2\/media?parent=1298"}],"curies":[{"name":"wp","href":"https:\/\/api.w.org\/{rel}","templated":true}]}}

<p>[et_pb_section fb_built=&#8221;1&#8243; _builder_version=&#8221;4.16&#8243; global_colors_info=&#8221;{}&#8221;][et_pb_row _builder_version=&#8221;4.16&#8243; background_size=&#8221;initial&#8221; background_position=&#8221;top_left&#8221; background_repeat=&#8221;repeat&#8221; global_colors_info=&#8221;{}&#8221;][et_pb_column type=&#8221;4_4&#8243; _builder_version=&#8221;4.16&#8243; custom_padding=&#8221;|||&#8221; global_colors_info=&#8221;{}&#8221; custom_padding__hover=&#8221;|||&#8221;][et_pb_text _builder_version=&#8221;4.17.4&#8243; background_size=&#8221;initial&#8221; background_position=&#8221;top_left&#8221; background_repeat=&#8221;repeat&#8221; hover_enabled=&#8221;0&#8243; global_colors_info=&#8221;{}&#8221; sticky_enabled=&#8221;0&#8243;]</p>
<p style="text-align: justify"><strong>17:00h <a href="https://www.youtube.com/watch?v=I4CIh2SgSJs&amp;list=PLClKgnzRFYe68nC-NulAarekzTzn51cZC&amp;index=1" target="_blank" rel="noopener">Inauguración institucional</a></strong><br />Profs. Drs. José A. Pérez Juan y Sara Moreno Tejada, directores del congreso<br />Prof. Dr. José Carlos Espigares Huete, vicerrector de profesorado de la UMH</p>
<p><strong>Mesa 1</strong></p>
<p><strong>17:30h</strong> <a href="https://www.youtube.com/watch?v=om1nhgCjHV8&amp;list=PLClKgnzRFYe68nC-NulAarekzTzn51cZC&amp;index=3" target="_blank" rel="noopener"><em>Derechos de los españoles y totalitarismo en el Nuevo Estado </em></a><br />Profª. Dra. Victoria Sandoval Parra<br />Universidad de Murcia</p>
<p><strong>18:00h </strong><a href="https://www.youtube.com/watch?v=Jp1qMBUmd_E&amp;list=PLClKgnzRFYe68nC-NulAarekzTzn51cZC&amp;index=2" target="_blank" rel="noopener"><em>Axiología del totalitarismo en la Ley de Principios del Movimiento Nacional de 1958</em></a><br />Prof. Dr. Enrique Álvarez Cora<br />Universidad de Murcia</p>
<p><strong>18:30h Debate </strong></p>
<p><strong>18:45h Pausa café</strong></p>
<p><strong>Mesa 2 </strong></p>
<p><strong>19:00h </strong><a href="https://www.youtube.com/watch?v=hb043y7JuGo&amp;list=PLClKgnzRFYe68nC-NulAarekzTzn51cZC&amp;index=4" target="_blank" rel="noopener"><em>Violencia política y justicia penal del nuevo Estado franquista</em></a><br />Prof. Dr. Francisco Sevillano Calero<br />Universidad de Alicante</p>
<p><strong>19:30h </strong><a href="https://www.youtube.com/watch?v=E6DpWIbNH6g&amp;list=PLClKgnzRFYe68nC-NulAarekzTzn51cZC&amp;index=5" target="_blank" rel="noopener"><em>La Justicia y las inscripciones de defunción fuera de plazo “a consecuencia del Glorioso Movimiento Nacional” (1936-1977)</em></a><br />Prof. Dr. Roldán Jimeno Aranguren<br />Universidad pública de Navarra</p>
<p><strong>20:00h Debate</strong></p>
<p>[/et_pb_text][/et_pb_column][/et_pb_row][/et_pb_section]</p>

<p>17:00h Inauguración institucionalProfs. Drs. José A. Pérez Juan y Sara Moreno Tejada, directores del congresoProf. Dr. José Carlos Espigares Huete, vicerrector de profesorado de la UMH Mesa 1 17:30h Derechos de los españoles y totalitarismo en el Nuevo Estado Profª. Dra. Victoria Sandoval ParraUniversidad de Murcia 18:00h Axiología del totalitarismo en la Ley de Principios del [&hellip;]</p>

<p style="text-align: justify;"><strong>17:00h Inauguración institucional</strong><br />Dirección del Congreso<br />Vicerrectorado UMH</p><p><strong>Mesa 1</strong></p><p><strong>17:30h</strong> <em>Derechos de los españoles y totalitarismo en el Nuevo Estado </em><br />Profª. Dra. Victoria Sandoval Parra<br />Universidad de Murcia</p><p><strong>18:00h </strong><em>Axiología del totalitarismo en la Ley de Principios del Movimiento Nacional de 1958</em><br />Prof. Dr. Enrique Álvarez Cora<br />Universidad de Murcia</p><p><strong>18:30h Debate </strong></p><p><strong>18:45h Pausa café</strong></p><p><strong>Mesa 2 </strong></p><p><strong>19:00h </strong><em>Violencia política y justicia penal del nuevo Estado franquista</em><br />Prof. Dr. Francisco Sevillano Calero<br />Universidad de Alicante</p><p><strong>19:30h </strong><em>La Justicia y las inscripciones de defunción fuera de plazo “a consecuencia del Glorioso Movimiento Nacional” (1936-1977)</em><br />Prof. Dr. Roldán Jimeno Aranguren<br />Universidad pública de Navarra</p><p><strong>20:00h Debate</strong></p>
