{"id":4,"date":"2013-03-01T13:07:41","date_gmt":"2013-03-01T12:07:41","guid":{"rendered":"http:\/\/historiadelderecho.zeus.umh.es\/presentacion\/"},"modified":"2021-12-11T09:22:39","modified_gmt":"2021-12-11T08:22:39","slug":"presentacion","status":"publish","type":"page","link":"https:\/\/historiadelderecho.umh.es\/en\/","title":{"rendered":"Presentaci\u00f3n"},"content":{"rendered":"<p>[et_pb_section fb_built=&#8221;1&#8243; admin_label=&#8221;section&#8221; _builder_version=&#8221;3.22&#8243;][et_pb_row _builder_version=&#8221;4.2.2&#8243; custom_margin=&#8221;-29px|auto||auto||&#8221;][et_pb_column type=&#8221;4_4&#8243; _builder_version=&#8221;4.2.2&#8243;][et_pb_text _builder_version=&#8221;4.2.2&#8243; min_height=&#8221;98.2px&#8221;]<\/p>\n<p style=\"text-align: justify\">La c\u00e1tedra de\u00a0<strong>Historia del Derecho y de las Instituciones<\/strong> de la UMH\u00a0desarrolla su actividad tanto en el \u00e1mbito de la docencia como de la investigaci\u00f3n. En este sentido, imparte sus ense\u00f1anzas en los grados en Derecho, Ciencias Pol\u00edticas, Periodismo, Comunicaci\u00f3n y Relaciones laborales. Asimismo, participa en ense\u00f1anzas de master y doctorado. En el campo de la investigaci\u00f3n despliega una activa e intensa actividad centrada en el estudio de la Administraci\u00f3n de Justicia, la Organizaci\u00f3n Territorial y los Derechos Fundamentales.<\/p>\n<p>[\/et_pb_text][\/et_pb_column][\/et_pb_row][\/et_pb_section]<\/p>\n","protected":false},"excerpt":{"rendered":"<p>La c\u00e1tedra de\u00a0Historia del Derecho y de las Instituciones de la UMH\u00a0desarrolla su actividad tanto en el \u00e1mbito de la docencia como de la investigaci\u00f3n. En este sentido, imparte sus ense\u00f1anzas en los grados en Derecho, Ciencias Pol\u00edticas, Periodismo, Comunicaci\u00f3n y Relaciones laborales. Asimismo, participa en ense\u00f1anzas de master y doctorado. En el campo de [&hellip;]<\/p>\n","protected":false},"author":1,"featured_media":0,"parent":0,"menu_order":0,"comment_status":"closed","ping_status":"open","template":"","meta":{"_et_pb_use_builder":"on","_et_pb_old_content":"<a href=\"https:\/\/historiadelderecho.umh.es\/files\/2021\/01\/Logo-HDI-UMH.jpg\"><img class=\"alignleft wp-image-1131\" src=\"https:\/\/historiadelderecho.umh.es\/files\/2021\/01\/Logo-HDI-UMH-300x114.jpg\" alt=\"\" width=\"288\" height=\"110\" \/><\/a><a href=\"https:\/\/historiadelderecho.umh.es\/files\/2021\/11\/Portada-web.png\"><img class=\"alignright wp-image-1330\" src=\"https:\/\/historiadelderecho.umh.es\/files\/2021\/11\/Portada-web-300x69.png\" alt=\"\" width=\"410\" height=\"94\" \/><\/a>\r\n\r\n\u00a0\r\n\r\n\u00a0\r\n\r\n\u00a0\r\n\r\n<span style=\"color: #ffffff\">o<\/span>\r\n\r\n\u00a0\r\n<p style=\"text-align: justify\">La c\u00e1tedra de\u00a0<strong>Historia del Derecho y de las Instituciones<\/strong> de la UMH\u00a0desarrolla su campo de actuaci\u00f3n tanto en el \u00e1mbito de la docencia como de la investigaci\u00f3n. En este sentido, imparte sus ense\u00f1anzas en los grados en Derecho, Ciencias Pol\u00edticas, Periodismo y Relaciones laborales. Asimismo, participa en ense\u00f1anzas de master y doctorado. En el campo de la investigaci\u00f3n despliega una activa e intensa actividad centrada en el estudio de la Administraci\u00f3n de Justicia, la Organizaci\u00f3n Territorial y los Derechos Fundamentales.<\/p>","_et_gb_content_width":"","_links_to":"","_links_to_target":""},"_links":{"self":[{"href":"https:\/\/historiadelderecho.umh.es\/en\/wp-json\/wp\/v2\/pages\/4"}],"collection":[{"href":"https:\/\/historiadelderecho.umh.es\/en\/wp-json\/wp\/v2\/pages"}],"about":[{"href":"https:\/\/historiadelderecho.umh.es\/en\/wp-json\/wp\/v2\/types\/page"}],"author":[{"embeddable":true,"href":"https:\/\/historiadelderecho.umh.es\/en\/wp-json\/wp\/v2\/users\/1"}],"replies":[{"embeddable":true,"href":"https:\/\/historiadelderecho.umh.es\/en\/wp-json\/wp\/v2\/comments?post=4"}],"version-history":[{"count":0,"href":"https:\/\/historiadelderecho.umh.es\/en\/wp-json\/wp\/v2\/pages\/4\/revisions"}],"wp:attachment":[{"href":"https:\/\/historiadelderecho.umh.es\/en\/wp-json\/wp\/v2\/media?parent=4"}],"curies":[{"name":"wp","href":"https:\/\/api.w.org\/{rel}","templated":true}]}}

Presentación

<p>[et_pb_section fb_built=&#8221;1&#8243; admin_label=&#8221;section&#8221; _builder_version=&#8221;3.22&#8243;][et_pb_row _builder_version=&#8221;4.2.2&#8243; custom_margin=&#8221;-29px|auto||auto||&#8221;][et_pb_column type=&#8221;4_4&#8243; _builder_version=&#8221;4.2.2&#8243;][et_pb_text _builder_version=&#8221;4.2.2&#8243; min_height=&#8221;98.2px&#8221;]</p>
<p style="text-align: justify">La cátedra de <strong>Historia del Derecho y de las Instituciones</strong> de la UMH desarrolla su actividad tanto en el ámbito de la docencia como de la investigación. En este sentido, imparte sus enseñanzas en los grados en Derecho, Ciencias Políticas, Periodismo, Comunicación y Relaciones laborales. Asimismo, participa en enseñanzas de master y doctorado. En el campo de la investigación despliega una activa e intensa actividad centrada en el estudio de la Administración de Justicia, la Organización Territorial y los Derechos Fundamentales.</p>
<p>[/et_pb_text][/et_pb_column][/et_pb_row][/et_pb_section]</p>

<p>La cátedra de Historia del Derecho y de las Instituciones de la UMH desarrolla su actividad tanto en el ámbito de la docencia como de la investigación. En este sentido, imparte sus enseñanzas en los grados en Derecho, Ciencias Políticas, Periodismo, Comunicación y Relaciones laborales. Asimismo, participa en enseñanzas de master y doctorado. En el campo de [&hellip;]</p>

<a href="https://historiadelderecho.umh.es/files/2021/01/Logo-HDI-UMH.jpg"><img class="alignleft wp-image-1131" src="https://historiadelderecho.umh.es/files/2021/01/Logo-HDI-UMH-300x114.jpg" alt="" width="288" height="110" /></a><a href="https://historiadelderecho.umh.es/files/2021/11/Portada-web.png"><img class="alignright wp-image-1330" src="https://historiadelderecho.umh.es/files/2021/11/Portada-web-300x69.png" alt="" width="410" height="94" /></a>

 

 

 

<span style="color: #ffffff">o</span>

 
<p style="text-align: justify">La cátedra de <strong>Historia del Derecho y de las Instituciones</strong> de la UMH desarrolla su campo de actuación tanto en el ámbito de la docencia como de la investigación. En este sentido, imparte sus enseñanzas en los grados en Derecho, Ciencias Políticas, Periodismo y Relaciones laborales. Asimismo, participa en enseñanzas de master y doctorado. En el campo de la investigación despliega una activa e intensa actividad centrada en el estudio de la Administración de Justicia, la Organización Territorial y los Derechos Fundamentales.</p>
