{"id":533,"date":"2017-10-04T19:16:24","date_gmt":"2017-10-04T17:16:24","guid":{"rendered":"https:\/\/historiadelderecho.umh.es\/?page_id=533"},"modified":"2021-12-11T09:46:42","modified_gmt":"2021-12-11T08:46:42","slug":"congreso-internacional-el-poder-judicial-durante-la-republica-la-guerra-civil-y-el-franquismo-represion-y-orden-publico","status":"publish","type":"page","link":"https:\/\/historiadelderecho.umh.es\/en\/actividades\/congresos\/congreso-internacional-el-poder-judicial-durante-la-republica-la-guerra-civil-y-el-franquismo-represion-y-orden-publico\/","title":{"rendered":"Congreso Internacional el Poder Judicial durante la Rep\u00fablica, la Guerra Civil y el Franquismo: &#8220;REPRESI\u00d3N y ORDEN P\u00daBLICO&#8221;"},"content":{"rendered":"<p>[et_pb_section fb_built=&#8221;1&#8243; _builder_version=&#8221;3.22&#8243;][et_pb_row _builder_version=&#8221;3.25&#8243; background_size=&#8221;initial&#8221; background_position=&#8221;top_left&#8221; background_repeat=&#8221;repeat&#8221;][et_pb_column type=&#8221;4_4&#8243; _builder_version=&#8221;3.25&#8243; custom_padding=&#8221;|||&#8221; custom_padding__hover=&#8221;|||&#8221;][et_pb_text _builder_version=&#8221;3.27.4&#8243; background_size=&#8221;initial&#8221; background_position=&#8221;top_left&#8221; background_repeat=&#8221;repeat&#8221;]<\/p>\n<p style=\"text-align: justify\"><img loading=\"lazy\" class=\"size-medium wp-image-536 alignleft\" src=\"https:\/\/historiadelderecho.umh.es\/files\/2017\/10\/zamora-lerroux-1934-300x190.jpg\" alt=\"\" width=\"300\" height=\"190\" srcset=\"https:\/\/historiadelderecho.umh.es\/files\/2017\/10\/zamora-lerroux-1934-300x190.jpg 300w, https:\/\/historiadelderecho.umh.es\/files\/2017\/10\/zamora-lerroux-1934-768x488.jpg 768w, https:\/\/historiadelderecho.umh.es\/files\/2017\/10\/zamora-lerroux-1934.jpg 882w\" sizes=\"(max-width: 300px) 100vw, 300px\" \/>El Congreso Internacional: &#8220;<em>El Poder Judicial durante la Rep\u00fablica, la Guerra civil y el Franquismo: Represi\u00f3n y Orden p\u00fablico&#8221;\u00a0<\/em>tiene como principal objetivo la difusi\u00f3n de los acontecimientos hist\u00f3ricos acaecidos en nuestro pa\u00eds, y en especial en nuestra Comunidad Aut\u00f3noma, entre el 14 de abril de 1931 y la promulgaci\u00f3n del Estatuto valenciano de Autonom\u00eda en 1982. Se trata de recuperar la memoria de tantos protagonistas ignorados, y entre ellos muchos profesionales del Derecho que vieron truncadas sus carreras, y a\u00fan sus vidas, en un conflicto que parec\u00eda interminable y no tuvo un final deseado.<\/p>\n<p style=\"text-align: justify\">En \u00e9l participar\u00e1n grandes especialistas en el \u00e1mbito de la Administraci\u00f3n de Justicia de la \u00e9poca, que expondr\u00e1n su particular visi\u00f3n sobre el funcionamiento de este Poder del Estado durante la II Rep\u00fablica, la Guerra civil y el primer franquismo, haciendo especial hincapi\u00e9 en la politizaci\u00f3n del mismo y su instrumentalizaci\u00f3n para la represi\u00f3n y el mantenimiento del orden p\u00fablico en dicho periodo hist\u00f3rico.<\/p>\n<p style=\"text-align: justify\">Dar voz y escuchar a los historiadores y juristas que han estudiado estas Instituciones durante las etapas rese\u00f1adas ayudar\u00e1, sin duda, a recuperar nuestra Memoria hist\u00f3rica.\u00a0 No se puede ignorar la gran importancia de este tipo de foros, pues la construcci\u00f3n de un futuro s\u00f3lido en el que primen la democracia y los derechos y libertades de los ciudadanos depende, en gran medida, de conocer lo ocurrido y rememorar el pasado, puesto que, como dijo Miguel de Cervantes, la historia es, a su vez, testigo del ayer, aviso de lo presente y advertencia del porvenir.\u00a0<em>\u00a0<\/em><\/p>\n<p><span style=\"color: #ffffff\">A<\/span><\/p>\n<p><span style=\"color: #ffffff\">A<\/span><\/p>\n<h4 style=\"text-align: left\"><span style=\"color: #000080\"><strong><a href=\"https:\/\/historiadelderecho.umh.es\/actividades\/congresos\/congreso-internacional-el-poder-judicial-durante-la-republica-la-guerra-civil-y-el-franquismo-represion-y-orden-publico\/programa\/\">PROGRAMA<\/a>\u00a0<\/strong> \u00a0 \u00a0 \u00a0 \u00a0 \u00a0 \u00a0 \u00a0 \u00a0 \u00a0 \u00a0 \u00a0 \u00a0 \u00a0 \u00a0 \u00a0 \u00a0<strong><a href=\"https:\/\/goo.gl\/forms\/HQi457tKqcqs7yCF3\">INSCRIPCI\u00d3N<\/a><\/strong>\u00a0 \u00a0 \u00a0 \u00a0 \u00a0 \u00a0 \u00a0 \u00a0 \u00a0 \u00a0 \u00a0 \u00a0 \u00a0 \u00a0 \u00a0 \u00a0 \u00a0 \u00a0 \u00a0 \u00a0 <a href=\"https:\/\/historiadelderecho.umh.es\/actividades\/congresos\/congreso-internacional-el-poder-judicial-durante-la-republica-la-guerra-civil-y-el-franquismo-represion-y-orden-publico\/localizacion\/\"><strong>LOCALIZACI\u00d3N<\/strong><\/a><\/span><\/h4>\n<p><span style=\"color: #ffffff\">a<\/span><\/p>\n<p style=\"text-align: justify\"><span style=\"color: #ffffff\">a<\/span><\/p>\n<table style=\"height: 202px\" border=\"1\" width=\"1174\" cellspacing=\"0\" cellpadding=\"0\" align=\"center\">\n<tbody>\n<tr>\n<td style=\"text-align: justify\" valign=\"top\" width=\"280\"><strong>Organiza:<\/strong><\/p>\n<p>Prof. Dr. Jos\u00e9 A. P\u00e9rez Juan<\/p>\n<p>Prof. D\u00f1a. Sara Moreno Tejada<\/p>\n<p style=\"text-align: left\">Historia del Derecho y de las Instituciones<\/p>\n<p>Departamento de Ciencia Jur\u00eddica<\/p>\n<p>Universidad Miguel Hern\u00e1ndez de Elche<\/td>\n<td valign=\"middle\">\n<p style=\"text-align: justify\"><a href=\"https:\/\/historiadelderecho.umh.es\/conselleria-new\/\"><img loading=\"lazy\" class=\"alignleft size-medium wp-image-650\" src=\"https:\/\/historiadelderecho.umh.es\/files\/2017\/10\/Conselleria-New-300x164.png\" alt=\"\" width=\"300\" height=\"164\" srcset=\"https:\/\/historiadelderecho.umh.es\/files\/2017\/10\/Conselleria-New-300x164.png 300w, https:\/\/historiadelderecho.umh.es\/files\/2017\/10\/Conselleria-New-768x419.png 768w, https:\/\/historiadelderecho.umh.es\/files\/2017\/10\/Conselleria-New.png 825w\" sizes=\"(max-width: 300px) 100vw, 300px\" \/><\/a><strong>Patrocina y colabora:<\/strong><\/p>\n<p style=\"text-align: justify\"><a href=\"https:\/\/historiadelderecho.umh.es\/actividades\/seminariosjornadas\/ii-seminario-de-formacion-para-el-uso-de-recursos-en-linea-aplicados-a-la-memoria-democratica-valenciana\/catedra-interuniversitaria\/\" rel=\"attachment wp-att-653\"><img loading=\"lazy\" class=\"alignleft size-medium wp-image-653\" src=\"https:\/\/historiadelderecho.umh.es\/files\/2017\/10\/Catedra-interuniversitaria--300x112.png\" alt=\"\" width=\"300\" height=\"112\" srcset=\"https:\/\/historiadelderecho.umh.es\/files\/2017\/10\/Catedra-interuniversitaria--300x112.png 300w, https:\/\/historiadelderecho.umh.es\/files\/2017\/10\/Catedra-interuniversitaria--768x287.png 768w, https:\/\/historiadelderecho.umh.es\/files\/2017\/10\/Catedra-interuniversitaria--1024x382.png 1024w, https:\/\/historiadelderecho.umh.es\/files\/2017\/10\/Catedra-interuniversitaria-.png 1334w\" sizes=\"(max-width: 300px) 100vw, 300px\" \/><\/a>Resoluci\u00f3n de 23 de marzo de 2017, de la Conselleria de Justicia, Administraci\u00f3n P\u00fablica, Reformas Democr\u00e1ticas y Libertades P\u00fablicas, por la que se convocan, para el a\u00f1o 2017, subvenciones para la realizaci\u00f3n de proyectos e iniciativas en materia de recuperaci\u00f3n de la memoria hist\u00f3rica, en aras a la promoci\u00f3n de la convivencia democr\u00e1tica, y proyectos e iniciativas que promuevan el desarrollo de derechos y libertades fundamentales,\u00a0 desarrolladas por las Universidades de la Comunitat Valenciana.<\/p>\n<p><span style=\"color: #ffffff\"> p\u00a0<\/span><\/td>\n<\/tr>\n<\/tbody>\n<\/table>\n<p>[\/et_pb_text][\/et_pb_column][\/et_pb_row][\/et_pb_section]<\/p>\n","protected":false},"excerpt":{"rendered":"<p>El Congreso Internacional: &#8220;El Poder Judicial durante la Rep\u00fablica, la Guerra civil y el Franquismo: Represi\u00f3n y Orden p\u00fablico&#8221;\u00a0tiene como principal objetivo la difusi\u00f3n de los acontecimientos hist\u00f3ricos acaecidos en nuestro pa\u00eds, y en especial en nuestra Comunidad Aut\u00f3noma, entre el 14 de abril de 1931 y la promulgaci\u00f3n del Estatuto valenciano de Autonom\u00eda en [&hellip;]<\/p>\n","protected":false},"author":3004,"featured_media":0,"parent":23,"menu_order":0,"comment_status":"closed","ping_status":"closed","template":"","meta":{"_et_pb_use_builder":"on","_et_pb_old_content":"<p style=\"text-align: justify;\"><img class=\"size-medium wp-image-536 alignleft\" src=\"https:\/\/historiadelderecho.umh.es\/files\/2017\/10\/zamora-lerroux-1934-300x190.jpg\" alt=\"\" width=\"300\" height=\"190\" \/>El Congreso Internacional: \"<em>El Poder Judicial durante la Rep\u00fablica, la Guerra civil y el Franquismo: Represi\u00f3n y Orden p\u00fablico\"\u00a0<\/em>tiene como principal objetivo la difusi\u00f3n de los acontecimientos hist\u00f3ricos acaecidos en nuestro pa\u00eds, y en especial en nuestra Comunidad Aut\u00f3noma, entre el 14 de abril de 1931 y la promulgaci\u00f3n del Estatuto valenciano de Autonom\u00eda en 1982. Se trata de recuperar la memoria de tantos protagonistas ignorados, y entre ellos muchos profesionales del Derecho que vieron truncadas sus carreras, y a\u00fan sus vidas, en un conflicto que parec\u00eda interminable y no tuvo un final deseado.<\/p><p style=\"text-align: justify;\">En \u00e9l participar\u00e1n grandes especialistas en el \u00e1mbito de la Administraci\u00f3n de Justicia de la \u00e9poca, que expondr\u00e1n su particular visi\u00f3n sobre el funcionamiento de este Poder del Estado durante la II Rep\u00fablica, la Guerra civil y el primer franquismo, haciendo especial hincapi\u00e9 en la politizaci\u00f3n del mismo y su instrumentalizaci\u00f3n para la represi\u00f3n y el mantenimiento del orden p\u00fablico en dicho periodo hist\u00f3rico.<\/p><p style=\"text-align: justify;\">Dar voz y escuchar a los historiadores y juristas que han estudiado estas Instituciones durante las etapas rese\u00f1adas ayudar\u00e1, sin duda, a recuperar nuestra Memoria hist\u00f3rica.\u00a0 No se puede ignorar la gran importancia de este tipo de foros, pues la construcci\u00f3n de un futuro s\u00f3lido en el que primen la democracia y los derechos y libertades de los ciudadanos depende, en gran medida, de conocer lo ocurrido y rememorar el pasado, puesto que, como dijo Miguel de Cervantes, la historia es, a su vez, testigo del ayer, aviso de lo presente y advertencia del porvenir.\u00a0<em>\u00a0<\/em><\/p><p><span style=\"color: #ffffff;\">A<\/span><\/p><p><span style=\"color: #ffffff;\">A<\/span><\/p><h4 style=\"text-align: left;\"><span style=\"color: #000080;\"><strong><a href=\"https:\/\/historiadelderecho.umh.es\/actividades\/congresos\/congreso-internacional-el-poder-judicial-durante-la-republica-la-guerra-civil-y-el-franquismo-represion-y-orden-publico\/programa\/\">PROGRAMA<\/a>\u00a0<\/strong> \u00a0 \u00a0 \u00a0 \u00a0 \u00a0 \u00a0 \u00a0 \u00a0 \u00a0 \u00a0 \u00a0 \u00a0 \u00a0 \u00a0 \u00a0 \u00a0<strong><a href=\"https:\/\/goo.gl\/forms\/HQi457tKqcqs7yCF3\">INSCRIPCI\u00d3N<\/a><\/strong>\u00a0 \u00a0 \u00a0 \u00a0 \u00a0 \u00a0 \u00a0 \u00a0 \u00a0 \u00a0 \u00a0 \u00a0 \u00a0 \u00a0 \u00a0 \u00a0 \u00a0 \u00a0 \u00a0 \u00a0 <a href=\"https:\/\/historiadelderecho.umh.es\/actividades\/congresos\/congreso-internacional-el-poder-judicial-durante-la-republica-la-guerra-civil-y-el-franquismo-represion-y-orden-publico\/localizacion\/\"><strong>LOCALIZACI\u00d3N<\/strong><\/a><\/span><\/h4><p><span style=\"color: #ffffff;\">a<\/span><\/p><p style=\"text-align: justify;\"><span style=\"color: #ffffff;\">a<\/span><\/p><table style=\"height: 202px;\" border=\"1\" width=\"1174\" cellspacing=\"0\" cellpadding=\"0\" align=\"center\"><tbody><tr><td style=\"text-align: justify;\" valign=\"top\" width=\"280\"><p><strong>Organiza:<\/strong><\/p><p>Prof. Dr. Jos\u00e9 A. P\u00e9rez Juan<\/p><p>Prof. D\u00f1a. Sara Moreno Tejada<\/p><p style=\"text-align: left;\">Historia del Derecho y de las Instituciones<\/p><p>Departamento de Ciencia Jur\u00eddica<\/p><p>Universidad Miguel Hern\u00e1ndez de Elche<\/p><\/td><td valign=\"middle\"><p style=\"text-align: justify;\"><a href=\"https:\/\/historiadelderecho.umh.es\/conselleria-new\/\"><img class=\"alignleft size-medium wp-image-650\" src=\"https:\/\/historiadelderecho.umh.es\/files\/2017\/10\/Conselleria-New-300x164.png\" alt=\"\" width=\"300\" height=\"164\" \/><\/a><strong>Patrocina y colabora:<\/strong><\/p><p style=\"text-align: justify;\"><a href=\"https:\/\/historiadelderecho.umh.es\/actividades\/seminariosjornadas\/ii-seminario-de-formacion-para-el-uso-de-recursos-en-linea-aplicados-a-la-memoria-democratica-valenciana\/catedra-interuniversitaria\/\" rel=\"attachment wp-att-653\"><img class=\"alignleft size-medium wp-image-653\" src=\"https:\/\/historiadelderecho.umh.es\/files\/2017\/10\/Catedra-interuniversitaria--300x112.png\" alt=\"\" width=\"300\" height=\"112\" \/><\/a>Resoluci\u00f3n de 23 de marzo de 2017, de la Conselleria de Justicia, Administraci\u00f3n P\u00fablica, Reformas Democr\u00e1ticas y Libertades P\u00fablicas, por la que se convocan, para el a\u00f1o 2017, subvenciones para la realizaci\u00f3n de proyectos e iniciativas en materia de recuperaci\u00f3n de la memoria hist\u00f3rica, en aras a la promoci\u00f3n de la convivencia democr\u00e1tica, y proyectos e iniciativas que promuevan el desarrollo de derechos y libertades fundamentales,\u00a0 desarrolladas por las Universidades de la Comunitat Valenciana.<\/p><p><span style=\"color: #ffffff;\"> p\u00a0<\/span><\/p><\/td><\/tr><\/tbody><\/table>","_et_gb_content_width":"","_links_to":"","_links_to_target":""},"_links":{"self":[{"href":"https:\/\/historiadelderecho.umh.es\/en\/wp-json\/wp\/v2\/pages\/533"}],"collection":[{"href":"https:\/\/historiadelderecho.umh.es\/en\/wp-json\/wp\/v2\/pages"}],"about":[{"href":"https:\/\/historiadelderecho.umh.es\/en\/wp-json\/wp\/v2\/types\/page"}],"author":[{"embeddable":true,"href":"https:\/\/historiadelderecho.umh.es\/en\/wp-json\/wp\/v2\/users\/3004"}],"replies":[{"embeddable":true,"href":"https:\/\/historiadelderecho.umh.es\/en\/wp-json\/wp\/v2\/comments?post=533"}],"version-history":[{"count":0,"href":"https:\/\/historiadelderecho.umh.es\/en\/wp-json\/wp\/v2\/pages\/533\/revisions"}],"up":[{"embeddable":true,"href":"https:\/\/historiadelderecho.umh.es\/en\/wp-json\/wp\/v2\/pages\/23"}],"wp:attachment":[{"href":"https:\/\/historiadelderecho.umh.es\/en\/wp-json\/wp\/v2\/media?parent=533"}],"curies":[{"name":"wp","href":"https:\/\/api.w.org\/{rel}","templated":true}]}}

Congreso Internacional el Poder Judicial durante la República, la Guerra Civil y el Franquismo: &#8220;REPRESIÓN y ORDEN PÚBLICO&#8221;

<p>[et_pb_section fb_built=&#8221;1&#8243; _builder_version=&#8221;3.22&#8243;][et_pb_row _builder_version=&#8221;3.25&#8243; background_size=&#8221;initial&#8221; background_position=&#8221;top_left&#8221; background_repeat=&#8221;repeat&#8221;][et_pb_column type=&#8221;4_4&#8243; _builder_version=&#8221;3.25&#8243; custom_padding=&#8221;|||&#8221; custom_padding__hover=&#8221;|||&#8221;][et_pb_text _builder_version=&#8221;3.27.4&#8243; background_size=&#8221;initial&#8221; background_position=&#8221;top_left&#8221; background_repeat=&#8221;repeat&#8221;]</p>
<p style="text-align: justify"><img loading="lazy" class="size-medium wp-image-536 alignleft" src="https://historiadelderecho.umh.es/files/2017/10/zamora-lerroux-1934-300x190.jpg" alt="" width="300" height="190" srcset="https://historiadelderecho.umh.es/files/2017/10/zamora-lerroux-1934-300x190.jpg 300w, https://historiadelderecho.umh.es/files/2017/10/zamora-lerroux-1934-768x488.jpg 768w, https://historiadelderecho.umh.es/files/2017/10/zamora-lerroux-1934.jpg 882w" sizes="(max-width: 300px) 100vw, 300px" />El Congreso Internacional: &#8220;<em>El Poder Judicial durante la República, la Guerra civil y el Franquismo: Represión y Orden público&#8221; </em>tiene como principal objetivo la difusión de los acontecimientos históricos acaecidos en nuestro país, y en especial en nuestra Comunidad Autónoma, entre el 14 de abril de 1931 y la promulgación del Estatuto valenciano de Autonomía en 1982. Se trata de recuperar la memoria de tantos protagonistas ignorados, y entre ellos muchos profesionales del Derecho que vieron truncadas sus carreras, y aún sus vidas, en un conflicto que parecía interminable y no tuvo un final deseado.</p>
<p style="text-align: justify">En él participarán grandes especialistas en el ámbito de la Administración de Justicia de la época, que expondrán su particular visión sobre el funcionamiento de este Poder del Estado durante la II República, la Guerra civil y el primer franquismo, haciendo especial hincapié en la politización del mismo y su instrumentalización para la represión y el mantenimiento del orden público en dicho periodo histórico.</p>
<p style="text-align: justify">Dar voz y escuchar a los historiadores y juristas que han estudiado estas Instituciones durante las etapas reseñadas ayudará, sin duda, a recuperar nuestra Memoria histórica.  No se puede ignorar la gran importancia de este tipo de foros, pues la construcción de un futuro sólido en el que primen la democracia y los derechos y libertades de los ciudadanos depende, en gran medida, de conocer lo ocurrido y rememorar el pasado, puesto que, como dijo Miguel de Cervantes, la historia es, a su vez, testigo del ayer, aviso de lo presente y advertencia del porvenir. <em> </em></p>
<p><span style="color: #ffffff">A</span></p>
<p><span style="color: #ffffff">A</span></p>
<h4 style="text-align: left"><span style="color: #000080"><strong><a href="https://historiadelderecho.umh.es/actividades/congresos/congreso-internacional-el-poder-judicial-durante-la-republica-la-guerra-civil-y-el-franquismo-represion-y-orden-publico/programa/">PROGRAMA</a> </strong>                                <strong><a href="https://goo.gl/forms/HQi457tKqcqs7yCF3">INSCRIPCIÓN</a></strong>                                        <a href="https://historiadelderecho.umh.es/actividades/congresos/congreso-internacional-el-poder-judicial-durante-la-republica-la-guerra-civil-y-el-franquismo-represion-y-orden-publico/localizacion/"><strong>LOCALIZACIÓN</strong></a></span></h4>
<p><span style="color: #ffffff">a</span></p>
<p style="text-align: justify"><span style="color: #ffffff">a</span></p>
<table style="height: 202px" border="1" width="1174" cellspacing="0" cellpadding="0" align="center">
<tbody>
<tr>
<td style="text-align: justify" valign="top" width="280"><strong>Organiza:</strong></p>
<p>Prof. Dr. José A. Pérez Juan</p>
<p>Prof. Dña. Sara Moreno Tejada</p>
<p style="text-align: left">Historia del Derecho y de las Instituciones</p>
<p>Departamento de Ciencia Jurídica</p>
<p>Universidad Miguel Hernández de Elche</td>
<td valign="middle">
<p style="text-align: justify"><a href="https://historiadelderecho.umh.es/conselleria-new/"><img loading="lazy" class="alignleft size-medium wp-image-650" src="https://historiadelderecho.umh.es/files/2017/10/Conselleria-New-300x164.png" alt="" width="300" height="164" srcset="https://historiadelderecho.umh.es/files/2017/10/Conselleria-New-300x164.png 300w, https://historiadelderecho.umh.es/files/2017/10/Conselleria-New-768x419.png 768w, https://historiadelderecho.umh.es/files/2017/10/Conselleria-New.png 825w" sizes="(max-width: 300px) 100vw, 300px" /></a><strong>Patrocina y colabora:</strong></p>
<p style="text-align: justify"><a href="https://historiadelderecho.umh.es/actividades/seminariosjornadas/ii-seminario-de-formacion-para-el-uso-de-recursos-en-linea-aplicados-a-la-memoria-democratica-valenciana/catedra-interuniversitaria/" rel="attachment wp-att-653"><img loading="lazy" class="alignleft size-medium wp-image-653" src="https://historiadelderecho.umh.es/files/2017/10/Catedra-interuniversitaria--300x112.png" alt="" width="300" height="112" srcset="https://historiadelderecho.umh.es/files/2017/10/Catedra-interuniversitaria--300x112.png 300w, https://historiadelderecho.umh.es/files/2017/10/Catedra-interuniversitaria--768x287.png 768w, https://historiadelderecho.umh.es/files/2017/10/Catedra-interuniversitaria--1024x382.png 1024w, https://historiadelderecho.umh.es/files/2017/10/Catedra-interuniversitaria-.png 1334w" sizes="(max-width: 300px) 100vw, 300px" /></a>Resolución de 23 de marzo de 2017, de la Conselleria de Justicia, Administración Pública, Reformas Democráticas y Libertades Públicas, por la que se convocan, para el año 2017, subvenciones para la realización de proyectos e iniciativas en materia de recuperación de la memoria histórica, en aras a la promoción de la convivencia democrática, y proyectos e iniciativas que promuevan el desarrollo de derechos y libertades fundamentales,  desarrolladas por las Universidades de la Comunitat Valenciana.</p>
<p><span style="color: #ffffff"> p </span></td>
</tr>
</tbody>
</table>
<p>[/et_pb_text][/et_pb_column][/et_pb_row][/et_pb_section]</p>

<p>El Congreso Internacional: &#8220;El Poder Judicial durante la República, la Guerra civil y el Franquismo: Represión y Orden público&#8221; tiene como principal objetivo la difusión de los acontecimientos históricos acaecidos en nuestro país, y en especial en nuestra Comunidad Autónoma, entre el 14 de abril de 1931 y la promulgación del Estatuto valenciano de Autonomía en [&hellip;]</p>

<p style="text-align: justify;"><img class="size-medium wp-image-536 alignleft" src="https://historiadelderecho.umh.es/files/2017/10/zamora-lerroux-1934-300x190.jpg" alt="" width="300" height="190" />El Congreso Internacional: "<em>El Poder Judicial durante la República, la Guerra civil y el Franquismo: Represión y Orden público" </em>tiene como principal objetivo la difusión de los acontecimientos históricos acaecidos en nuestro país, y en especial en nuestra Comunidad Autónoma, entre el 14 de abril de 1931 y la promulgación del Estatuto valenciano de Autonomía en 1982. Se trata de recuperar la memoria de tantos protagonistas ignorados, y entre ellos muchos profesionales del Derecho que vieron truncadas sus carreras, y aún sus vidas, en un conflicto que parecía interminable y no tuvo un final deseado.</p><p style="text-align: justify;">En él participarán grandes especialistas en el ámbito de la Administración de Justicia de la época, que expondrán su particular visión sobre el funcionamiento de este Poder del Estado durante la II República, la Guerra civil y el primer franquismo, haciendo especial hincapié en la politización del mismo y su instrumentalización para la represión y el mantenimiento del orden público en dicho periodo histórico.</p><p style="text-align: justify;">Dar voz y escuchar a los historiadores y juristas que han estudiado estas Instituciones durante las etapas reseñadas ayudará, sin duda, a recuperar nuestra Memoria histórica.  No se puede ignorar la gran importancia de este tipo de foros, pues la construcción de un futuro sólido en el que primen la democracia y los derechos y libertades de los ciudadanos depende, en gran medida, de conocer lo ocurrido y rememorar el pasado, puesto que, como dijo Miguel de Cervantes, la historia es, a su vez, testigo del ayer, aviso de lo presente y advertencia del porvenir. <em> </em></p><p><span style="color: #ffffff;">A</span></p><p><span style="color: #ffffff;">A</span></p><h4 style="text-align: left;"><span style="color: #000080;"><strong><a href="https://historiadelderecho.umh.es/actividades/congresos/congreso-internacional-el-poder-judicial-durante-la-republica-la-guerra-civil-y-el-franquismo-represion-y-orden-publico/programa/">PROGRAMA</a> </strong>                                <strong><a href="https://goo.gl/forms/HQi457tKqcqs7yCF3">INSCRIPCIÓN</a></strong>                                        <a href="https://historiadelderecho.umh.es/actividades/congresos/congreso-internacional-el-poder-judicial-durante-la-republica-la-guerra-civil-y-el-franquismo-represion-y-orden-publico/localizacion/"><strong>LOCALIZACIÓN</strong></a></span></h4><p><span style="color: #ffffff;">a</span></p><p style="text-align: justify;"><span style="color: #ffffff;">a</span></p><table style="height: 202px;" border="1" width="1174" cellspacing="0" cellpadding="0" align="center"><tbody><tr><td style="text-align: justify;" valign="top" width="280"><p><strong>Organiza:</strong></p><p>Prof. Dr. José A. Pérez Juan</p><p>Prof. Dña. Sara Moreno Tejada</p><p style="text-align: left;">Historia del Derecho y de las Instituciones</p><p>Departamento de Ciencia Jurídica</p><p>Universidad Miguel Hernández de Elche</p></td><td valign="middle"><p style="text-align: justify;"><a href="https://historiadelderecho.umh.es/conselleria-new/"><img class="alignleft size-medium wp-image-650" src="https://historiadelderecho.umh.es/files/2017/10/Conselleria-New-300x164.png" alt="" width="300" height="164" /></a><strong>Patrocina y colabora:</strong></p><p style="text-align: justify;"><a href="https://historiadelderecho.umh.es/actividades/seminariosjornadas/ii-seminario-de-formacion-para-el-uso-de-recursos-en-linea-aplicados-a-la-memoria-democratica-valenciana/catedra-interuniversitaria/" rel="attachment wp-att-653"><img class="alignleft size-medium wp-image-653" src="https://historiadelderecho.umh.es/files/2017/10/Catedra-interuniversitaria--300x112.png" alt="" width="300" height="112" /></a>Resolución de 23 de marzo de 2017, de la Conselleria de Justicia, Administración Pública, Reformas Democráticas y Libertades Públicas, por la que se convocan, para el año 2017, subvenciones para la realización de proyectos e iniciativas en materia de recuperación de la memoria histórica, en aras a la promoción de la convivencia democrática, y proyectos e iniciativas que promuevan el desarrollo de derechos y libertades fundamentales,  desarrolladas por las Universidades de la Comunitat Valenciana.</p><p><span style="color: #ffffff;"> p </span></p></td></tr></tbody></table>
