{"id":674,"date":"2017-10-26T00:07:12","date_gmt":"2017-10-25T22:07:12","guid":{"rendered":"https:\/\/historiadelderecho.umh.es\/?page_id=674"},"modified":"2021-12-11T09:38:17","modified_gmt":"2021-12-11T08:38:17","slug":"seminario-comisiones-obreras-y-sus-afiliados-en-elche","status":"publish","type":"page","link":"https:\/\/historiadelderecho.umh.es\/en\/actividades\/seminariosjornadas\/seminario-comisiones-obreras-y-sus-afiliados-en-elche\/","title":{"rendered":"Seminario Comisiones obreras y sus afiliados en Elche"},"content":{"rendered":"<p>[et_pb_section fb_built=&#8221;1&#8243; _builder_version=&#8221;3.22&#8243;][et_pb_row _builder_version=&#8221;3.25&#8243; background_size=&#8221;initial&#8221; background_position=&#8221;top_left&#8221; background_repeat=&#8221;repeat&#8221;][et_pb_column type=&#8221;4_4&#8243; _builder_version=&#8221;3.25&#8243; custom_padding=&#8221;|||&#8221; custom_padding__hover=&#8221;|||&#8221;][et_pb_text _builder_version=&#8221;3.27.4&#8243; background_size=&#8221;initial&#8221; background_position=&#8221;top_left&#8221; background_repeat=&#8221;repeat&#8221;]<\/p>\n<p style=\"text-align: justify\"><a href=\"https:\/\/historiadelderecho.umh.es\/files\/2017\/10\/Publicaci\u00f3n3.jpg\"><img loading=\"lazy\" class=\"size-medium wp-image-677 alignleft\" src=\"https:\/\/historiadelderecho.umh.es\/files\/2017\/10\/Publicaci\u00f3n3-212x300.jpg\" alt=\"\" width=\"212\" height=\"300\" srcset=\"https:\/\/historiadelderecho.umh.es\/files\/2017\/10\/Publicaci\u00f3n3-212x300.jpg 212w, https:\/\/historiadelderecho.umh.es\/files\/2017\/10\/Publicaci\u00f3n3-768x1086.jpg 768w, https:\/\/historiadelderecho.umh.es\/files\/2017\/10\/Publicaci\u00f3n3-724x1024.jpg 724w, https:\/\/historiadelderecho.umh.es\/files\/2017\/10\/Publicaci\u00f3n3.jpg 1240w\" sizes=\"(max-width: 212px) 100vw, 212px\" \/><\/a>La C\u00e1tedra Pedro Ibarra de la Universidad Miguel Hern\u00e1ndez ha tenido acceso recientemente a un archivo conservado por un particular que tiene un enorme valor hist\u00f3rico. Se trata de una colecci\u00f3n superior a 15000 fichas con los datos personales y profesionales de los afiliados en Elche al sindicato Comisiones Obreras entre 1976 y 1977.\u00a0 Fecha crucial, pues son los primeros a\u00f1os en los que el Sindicato fue legalizado en nuestro pa\u00eds. Se trata de un hallazgo muy importante, pues el estudio de dichas fichas nos permitir\u00e1 conocer todo el tejido industrial y laboral de la ciudad en esos a\u00f1os.<\/p>\n<p style=\"text-align: justify\">Es, precisamente, para lograr este objetivo por lo que se ha organizado el &#8220;<em>Seminario Comisiones obreras y sus afiliados en Elche&#8221;\u00a0<\/em>que, destinado a investigadores y estudiantes de tercer ciclo, tiene como principales metas dar a conocer los datos personales de los afiliados a CCOO en Elche durante los primeros a\u00f1os de la Transici\u00f3n y dise\u00f1ar un perfil sociol\u00f3gico y econ\u00f3mico de los trabajadores ilicitanos en aquellos a\u00f1os.<\/p>\n<p style=\"text-align: justify\">El indicado Seminario tendr\u00e1 lugar los d\u00edas\u00a023, 24, 25, 26,27, 30, 31 de octubre, y 2 de noviembre, de 16:00h a 18:00h, en el Seminario de Investigaci\u00f3n sito en el edificio Torrevaillo, Campus de Elche. A lo largo del mismo se combinar\u00e1n sesiones te\u00f3ricas y pr\u00e1cticas en las que se llevar\u00e1 a cabo\u00a0una base de datos con el contenido de las citadas fichas, ordenando su contenido por sectores econ\u00f3micos y orden alfab\u00e9tico. El resultado de dicha acci\u00f3n ser\u00e1 puesto a disposici\u00f3n de toda la comunidad cient\u00edfica en el portal web Memoria digital de Elche <a href=\"http:\/\/www.elche.me\/\">http:\/\/www.elche.me\/<\/a><\/p>\n<p><strong>Profesorado:<\/strong><\/p>\n<p>Gema Rubio Navarro<\/p>\n<p>Rafael McEvoy Bravo<\/p>\n<table style=\"height: 202px\" border=\"1\" width=\"1174\" cellspacing=\"0\" cellpadding=\"0\" align=\"center\">\n<tbody>\n<tr>\n<td style=\"text-align: justify\" valign=\"top\" width=\"280\"><strong>Organiza y coordina:<\/strong><\/p>\n<p>Prof. Dr. Jos\u00e9 A. P\u00e9rez Juan<\/p>\n<p>Prof. Dr. Miguel Ors Montenegro<\/p>\n<p><strong>Secretaria t\u00e9cnica:<\/strong><\/p>\n<p>Sara Moreno Tejada<\/p>\n<p><a href=\"https:\/\/historiadelderecho.umh.es\/files\/2017\/10\/20-ANIV-LOGO_correo.jpg\"><img loading=\"lazy\" class=\"wp-image-665 alignleft\" src=\"https:\/\/historiadelderecho.umh.es\/files\/2017\/10\/20-ANIV-LOGO_correo.jpg\" alt=\"\" width=\"120\" height=\"41\" \/><\/a><\/td>\n<td style=\"text-align: right\" valign=\"middle\">\n<p style=\"text-align: justify\"><strong>Patrocina:\u00a0 \u00a0 \u00a0 \u00a0 \u00a0 \u00a0 \u00a0 \u00a0 \u00a0 \u00a0 \u00a0 \u00a0 \u00a0 \u00a0 \u00a0 \u00a0 \u00a0 \u00a0 \u00a0 \u00a0 \u00a0 \u00a0 \u00a0 \u00a0 \u00a0 \u00a0 \u00a0 \u00a0 \u00a0 \u00a0 \u00a0 \u00a0 \u00a0 \u00a0 \u00a0 \u00a0 \u00a0 \u00a0 \u00a0 \u00a0 \u00a0 \u00a0 \u00a0 \u00a0 \u00a0 \u00a0 \u00a0 \u00a0 \u00a0 \u00a0 \u00a0 \u00a0 \u00a0 \u00a0 \u00a0 \u00a0 \u00a0 \u00a0 \u00a0 \u00a0 \u00a0 \u00a0 \u00a0 \u00a0 \u00a0 \u00a0 \u00a0 \u00a0 \u00a0 \u00a0 \u00a0 \u00a0 \u00a0 \u00a0 \u00a0 \u00a0 Colabora: <\/strong><\/p>\n<p><img loading=\"lazy\" class=\"size-medium wp-image-650 alignleft\" style=\"text-align: justify\" src=\"https:\/\/historiadelderecho.umh.es\/files\/2017\/10\/Conselleria-New-300x164.png\" alt=\"\" width=\"300\" height=\"164\" srcset=\"https:\/\/historiadelderecho.umh.es\/files\/2017\/10\/Conselleria-New-300x164.png 300w, https:\/\/historiadelderecho.umh.es\/files\/2017\/10\/Conselleria-New-768x419.png 768w, https:\/\/historiadelderecho.umh.es\/files\/2017\/10\/Conselleria-New.png 825w\" sizes=\"(max-width: 300px) 100vw, 300px\" \/><br \/>\n<img loading=\"lazy\" class=\"alignnone wp-image-662 alignright\" src=\"https:\/\/historiadelderecho.umh.es\/files\/2017\/10\/1-300x201.jpg\" alt=\"\" width=\"231\" height=\"155\" srcset=\"https:\/\/historiadelderecho.umh.es\/files\/2017\/10\/1-300x201.jpg 300w, https:\/\/historiadelderecho.umh.es\/files\/2017\/10\/1-768x515.jpg 768w, https:\/\/historiadelderecho.umh.es\/files\/2017\/10\/1-1024x687.jpg 1024w\" sizes=\"(max-width: 231px) 100vw, 231px\" \/><\/p>\n<p style=\"text-align: justify\">Resoluci\u00f3n de 23 de marzo de 2017, de la Conselleria de Justicia, Administraci\u00f3n P\u00fablica, Reformas Democr\u00e1ticas y Libertades P\u00fablicas, por la que se convocan, para el a\u00f1o 2017, subvenciones para la realizaci\u00f3n de proyectos e iniciativas en materia de recuperaci\u00f3n de la memoria hist\u00f3rica, en aras a la promoci\u00f3n de la convivencia democr\u00e1tica, y proyectos e iniciativas que promuevan el desarrollo de derechos y libertades fundamentales,\u00a0 desarrolladas por las Universidades de la Comunitat Valenciana.<\/p>\n<p><span style=\"color: #ffffff\"> p\u00a0<\/span><\/td>\n<\/tr>\n<\/tbody>\n<\/table>\n<p>[\/et_pb_text][\/et_pb_column][\/et_pb_row][\/et_pb_section]<\/p>\n","protected":false},"excerpt":{"rendered":"<p>La C\u00e1tedra Pedro Ibarra de la Universidad Miguel Hern\u00e1ndez ha tenido acceso recientemente a un archivo conservado por un particular que tiene un enorme valor hist\u00f3rico. Se trata de una colecci\u00f3n superior a 15000 fichas con los datos personales y profesionales de los afiliados en Elche al sindicato Comisiones Obreras entre 1976 y 1977.\u00a0 Fecha [&hellip;]<\/p>\n","protected":false},"author":3004,"featured_media":0,"parent":24,"menu_order":0,"comment_status":"closed","ping_status":"closed","template":"","meta":{"_et_pb_use_builder":"on","_et_pb_old_content":"<p style=\"text-align: justify;\"><a href=\"https:\/\/historiadelderecho.umh.es\/files\/2017\/10\/Publicaci\u00f3n3.jpg\"><img class=\"size-medium wp-image-677 alignleft\" src=\"https:\/\/historiadelderecho.umh.es\/files\/2017\/10\/Publicaci\u00f3n3-212x300.jpg\" alt=\"\" width=\"212\" height=\"300\" \/><\/a>La C\u00e1tedra Pedro Ibarra de la Universidad Miguel Hern\u00e1ndez ha tenido acceso recientemente a un archivo conservado por un particular que tiene un enorme valor hist\u00f3rico. Se trata de una colecci\u00f3n superior a 15000 fichas con los datos personales y profesionales de los afiliados en Elche al sindicato Comisiones Obreras entre 1976 y 1977.\u00a0 Fecha crucial, pues son los primeros a\u00f1os en los que el Sindicato fue legalizado en nuestro pa\u00eds. Se trata de un hallazgo muy importante, pues el estudio de dichas fichas nos permitir\u00e1 conocer todo el tejido industrial y laboral de la ciudad en esos a\u00f1os.<\/p><p style=\"text-align: justify;\">Es, precisamente, para lograr este objetivo por lo que se ha organizado el \"<em>Seminario Comisiones obreras y sus afiliados en Elche\"\u00a0<\/em>que, destinado a investigadores y estudiantes de tercer ciclo, tiene como principales metas dar a conocer los datos personales de los afiliados a CCOO en Elche durante los primeros a\u00f1os de la Transici\u00f3n y dise\u00f1ar un perfil sociol\u00f3gico y econ\u00f3mico de los trabajadores ilicitanos en aquellos a\u00f1os.<\/p><p style=\"text-align: justify;\">El indicado Seminario tendr\u00e1 lugar los d\u00edas\u00a023, 24, 25, 26,27, 30, 31 de octubre, y 2 de noviembre, de 16:00h a 18:00h, en el Seminario de Investigaci\u00f3n sito en el edificio Torrevaillo, Campus de Elche. A lo largo del mismo se combinar\u00e1n sesiones te\u00f3ricas y pr\u00e1cticas en las que se llevar\u00e1 a cabo\u00a0una base de datos con el contenido de las citadas fichas, ordenando su contenido por sectores econ\u00f3micos y orden alfab\u00e9tico. El resultado de dicha acci\u00f3n ser\u00e1 puesto a disposici\u00f3n de toda la comunidad cient\u00edfica en el portal web Memoria digital de Elche <a href=\"http:\/\/www.elche.me\/\">http:\/\/www.elche.me\/<\/a><\/p><p><strong>Profesorado:<\/strong><\/p><p>Gema Rubio Navarro<\/p><p>Rafael McEvoy Bravo<\/p><table style=\"height: 202px;\" border=\"1\" width=\"1174\" cellspacing=\"0\" cellpadding=\"0\" align=\"center\"><tbody><tr><td style=\"text-align: justify;\" valign=\"top\" width=\"280\"><p><strong>Organiza y coordina:<\/strong><\/p><p>Prof. Dr. Jos\u00e9 A. P\u00e9rez Juan<\/p><p>Prof. Dr. Miguel Ors Montenegro<\/p><p><strong>Secretaria t\u00e9cnica:<\/strong><\/p><p>Sara Moreno Tejada<\/p><p><a href=\"https:\/\/historiadelderecho.umh.es\/files\/2017\/10\/20-ANIV-LOGO_correo.jpg\"><img class=\"wp-image-665 alignleft\" src=\"https:\/\/historiadelderecho.umh.es\/files\/2017\/10\/20-ANIV-LOGO_correo.jpg\" alt=\"\" width=\"120\" height=\"41\" \/><\/a><\/p><\/td><td style=\"text-align: right;\" valign=\"middle\"><p style=\"text-align: justify;\"><strong>Patrocina:\u00a0 \u00a0 \u00a0 \u00a0 \u00a0 \u00a0 \u00a0 \u00a0 \u00a0 \u00a0 \u00a0 \u00a0 \u00a0 \u00a0 \u00a0 \u00a0 \u00a0 \u00a0 \u00a0 \u00a0 \u00a0 \u00a0 \u00a0 \u00a0 \u00a0 \u00a0 \u00a0 \u00a0 \u00a0 \u00a0 \u00a0 \u00a0 \u00a0 \u00a0 \u00a0 \u00a0 \u00a0 \u00a0 \u00a0 \u00a0 \u00a0 \u00a0 \u00a0 \u00a0 \u00a0 \u00a0 \u00a0 \u00a0 \u00a0 \u00a0 \u00a0 \u00a0 \u00a0 \u00a0 \u00a0 \u00a0 \u00a0 \u00a0 \u00a0 \u00a0 \u00a0 \u00a0 \u00a0 \u00a0 \u00a0 \u00a0 \u00a0 \u00a0 \u00a0 \u00a0 \u00a0 \u00a0 \u00a0 \u00a0 \u00a0 \u00a0 Colabora: <\/strong><\/p><p><img class=\"size-medium wp-image-650 alignleft\" style=\"text-align: justify;\" src=\"https:\/\/historiadelderecho.umh.es\/files\/2017\/10\/Conselleria-New-300x164.png\" alt=\"\" width=\"300\" height=\"164\" \/><br \/><img class=\"alignnone wp-image-662 alignright\" src=\"https:\/\/historiadelderecho.umh.es\/files\/2017\/10\/1-300x201.jpg\" alt=\"\" width=\"231\" height=\"155\" \/><\/p><p style=\"text-align: justify;\">Resoluci\u00f3n de 23 de marzo de 2017, de la Conselleria de Justicia, Administraci\u00f3n P\u00fablica, Reformas Democr\u00e1ticas y Libertades P\u00fablicas, por la que se convocan, para el a\u00f1o 2017, subvenciones para la realizaci\u00f3n de proyectos e iniciativas en materia de recuperaci\u00f3n de la memoria hist\u00f3rica, en aras a la promoci\u00f3n de la convivencia democr\u00e1tica, y proyectos e iniciativas que promuevan el desarrollo de derechos y libertades fundamentales,\u00a0 desarrolladas por las Universidades de la Comunitat Valenciana.<\/p><p><span style=\"color: #ffffff;\"> p\u00a0<\/span><\/p><\/td><\/tr><\/tbody><\/table>","_et_gb_content_width":"","_links_to":"","_links_to_target":""},"_links":{"self":[{"href":"https:\/\/historiadelderecho.umh.es\/en\/wp-json\/wp\/v2\/pages\/674"}],"collection":[{"href":"https:\/\/historiadelderecho.umh.es\/en\/wp-json\/wp\/v2\/pages"}],"about":[{"href":"https:\/\/historiadelderecho.umh.es\/en\/wp-json\/wp\/v2\/types\/page"}],"author":[{"embeddable":true,"href":"https:\/\/historiadelderecho.umh.es\/en\/wp-json\/wp\/v2\/users\/3004"}],"replies":[{"embeddable":true,"href":"https:\/\/historiadelderecho.umh.es\/en\/wp-json\/wp\/v2\/comments?post=674"}],"version-history":[{"count":0,"href":"https:\/\/historiadelderecho.umh.es\/en\/wp-json\/wp\/v2\/pages\/674\/revisions"}],"up":[{"embeddable":true,"href":"https:\/\/historiadelderecho.umh.es\/en\/wp-json\/wp\/v2\/pages\/24"}],"wp:attachment":[{"href":"https:\/\/historiadelderecho.umh.es\/en\/wp-json\/wp\/v2\/media?parent=674"}],"curies":[{"name":"wp","href":"https:\/\/api.w.org\/{rel}","templated":true}]}}

<p>[et_pb_section fb_built=&#8221;1&#8243; _builder_version=&#8221;3.22&#8243;][et_pb_row _builder_version=&#8221;3.25&#8243; background_size=&#8221;initial&#8221; background_position=&#8221;top_left&#8221; background_repeat=&#8221;repeat&#8221;][et_pb_column type=&#8221;4_4&#8243; _builder_version=&#8221;3.25&#8243; custom_padding=&#8221;|||&#8221; custom_padding__hover=&#8221;|||&#8221;][et_pb_text _builder_version=&#8221;3.27.4&#8243; background_size=&#8221;initial&#8221; background_position=&#8221;top_left&#8221; background_repeat=&#8221;repeat&#8221;]</p>
<p style="text-align: justify"><a href="https://historiadelderecho.umh.es/files/2017/10/Publicación3.jpg"><img loading="lazy" class="size-medium wp-image-677 alignleft" src="https://historiadelderecho.umh.es/files/2017/10/Publicación3-212x300.jpg" alt="" width="212" height="300" srcset="https://historiadelderecho.umh.es/files/2017/10/Publicación3-212x300.jpg 212w, https://historiadelderecho.umh.es/files/2017/10/Publicación3-768x1086.jpg 768w, https://historiadelderecho.umh.es/files/2017/10/Publicación3-724x1024.jpg 724w, https://historiadelderecho.umh.es/files/2017/10/Publicación3.jpg 1240w" sizes="(max-width: 212px) 100vw, 212px" /></a>La Cátedra Pedro Ibarra de la Universidad Miguel Hernández ha tenido acceso recientemente a un archivo conservado por un particular que tiene un enorme valor histórico. Se trata de una colección superior a 15000 fichas con los datos personales y profesionales de los afiliados en Elche al sindicato Comisiones Obreras entre 1976 y 1977.  Fecha crucial, pues son los primeros años en los que el Sindicato fue legalizado en nuestro país. Se trata de un hallazgo muy importante, pues el estudio de dichas fichas nos permitirá conocer todo el tejido industrial y laboral de la ciudad en esos años.</p>
<p style="text-align: justify">Es, precisamente, para lograr este objetivo por lo que se ha organizado el &#8220;<em>Seminario Comisiones obreras y sus afiliados en Elche&#8221; </em>que, destinado a investigadores y estudiantes de tercer ciclo, tiene como principales metas dar a conocer los datos personales de los afiliados a CCOO en Elche durante los primeros años de la Transición y diseñar un perfil sociológico y económico de los trabajadores ilicitanos en aquellos años.</p>
<p style="text-align: justify">El indicado Seminario tendrá lugar los días 23, 24, 25, 26,27, 30, 31 de octubre, y 2 de noviembre, de 16:00h a 18:00h, en el Seminario de Investigación sito en el edificio Torrevaillo, Campus de Elche. A lo largo del mismo se combinarán sesiones teóricas y prácticas en las que se llevará a cabo una base de datos con el contenido de las citadas fichas, ordenando su contenido por sectores económicos y orden alfabético. El resultado de dicha acción será puesto a disposición de toda la comunidad científica en el portal web Memoria digital de Elche <a href="http://www.elche.me/">http://www.elche.me/</a></p>
<p><strong>Profesorado:</strong></p>
<p>Gema Rubio Navarro</p>
<p>Rafael McEvoy Bravo</p>
<table style="height: 202px" border="1" width="1174" cellspacing="0" cellpadding="0" align="center">
<tbody>
<tr>
<td style="text-align: justify" valign="top" width="280"><strong>Organiza y coordina:</strong></p>
<p>Prof. Dr. José A. Pérez Juan</p>
<p>Prof. Dr. Miguel Ors Montenegro</p>
<p><strong>Secretaria técnica:</strong></p>
<p>Sara Moreno Tejada</p>
<p><a href="https://historiadelderecho.umh.es/files/2017/10/20-ANIV-LOGO_correo.jpg"><img loading="lazy" class="wp-image-665 alignleft" src="https://historiadelderecho.umh.es/files/2017/10/20-ANIV-LOGO_correo.jpg" alt="" width="120" height="41" /></a></td>
<td style="text-align: right" valign="middle">
<p style="text-align: justify"><strong>Patrocina:                                                                                                                                                        Colabora: </strong></p>
<p><img loading="lazy" class="size-medium wp-image-650 alignleft" style="text-align: justify" src="https://historiadelderecho.umh.es/files/2017/10/Conselleria-New-300x164.png" alt="" width="300" height="164" srcset="https://historiadelderecho.umh.es/files/2017/10/Conselleria-New-300x164.png 300w, https://historiadelderecho.umh.es/files/2017/10/Conselleria-New-768x419.png 768w, https://historiadelderecho.umh.es/files/2017/10/Conselleria-New.png 825w" sizes="(max-width: 300px) 100vw, 300px" /><br />
<img loading="lazy" class="alignnone wp-image-662 alignright" src="https://historiadelderecho.umh.es/files/2017/10/1-300x201.jpg" alt="" width="231" height="155" srcset="https://historiadelderecho.umh.es/files/2017/10/1-300x201.jpg 300w, https://historiadelderecho.umh.es/files/2017/10/1-768x515.jpg 768w, https://historiadelderecho.umh.es/files/2017/10/1-1024x687.jpg 1024w" sizes="(max-width: 231px) 100vw, 231px" /></p>
<p style="text-align: justify">Resolución de 23 de marzo de 2017, de la Conselleria de Justicia, Administración Pública, Reformas Democráticas y Libertades Públicas, por la que se convocan, para el año 2017, subvenciones para la realización de proyectos e iniciativas en materia de recuperación de la memoria histórica, en aras a la promoción de la convivencia democrática, y proyectos e iniciativas que promuevan el desarrollo de derechos y libertades fundamentales,  desarrolladas por las Universidades de la Comunitat Valenciana.</p>
<p><span style="color: #ffffff"> p </span></td>
</tr>
</tbody>
</table>
<p>[/et_pb_text][/et_pb_column][/et_pb_row][/et_pb_section]</p>

<p>La Cátedra Pedro Ibarra de la Universidad Miguel Hernández ha tenido acceso recientemente a un archivo conservado por un particular que tiene un enorme valor histórico. Se trata de una colección superior a 15000 fichas con los datos personales y profesionales de los afiliados en Elche al sindicato Comisiones Obreras entre 1976 y 1977.  Fecha [&hellip;]</p>

<p style="text-align: justify;"><a href="https://historiadelderecho.umh.es/files/2017/10/Publicación3.jpg"><img class="size-medium wp-image-677 alignleft" src="https://historiadelderecho.umh.es/files/2017/10/Publicación3-212x300.jpg" alt="" width="212" height="300" /></a>La Cátedra Pedro Ibarra de la Universidad Miguel Hernández ha tenido acceso recientemente a un archivo conservado por un particular que tiene un enorme valor histórico. Se trata de una colección superior a 15000 fichas con los datos personales y profesionales de los afiliados en Elche al sindicato Comisiones Obreras entre 1976 y 1977.  Fecha crucial, pues son los primeros años en los que el Sindicato fue legalizado en nuestro país. Se trata de un hallazgo muy importante, pues el estudio de dichas fichas nos permitirá conocer todo el tejido industrial y laboral de la ciudad en esos años.</p><p style="text-align: justify;">Es, precisamente, para lograr este objetivo por lo que se ha organizado el "<em>Seminario Comisiones obreras y sus afiliados en Elche" </em>que, destinado a investigadores y estudiantes de tercer ciclo, tiene como principales metas dar a conocer los datos personales de los afiliados a CCOO en Elche durante los primeros años de la Transición y diseñar un perfil sociológico y económico de los trabajadores ilicitanos en aquellos años.</p><p style="text-align: justify;">El indicado Seminario tendrá lugar los días 23, 24, 25, 26,27, 30, 31 de octubre, y 2 de noviembre, de 16:00h a 18:00h, en el Seminario de Investigación sito en el edificio Torrevaillo, Campus de Elche. A lo largo del mismo se combinarán sesiones teóricas y prácticas en las que se llevará a cabo una base de datos con el contenido de las citadas fichas, ordenando su contenido por sectores económicos y orden alfabético. El resultado de dicha acción será puesto a disposición de toda la comunidad científica en el portal web Memoria digital de Elche <a href="http://www.elche.me/">http://www.elche.me/</a></p><p><strong>Profesorado:</strong></p><p>Gema Rubio Navarro</p><p>Rafael McEvoy Bravo</p><table style="height: 202px;" border="1" width="1174" cellspacing="0" cellpadding="0" align="center"><tbody><tr><td style="text-align: justify;" valign="top" width="280"><p><strong>Organiza y coordina:</strong></p><p>Prof. Dr. José A. Pérez Juan</p><p>Prof. Dr. Miguel Ors Montenegro</p><p><strong>Secretaria técnica:</strong></p><p>Sara Moreno Tejada</p><p><a href="https://historiadelderecho.umh.es/files/2017/10/20-ANIV-LOGO_correo.jpg"><img class="wp-image-665 alignleft" src="https://historiadelderecho.umh.es/files/2017/10/20-ANIV-LOGO_correo.jpg" alt="" width="120" height="41" /></a></p></td><td style="text-align: right;" valign="middle"><p style="text-align: justify;"><strong>Patrocina:                                                                                                                                                        Colabora: </strong></p><p><img class="size-medium wp-image-650 alignleft" style="text-align: justify;" src="https://historiadelderecho.umh.es/files/2017/10/Conselleria-New-300x164.png" alt="" width="300" height="164" /><br /><img class="alignnone wp-image-662 alignright" src="https://historiadelderecho.umh.es/files/2017/10/1-300x201.jpg" alt="" width="231" height="155" /></p><p style="text-align: justify;">Resolución de 23 de marzo de 2017, de la Conselleria de Justicia, Administración Pública, Reformas Democráticas y Libertades Públicas, por la que se convocan, para el año 2017, subvenciones para la realización de proyectos e iniciativas en materia de recuperación de la memoria histórica, en aras a la promoción de la convivencia democrática, y proyectos e iniciativas que promuevan el desarrollo de derechos y libertades fundamentales,  desarrolladas por las Universidades de la Comunitat Valenciana.</p><p><span style="color: #ffffff;"> p </span></p></td></tr></tbody></table>
