{"id":686,"date":"2017-10-26T01:11:11","date_gmt":"2017-10-25T23:11:11","guid":{"rendered":"https:\/\/historiadelderecho.umh.es\/?page_id=686"},"modified":"2021-12-11T09:59:51","modified_gmt":"2021-12-11T08:59:51","slug":"antecedentes-historicos-de-la-constitucion-segunda-republica","status":"publish","type":"page","link":"https:\/\/historiadelderecho.umh.es\/en\/actividades\/charlas-conferencias\/antecedentes-historicos-de-la-constitucion-segunda-republica\/","title":{"rendered":"Antecedentes Hist\u00f3ricos de la Constituci\u00f3n espa\u00f1ola de 1931"},"content":{"rendered":"<p>[et_pb_section fb_built=&#8221;1&#8243; _builder_version=&#8221;3.22&#8243;][et_pb_row _builder_version=&#8221;3.25&#8243; background_size=&#8221;initial&#8221; background_position=&#8221;top_left&#8221; background_repeat=&#8221;repeat&#8221;][et_pb_column type=&#8221;4_4&#8243; _builder_version=&#8221;3.25&#8243; custom_padding=&#8221;|||&#8221; custom_padding__hover=&#8221;|||&#8221;][et_pb_text _builder_version=&#8221;3.27.4&#8243; background_size=&#8221;initial&#8221; background_position=&#8221;top_left&#8221; background_repeat=&#8221;repeat&#8221;]<span style=\"color: #ffffff\">p<\/span><\/p>\n<p style=\"text-align: justify\"><a href=\"https:\/\/historiadelderecho.umh.es\/files\/2017\/10\/Cartel-10-noviembre-1.jpg\"><img loading=\"lazy\" class=\"size-medium wp-image-758 alignleft\" src=\"https:\/\/historiadelderecho.umh.es\/files\/2017\/10\/Cartel-10-noviembre-1-232x300.jpg\" alt=\"\" width=\"232\" height=\"300\" srcset=\"https:\/\/historiadelderecho.umh.es\/files\/2017\/10\/Cartel-10-noviembre-1-232x300.jpg 232w, https:\/\/historiadelderecho.umh.es\/files\/2017\/10\/Cartel-10-noviembre-1-768x994.jpg 768w, https:\/\/historiadelderecho.umh.es\/files\/2017\/10\/Cartel-10-noviembre-1-791x1024.jpg 791w, https:\/\/historiadelderecho.umh.es\/files\/2017\/10\/Cartel-10-noviembre-1.jpg 1275w\" sizes=\"(max-width: 232px) 100vw, 232px\" \/><\/a> <a href=\"https:\/\/historiadelderecho.umh.es\/files\/2017\/10\/Publicaci\u00f3n1-1.jpg\"><img loading=\"lazy\" class=\"size-medium wp-image-752 alignright\" src=\"https:\/\/historiadelderecho.umh.es\/files\/2017\/10\/Publicaci\u00f3n1-1-212x300.jpg\" alt=\"\" width=\"212\" height=\"300\" srcset=\"https:\/\/historiadelderecho.umh.es\/files\/2017\/10\/Publicaci\u00f3n1-1-212x300.jpg 212w, https:\/\/historiadelderecho.umh.es\/files\/2017\/10\/Publicaci\u00f3n1-1-768x1086.jpg 768w, https:\/\/historiadelderecho.umh.es\/files\/2017\/10\/Publicaci\u00f3n1-1-724x1024.jpg 724w, https:\/\/historiadelderecho.umh.es\/files\/2017\/10\/Publicaci\u00f3n1-1.jpg 1240w\" sizes=\"(max-width: 212px) 100vw, 212px\" \/><\/a>El martes, 10 de noviembre de 2017 a las 17:00h\u00a0 en la sala de Conferencias del Edif. Casa del Paso, Campus Salesas,\u00a0 se impartir\u00e1 la charla &#8220;Antecedentes hist\u00f3ricos de la Constituci\u00f3n espa\u00f1ola de 1931&#8221;, impartida por la Prof\u00aa. Dra. Regina Polo Martin, Titular de Historia del Derecho y de las Instituciones de la Universidad de Salamanca.<\/p>\n<p style=\"text-align: justify\">La profesora Polo Mart\u00edn goza de una gran trayectoria en la materia de que se trata, habiendo escrito multitud de art\u00edculos sobre la organizaci\u00f3n pol\u00edtico-administrativa del Estado espa\u00f1ol durante el siglo XIX, publicados, en su mayor\u00eda, en el prestigio Anuario de historia del Derecho espa\u00f1ol.<\/p>\n<p style=\"text-align: justify\">La ponencia se enmarca dentro de la clausura de la exposici\u00f3n <strong><a href=\"https:\/\/cultura.ua.es\/es\/exposiciones\/constituciones-espanolas.html\"><span style=\"text-decoration: underline\">Constituciones espa\u00f1olas<\/span><\/a><\/strong><\/p>\n<p style=\"text-align: justify\">Dicha exposici\u00f3n estar\u00e1 abierta al p\u00fablico en el Hall del Edificio Casa del Paso, Campus Salesas, desde el 24 de octubre al 14 de noviembre. Esta acci\u00f3n cuenta con la colaboraci\u00f3n de los vicerrectorados de cultura de la Universidad Miguel Hern\u00e1ndez de Elche y la Universidad de Alicante.<\/p>\n<table style=\"height: 202px\" border=\"1\" width=\"1174\" cellspacing=\"0\" cellpadding=\"0\" align=\"center\">\n<tbody>\n<tr>\n<td style=\"text-align: justify\" valign=\"top\" width=\"280\"><strong>Director:<\/strong><\/p>\n<p>Prof. Dr. Jos\u00e9 A. P\u00e9rez Juan<\/p>\n<p><strong>Comisario Exposici\u00f3n:<\/strong><\/p>\n<p>Prof. Dr. Jos\u00e9 Miguel Pay\u00e1 Poveda<\/p>\n<p>Prof. D\u00f1a. Sara Moreno Tejada<\/p>\n<p><a href=\"https:\/\/historiadelderecho.umh.es\/files\/2017\/10\/20-ANIV-LOGO_correo.jpg\"><img loading=\"lazy\" class=\"wp-image-665 alignleft\" src=\"https:\/\/historiadelderecho.umh.es\/files\/2017\/10\/20-ANIV-LOGO_correo.jpg\" alt=\"\" width=\"120\" height=\"41\" \/><\/a><\/td>\n<td valign=\"middle\">\n<p style=\"text-align: justify\"><img loading=\"lazy\" class=\"alignleft size-medium wp-image-650\" src=\"https:\/\/historiadelderecho.umh.es\/files\/2017\/10\/Conselleria-New-300x164.png\" alt=\"\" width=\"300\" height=\"164\" srcset=\"https:\/\/historiadelderecho.umh.es\/files\/2017\/10\/Conselleria-New-300x164.png 300w, https:\/\/historiadelderecho.umh.es\/files\/2017\/10\/Conselleria-New-768x419.png 768w, https:\/\/historiadelderecho.umh.es\/files\/2017\/10\/Conselleria-New.png 825w\" sizes=\"(max-width: 300px) 100vw, 300px\" \/><strong>Patrocina y colabora:<\/strong><\/p>\n<p style=\"text-align: justify\"><img loading=\"lazy\" class=\"alignleft size-medium wp-image-653\" src=\"https:\/\/historiadelderecho.umh.es\/files\/2017\/10\/Catedra-interuniversitaria--300x112.png\" alt=\"\" width=\"300\" height=\"112\" srcset=\"https:\/\/historiadelderecho.umh.es\/files\/2017\/10\/Catedra-interuniversitaria--300x112.png 300w, https:\/\/historiadelderecho.umh.es\/files\/2017\/10\/Catedra-interuniversitaria--768x287.png 768w, https:\/\/historiadelderecho.umh.es\/files\/2017\/10\/Catedra-interuniversitaria--1024x382.png 1024w, https:\/\/historiadelderecho.umh.es\/files\/2017\/10\/Catedra-interuniversitaria-.png 1334w\" sizes=\"(max-width: 300px) 100vw, 300px\" \/>Resoluci\u00f3n de 23 de marzo de 2017, de la Conselleria de Justicia, Administraci\u00f3n P\u00fablica, Reformas Democr\u00e1ticas y Libertades P\u00fablicas, por la que se convocan, para el a\u00f1o 2017, subvenciones para la realizaci\u00f3n de proyectos e iniciativas en materia de recuperaci\u00f3n de la memoria hist\u00f3rica, en aras a la promoci\u00f3n de la convivencia democr\u00e1tica, y proyectos e iniciativas que promuevan el desarrollo de derechos y libertades fundamentales,\u00a0 desarrolladas por las Universidades de la Comunitat Valenciana.<\/p>\n<p><span style=\"color: #ffffff\"> p\u00a0<\/span><\/td>\n<\/tr>\n<\/tbody>\n<\/table>\n<p>[\/et_pb_text][\/et_pb_column][\/et_pb_row][\/et_pb_section]<\/p>\n","protected":false},"excerpt":{"rendered":"<p>p El martes, 10 de noviembre de 2017 a las 17:00h\u00a0 en la sala de Conferencias del Edif. Casa del Paso, Campus Salesas,\u00a0 se impartir\u00e1 la charla &#8220;Antecedentes hist\u00f3ricos de la Constituci\u00f3n espa\u00f1ola de 1931&#8221;, impartida por la Prof\u00aa. Dra. Regina Polo Martin, Titular de Historia del Derecho y de las Instituciones de la Universidad [&hellip;]<\/p>\n","protected":false},"author":3004,"featured_media":0,"parent":25,"menu_order":0,"comment_status":"closed","ping_status":"closed","template":"","meta":{"_et_pb_use_builder":"on","_et_pb_old_content":"<p><span style=\"color: #ffffff;\">p<\/span><\/p><p style=\"text-align: justify;\"><a href=\"https:\/\/historiadelderecho.umh.es\/files\/2017\/10\/Cartel-10-noviembre-1.jpg\"><img class=\"size-medium wp-image-758 alignleft\" src=\"https:\/\/historiadelderecho.umh.es\/files\/2017\/10\/Cartel-10-noviembre-1-232x300.jpg\" alt=\"\" width=\"232\" height=\"300\" \/><\/a> <a href=\"https:\/\/historiadelderecho.umh.es\/files\/2017\/10\/Publicaci\u00f3n1-1.jpg\"><img class=\"size-medium wp-image-752 alignright\" src=\"https:\/\/historiadelderecho.umh.es\/files\/2017\/10\/Publicaci\u00f3n1-1-212x300.jpg\" alt=\"\" width=\"212\" height=\"300\" \/><\/a>El martes, 10 de noviembre de 2017 a las 17:00h\u00a0 en la sala de Conferencias del Edif. Casa del Paso, Campus Salesas,\u00a0 se impartir\u00e1 la charla \"Antecedentes hist\u00f3ricos de la Constituci\u00f3n espa\u00f1ola de 1931\", impartida por la Prof\u00aa. Dra. Regina Polo Martin, Titular de Historia del Derecho y de las Instituciones de la Universidad de Salamanca.<\/p><p style=\"text-align: justify;\">La profesora Polo Mart\u00edn goza de una gran trayectoria en la materia de que se trata, habiendo escrito multitud de art\u00edculos sobre la organizaci\u00f3n pol\u00edtico-administrativa del Estado espa\u00f1ol durante el siglo XIX, publicados, en su mayor\u00eda, en el prestigio Anuario de historia del Derecho espa\u00f1ol.<\/p><p style=\"text-align: justify;\">La ponencia se enmarca dentro de la clausura de la exposici\u00f3n <strong><a href=\"https:\/\/cultura.ua.es\/es\/exposiciones\/constituciones-espanolas.html\"><span style=\"text-decoration: underline;\">Constituciones espa\u00f1olas<\/span><\/a><\/strong><\/p><p style=\"text-align: justify;\">Dicha exposici\u00f3n estar\u00e1 abierta al p\u00fablico en el Hall del Edificio Casa del Paso, Campus Salesas, desde el 24 de octubre al 14 de noviembre. Esta acci\u00f3n cuenta con la colaboraci\u00f3n de los vicerrectorados de cultura de la Universidad Miguel Hern\u00e1ndez de Elche y la Universidad de Alicante.<\/p><table style=\"height: 202px;\" border=\"1\" width=\"1174\" cellspacing=\"0\" cellpadding=\"0\" align=\"center\"><tbody><tr><td style=\"text-align: justify;\" valign=\"top\" width=\"280\"><p><strong>Director:<\/strong><\/p><p>Prof. Dr. Jos\u00e9 A. P\u00e9rez Juan<\/p><p><strong>Comisario Exposici\u00f3n:<\/strong><\/p><p>Prof. Dr. Jos\u00e9 Miguel Pay\u00e1 Poveda<\/p><p>Prof. D\u00f1a. Sara Moreno Tejada<\/p><p><a href=\"https:\/\/historiadelderecho.umh.es\/files\/2017\/10\/20-ANIV-LOGO_correo.jpg\"><img class=\"wp-image-665 alignleft\" src=\"https:\/\/historiadelderecho.umh.es\/files\/2017\/10\/20-ANIV-LOGO_correo.jpg\" alt=\"\" width=\"120\" height=\"41\" \/><\/a><\/p><\/td><td valign=\"middle\"><p style=\"text-align: justify;\"><img class=\"alignleft size-medium wp-image-650\" src=\"https:\/\/historiadelderecho.umh.es\/files\/2017\/10\/Conselleria-New-300x164.png\" alt=\"\" width=\"300\" height=\"164\" \/><strong>Patrocina y colabora:<\/strong><\/p><p style=\"text-align: justify;\"><img class=\"alignleft size-medium wp-image-653\" src=\"https:\/\/historiadelderecho.umh.es\/files\/2017\/10\/Catedra-interuniversitaria--300x112.png\" alt=\"\" width=\"300\" height=\"112\" \/>Resoluci\u00f3n de 23 de marzo de 2017, de la Conselleria de Justicia, Administraci\u00f3n P\u00fablica, Reformas Democr\u00e1ticas y Libertades P\u00fablicas, por la que se convocan, para el a\u00f1o 2017, subvenciones para la realizaci\u00f3n de proyectos e iniciativas en materia de recuperaci\u00f3n de la memoria hist\u00f3rica, en aras a la promoci\u00f3n de la convivencia democr\u00e1tica, y proyectos e iniciativas que promuevan el desarrollo de derechos y libertades fundamentales,\u00a0 desarrolladas por las Universidades de la Comunitat Valenciana.<\/p><p><span style=\"color: #ffffff;\"> p\u00a0<\/span><\/p><\/td><\/tr><\/tbody><\/table>","_et_gb_content_width":"","_links_to":"","_links_to_target":""},"_links":{"self":[{"href":"https:\/\/historiadelderecho.umh.es\/en\/wp-json\/wp\/v2\/pages\/686"}],"collection":[{"href":"https:\/\/historiadelderecho.umh.es\/en\/wp-json\/wp\/v2\/pages"}],"about":[{"href":"https:\/\/historiadelderecho.umh.es\/en\/wp-json\/wp\/v2\/types\/page"}],"author":[{"embeddable":true,"href":"https:\/\/historiadelderecho.umh.es\/en\/wp-json\/wp\/v2\/users\/3004"}],"replies":[{"embeddable":true,"href":"https:\/\/historiadelderecho.umh.es\/en\/wp-json\/wp\/v2\/comments?post=686"}],"version-history":[{"count":0,"href":"https:\/\/historiadelderecho.umh.es\/en\/wp-json\/wp\/v2\/pages\/686\/revisions"}],"up":[{"embeddable":true,"href":"https:\/\/historiadelderecho.umh.es\/en\/wp-json\/wp\/v2\/pages\/25"}],"wp:attachment":[{"href":"https:\/\/historiadelderecho.umh.es\/en\/wp-json\/wp\/v2\/media?parent=686"}],"curies":[{"name":"wp","href":"https:\/\/api.w.org\/{rel}","templated":true}]}}

Antecedentes Históricos de la Constitución española de 1931

<p>[et_pb_section fb_built=&#8221;1&#8243; _builder_version=&#8221;3.22&#8243;][et_pb_row _builder_version=&#8221;3.25&#8243; background_size=&#8221;initial&#8221; background_position=&#8221;top_left&#8221; background_repeat=&#8221;repeat&#8221;][et_pb_column type=&#8221;4_4&#8243; _builder_version=&#8221;3.25&#8243; custom_padding=&#8221;|||&#8221; custom_padding__hover=&#8221;|||&#8221;][et_pb_text _builder_version=&#8221;3.27.4&#8243; background_size=&#8221;initial&#8221; background_position=&#8221;top_left&#8221; background_repeat=&#8221;repeat&#8221;]<span style="color: #ffffff">p</span></p>
<p style="text-align: justify"><a href="https://historiadelderecho.umh.es/files/2017/10/Cartel-10-noviembre-1.jpg"><img loading="lazy" class="size-medium wp-image-758 alignleft" src="https://historiadelderecho.umh.es/files/2017/10/Cartel-10-noviembre-1-232x300.jpg" alt="" width="232" height="300" srcset="https://historiadelderecho.umh.es/files/2017/10/Cartel-10-noviembre-1-232x300.jpg 232w, https://historiadelderecho.umh.es/files/2017/10/Cartel-10-noviembre-1-768x994.jpg 768w, https://historiadelderecho.umh.es/files/2017/10/Cartel-10-noviembre-1-791x1024.jpg 791w, https://historiadelderecho.umh.es/files/2017/10/Cartel-10-noviembre-1.jpg 1275w" sizes="(max-width: 232px) 100vw, 232px" /></a> <a href="https://historiadelderecho.umh.es/files/2017/10/Publicación1-1.jpg"><img loading="lazy" class="size-medium wp-image-752 alignright" src="https://historiadelderecho.umh.es/files/2017/10/Publicación1-1-212x300.jpg" alt="" width="212" height="300" srcset="https://historiadelderecho.umh.es/files/2017/10/Publicación1-1-212x300.jpg 212w, https://historiadelderecho.umh.es/files/2017/10/Publicación1-1-768x1086.jpg 768w, https://historiadelderecho.umh.es/files/2017/10/Publicación1-1-724x1024.jpg 724w, https://historiadelderecho.umh.es/files/2017/10/Publicación1-1.jpg 1240w" sizes="(max-width: 212px) 100vw, 212px" /></a>El martes, 10 de noviembre de 2017 a las 17:00h  en la sala de Conferencias del Edif. Casa del Paso, Campus Salesas,  se impartirá la charla &#8220;Antecedentes históricos de la Constitución española de 1931&#8221;, impartida por la Profª. Dra. Regina Polo Martin, Titular de Historia del Derecho y de las Instituciones de la Universidad de Salamanca.</p>
<p style="text-align: justify">La profesora Polo Martín goza de una gran trayectoria en la materia de que se trata, habiendo escrito multitud de artículos sobre la organización político-administrativa del Estado español durante el siglo XIX, publicados, en su mayoría, en el prestigio Anuario de historia del Derecho español.</p>
<p style="text-align: justify">La ponencia se enmarca dentro de la clausura de la exposición <strong><a href="https://cultura.ua.es/es/exposiciones/constituciones-espanolas.html"><span style="text-decoration: underline">Constituciones españolas</span></a></strong></p>
<p style="text-align: justify">Dicha exposición estará abierta al público en el Hall del Edificio Casa del Paso, Campus Salesas, desde el 24 de octubre al 14 de noviembre. Esta acción cuenta con la colaboración de los vicerrectorados de cultura de la Universidad Miguel Hernández de Elche y la Universidad de Alicante.</p>
<table style="height: 202px" border="1" width="1174" cellspacing="0" cellpadding="0" align="center">
<tbody>
<tr>
<td style="text-align: justify" valign="top" width="280"><strong>Director:</strong></p>
<p>Prof. Dr. José A. Pérez Juan</p>
<p><strong>Comisario Exposición:</strong></p>
<p>Prof. Dr. José Miguel Payá Poveda</p>
<p>Prof. Dña. Sara Moreno Tejada</p>
<p><a href="https://historiadelderecho.umh.es/files/2017/10/20-ANIV-LOGO_correo.jpg"><img loading="lazy" class="wp-image-665 alignleft" src="https://historiadelderecho.umh.es/files/2017/10/20-ANIV-LOGO_correo.jpg" alt="" width="120" height="41" /></a></td>
<td valign="middle">
<p style="text-align: justify"><img loading="lazy" class="alignleft size-medium wp-image-650" src="https://historiadelderecho.umh.es/files/2017/10/Conselleria-New-300x164.png" alt="" width="300" height="164" srcset="https://historiadelderecho.umh.es/files/2017/10/Conselleria-New-300x164.png 300w, https://historiadelderecho.umh.es/files/2017/10/Conselleria-New-768x419.png 768w, https://historiadelderecho.umh.es/files/2017/10/Conselleria-New.png 825w" sizes="(max-width: 300px) 100vw, 300px" /><strong>Patrocina y colabora:</strong></p>
<p style="text-align: justify"><img loading="lazy" class="alignleft size-medium wp-image-653" src="https://historiadelderecho.umh.es/files/2017/10/Catedra-interuniversitaria--300x112.png" alt="" width="300" height="112" srcset="https://historiadelderecho.umh.es/files/2017/10/Catedra-interuniversitaria--300x112.png 300w, https://historiadelderecho.umh.es/files/2017/10/Catedra-interuniversitaria--768x287.png 768w, https://historiadelderecho.umh.es/files/2017/10/Catedra-interuniversitaria--1024x382.png 1024w, https://historiadelderecho.umh.es/files/2017/10/Catedra-interuniversitaria-.png 1334w" sizes="(max-width: 300px) 100vw, 300px" />Resolución de 23 de marzo de 2017, de la Conselleria de Justicia, Administración Pública, Reformas Democráticas y Libertades Públicas, por la que se convocan, para el año 2017, subvenciones para la realización de proyectos e iniciativas en materia de recuperación de la memoria histórica, en aras a la promoción de la convivencia democrática, y proyectos e iniciativas que promuevan el desarrollo de derechos y libertades fundamentales,  desarrolladas por las Universidades de la Comunitat Valenciana.</p>
<p><span style="color: #ffffff"> p </span></td>
</tr>
</tbody>
</table>
<p>[/et_pb_text][/et_pb_column][/et_pb_row][/et_pb_section]</p>

<p>p El martes, 10 de noviembre de 2017 a las 17:00h  en la sala de Conferencias del Edif. Casa del Paso, Campus Salesas,  se impartirá la charla &#8220;Antecedentes históricos de la Constitución española de 1931&#8221;, impartida por la Profª. Dra. Regina Polo Martin, Titular de Historia del Derecho y de las Instituciones de la Universidad [&hellip;]</p>

<p><span style="color: #ffffff;">p</span></p><p style="text-align: justify;"><a href="https://historiadelderecho.umh.es/files/2017/10/Cartel-10-noviembre-1.jpg"><img class="size-medium wp-image-758 alignleft" src="https://historiadelderecho.umh.es/files/2017/10/Cartel-10-noviembre-1-232x300.jpg" alt="" width="232" height="300" /></a> <a href="https://historiadelderecho.umh.es/files/2017/10/Publicación1-1.jpg"><img class="size-medium wp-image-752 alignright" src="https://historiadelderecho.umh.es/files/2017/10/Publicación1-1-212x300.jpg" alt="" width="212" height="300" /></a>El martes, 10 de noviembre de 2017 a las 17:00h  en la sala de Conferencias del Edif. Casa del Paso, Campus Salesas,  se impartirá la charla "Antecedentes históricos de la Constitución española de 1931", impartida por la Profª. Dra. Regina Polo Martin, Titular de Historia del Derecho y de las Instituciones de la Universidad de Salamanca.</p><p style="text-align: justify;">La profesora Polo Martín goza de una gran trayectoria en la materia de que se trata, habiendo escrito multitud de artículos sobre la organización político-administrativa del Estado español durante el siglo XIX, publicados, en su mayoría, en el prestigio Anuario de historia del Derecho español.</p><p style="text-align: justify;">La ponencia se enmarca dentro de la clausura de la exposición <strong><a href="https://cultura.ua.es/es/exposiciones/constituciones-espanolas.html"><span style="text-decoration: underline;">Constituciones españolas</span></a></strong></p><p style="text-align: justify;">Dicha exposición estará abierta al público en el Hall del Edificio Casa del Paso, Campus Salesas, desde el 24 de octubre al 14 de noviembre. Esta acción cuenta con la colaboración de los vicerrectorados de cultura de la Universidad Miguel Hernández de Elche y la Universidad de Alicante.</p><table style="height: 202px;" border="1" width="1174" cellspacing="0" cellpadding="0" align="center"><tbody><tr><td style="text-align: justify;" valign="top" width="280"><p><strong>Director:</strong></p><p>Prof. Dr. José A. Pérez Juan</p><p><strong>Comisario Exposición:</strong></p><p>Prof. Dr. José Miguel Payá Poveda</p><p>Prof. Dña. Sara Moreno Tejada</p><p><a href="https://historiadelderecho.umh.es/files/2017/10/20-ANIV-LOGO_correo.jpg"><img class="wp-image-665 alignleft" src="https://historiadelderecho.umh.es/files/2017/10/20-ANIV-LOGO_correo.jpg" alt="" width="120" height="41" /></a></p></td><td valign="middle"><p style="text-align: justify;"><img class="alignleft size-medium wp-image-650" src="https://historiadelderecho.umh.es/files/2017/10/Conselleria-New-300x164.png" alt="" width="300" height="164" /><strong>Patrocina y colabora:</strong></p><p style="text-align: justify;"><img class="alignleft size-medium wp-image-653" src="https://historiadelderecho.umh.es/files/2017/10/Catedra-interuniversitaria--300x112.png" alt="" width="300" height="112" />Resolución de 23 de marzo de 2017, de la Conselleria de Justicia, Administración Pública, Reformas Democráticas y Libertades Públicas, por la que se convocan, para el año 2017, subvenciones para la realización de proyectos e iniciativas en materia de recuperación de la memoria histórica, en aras a la promoción de la convivencia democrática, y proyectos e iniciativas que promuevan el desarrollo de derechos y libertades fundamentales,  desarrolladas por las Universidades de la Comunitat Valenciana.</p><p><span style="color: #ffffff;"> p </span></p></td></tr></tbody></table>
