{"id":767,"date":"2017-11-28T12:05:28","date_gmt":"2017-11-28T11:05:28","guid":{"rendered":"http:\/\/historiadelderecho.umh.es\/?page_id=767"},"modified":"2021-12-15T14:11:37","modified_gmt":"2021-12-15T13:11:37","slug":"orden-publico-y-poder-judicial-en-el-pais-valencia-durante-la-segunda-republica-la-guerra-civil-y-el-primer-franquismo-politizacion-de-la-justicia-y-depuracion-social","status":"publish","type":"page","link":"https:\/\/historiadelderecho.umh.es\/en\/investigacion\/proyectos\/orden-publico-y-poder-judicial-en-el-pais-valencia-durante-la-segunda-republica-la-guerra-civil-y-el-primer-franquismo-politizacion-de-la-justicia-y-depuracion-social\/","title":{"rendered":"Orden p\u00fablico y poder Judicial en el Pa\u00eds Valenci\u00e0 durante la Segunda Rep\u00fablica, la Guerra Civil y el primer Franquismo: Politizaci\u00f3n de la Justicia y Depuraci\u00f3n social"},"content":{"rendered":"<p class=\"qtranxs-available-languages-message qtranxs-available-languages-message-en\">Sorry, this entry is only available in <a href=\"https:\/\/historiadelderecho.umh.es\/es\/wp-json\/wp\/v2\/pages\/767\" class=\"qtranxs-available-language-link qtranxs-available-language-link-es\" title=\"Espa\u00f1ol\">European Spanish<\/a>.<\/p>","protected":false},"excerpt":{"rendered":"<p>ORDEN P\u00daBLICO Y PODER JUDICIAL EN EL PA\u00cdS\u00a0 VALENCI\u00c0 DURANTE\u00a0 LA SEGUNDA REP\u00daBLICA, LA GUERRA CIVIL Y EL PRIMER FRANQUISMO: POLITIZACI\u00d3N de la JUSTICIA y DEPURACI\u00d3N SOCIAL Investigador principal: Prof. Dr.\u00a0 Jos\u00e9 Antoni P\u00e9rez Juan Conselleria de Justicia, Administraci\u00f3n P\u00fablica, Reformes democr\u00e1tiques i Llibertats p\u00fabliques Vigencia: 2016-2017 Equipo de investigadores: Prof. Dr. Jos\u00e9 Antonio P\u00e9rez [&hellip;]<\/p>\n","protected":false},"author":50,"featured_media":0,"parent":16,"menu_order":0,"comment_status":"closed","ping_status":"closed","template":"","meta":{"_et_pb_use_builder":"on","_et_pb_old_content":"<span lang=\"es\">(Espa\u00f1ol) ORDEN P\u00daBLICO Y PODER JUDICIAL EN EL PA\u00cdS\u00a0 VALENCI\u00c0 DURANTE\u00a0 LA SEGUNDA REP\u00daBLICA, LA GUERRA CIVIL Y EL PRIMER FRANQUISMO: POLITIZACI\u00d3N de la JUSTICIA y DEPURACI\u00d3N SOCIAL\r\n\r\n<strong>Investigador principal<\/strong>: Prof. Dr.\u00a0 Jos\u00e9 Antoni P\u00e9rez Juan\r\n\r\nConselleria de Justicia, Administraci\u00f3n P\u00fablica, Reformes democr\u00e1tiques i Llibertats p\u00fabliques\r\n\r\nVigencia: 2016\r\n\r\n<strong>Equipo de investigadores<\/strong>:\r\n<ul>\r\n \t<li><a href=\"https:\/\/historiadelderecho.umh.es\/directorio\/jose-antonio-perez-juan\/\">Prof. Dr. Jos\u00e9 Antonio P\u00e9rez Juan<\/a><\/li>\r\n<\/ul>\r\nHistoria del Derecho y de las Instituciones, Universidad Miguel Hern\u00e1ndez de Elche.\r\n<ul>\r\n \t<li>Prof. D. Sara Moreno Tejada<\/li>\r\n<\/ul>\r\nHistoria del Derecho y de las Instituciones, Universidad Miguel Hern\u00e1ndez de Elche.\r\n<ul>\r\n \t<li>Prof. Dr.\u00a0 Miguel Ors Montenegro<\/li>\r\n<\/ul>\r\nPeriodismo,\u00a0 Universidad Miguel Hern\u00e1ndez de Elche.\r\n<ul>\r\n \t<li>Prof. Dr.\u00a0 Jos\u00e9 Miguel Pay\u00e1 Poveda<\/li>\r\n<\/ul>\r\nHistoria del Derecho y de las Instituciones,\u00a0 Universidad Miguel Hern\u00e1ndez de Elche\r\n\r\n<strong>Resumen y objetivos<\/strong>:\r\n\r\nEste proyecto analiza las consecuencias y repercusiones que tuvo la extrema politizaci\u00f3n y violencia que sufri\u00f3 la sociedad valenciana sobre el derecho fundamental a\u00a0 una Justicia independiente y sobre las propias vidas y carreras de quienes personalizaban este derecho. En particular, las actuaciones incluidas en este proyecto, se dirigen a alcanzar los siguientes resultados concretos:\r\n<ol>\r\n \t<li>Conocer el alcance de las sucesivas depuraciones de funcionarios, su intervenci\u00f3n en las contiendas pol\u00edticas y partidistas de los diferentes periodos republicanos, su mayor o menor participaci\u00f3n en el golpe contra la legalidad republicana de julio de 1936, su\u00a0 implicaci\u00f3n\u00a0 en la administraci\u00f3n de Justicia de ambos bandos durante el propio conflicto armado.<\/li>\r\n \t<li>Identificar los procesos de depuraci\u00f3n a que fue sometido el funcionariado de la Administraci\u00f3n de Justicia\u00a0 y la propia judicatura tras el triunfo del bando franquista y la imposici\u00f3n de la visi\u00f3n del mundo del llamado nacional catolicismo.<\/li>\r\n \t<li>Difundir entre la sociedad valenciana en general, y, en particular, entre sus estudiantes, universitarios o no, los principales hechos hist\u00f3ricos acaecidos en estas tierras durante la II Rep\u00fablica y la Guerra Civil.<\/li>\r\n<\/ol><\/span>","_et_gb_content_width":"","_links_to":"","_links_to_target":""},"_links":{"self":[{"href":"https:\/\/historiadelderecho.umh.es\/en\/wp-json\/wp\/v2\/pages\/767"}],"collection":[{"href":"https:\/\/historiadelderecho.umh.es\/en\/wp-json\/wp\/v2\/pages"}],"about":[{"href":"https:\/\/historiadelderecho.umh.es\/en\/wp-json\/wp\/v2\/types\/page"}],"author":[{"embeddable":true,"href":"https:\/\/historiadelderecho.umh.es\/en\/wp-json\/wp\/v2\/users\/50"}],"replies":[{"embeddable":true,"href":"https:\/\/historiadelderecho.umh.es\/en\/wp-json\/wp\/v2\/comments?post=767"}],"version-history":[{"count":0,"href":"https:\/\/historiadelderecho.umh.es\/en\/wp-json\/wp\/v2\/pages\/767\/revisions"}],"up":[{"embeddable":true,"href":"https:\/\/historiadelderecho.umh.es\/en\/wp-json\/wp\/v2\/pages\/16"}],"wp:attachment":[{"href":"https:\/\/historiadelderecho.umh.es\/en\/wp-json\/wp\/v2\/media?parent=767"}],"curies":[{"name":"wp","href":"https:\/\/api.w.org\/{rel}","templated":true}]}}

Orden público y poder Judicial en el País Valencià durante la Segunda República, la Guerra Civil y el primer Franquismo: Politización de la Justicia y Depuración social

<p class="qtranxs-available-languages-message qtranxs-available-languages-message-en">Sorry, this entry is only available in <a href="https://historiadelderecho.umh.es/es/wp-json/wp/v2/pages/767" class="qtranxs-available-language-link qtranxs-available-language-link-es" title="Español">European Spanish</a>.</p>

<p>ORDEN PÚBLICO Y PODER JUDICIAL EN EL PAÍS  VALENCIÀ DURANTE  LA SEGUNDA REPÚBLICA, LA GUERRA CIVIL Y EL PRIMER FRANQUISMO: POLITIZACIÓN de la JUSTICIA y DEPURACIÓN SOCIAL Investigador principal: Prof. Dr.  José Antoni Pérez Juan Conselleria de Justicia, Administración Pública, Reformes democrátiques i Llibertats públiques Vigencia: 2016-2017 Equipo de investigadores: Prof. Dr. José Antonio Pérez [&hellip;]</p>

<span lang="es">(Español) ORDEN PÚBLICO Y PODER JUDICIAL EN EL PAÍS  VALENCIÀ DURANTE  LA SEGUNDA REPÚBLICA, LA GUERRA CIVIL Y EL PRIMER FRANQUISMO: POLITIZACIÓN de la JUSTICIA y DEPURACIÓN SOCIAL

<strong>Investigador principal</strong>: Prof. Dr.  José Antoni Pérez Juan

Conselleria de Justicia, Administración Pública, Reformes democrátiques i Llibertats públiques

Vigencia: 2016

<strong>Equipo de investigadores</strong>:
<ul>
 	<li><a href="https://historiadelderecho.umh.es/directorio/jose-antonio-perez-juan/">Prof. Dr. José Antonio Pérez Juan</a></li>
</ul>
Historia del Derecho y de las Instituciones, Universidad Miguel Hernández de Elche.
<ul>
 	<li>Prof. D. Sara Moreno Tejada</li>
</ul>
Historia del Derecho y de las Instituciones, Universidad Miguel Hernández de Elche.
<ul>
 	<li>Prof. Dr.  Miguel Ors Montenegro</li>
</ul>
Periodismo,  Universidad Miguel Hernández de Elche.
<ul>
 	<li>Prof. Dr.  José Miguel Payá Poveda</li>
</ul>
Historia del Derecho y de las Instituciones,  Universidad Miguel Hernández de Elche

<strong>Resumen y objetivos</strong>:

Este proyecto analiza las consecuencias y repercusiones que tuvo la extrema politización y violencia que sufrió la sociedad valenciana sobre el derecho fundamental a  una Justicia independiente y sobre las propias vidas y carreras de quienes personalizaban este derecho. En particular, las actuaciones incluidas en este proyecto, se dirigen a alcanzar los siguientes resultados concretos:
<ol>
 	<li>Conocer el alcance de las sucesivas depuraciones de funcionarios, su intervención en las contiendas políticas y partidistas de los diferentes periodos republicanos, su mayor o menor participación en el golpe contra la legalidad republicana de julio de 1936, su  implicación  en la administración de Justicia de ambos bandos durante el propio conflicto armado.</li>
 	<li>Identificar los procesos de depuración a que fue sometido el funcionariado de la Administración de Justicia  y la propia judicatura tras el triunfo del bando franquista y la imposición de la visión del mundo del llamado nacional catolicismo.</li>
 	<li>Difundir entre la sociedad valenciana en general, y, en particular, entre sus estudiantes, universitarios o no, los principales hechos históricos acaecidos en estas tierras durante la II República y la Guerra Civil.</li>
</ol></span>
