{"id":815,"date":"2018-10-03T10:48:22","date_gmt":"2018-10-03T08:48:22","guid":{"rendered":"https:\/\/historiadelderecho.umh.es\/?page_id=815"},"modified":"2021-12-11T09:37:33","modified_gmt":"2021-12-11T08:37:33","slug":"jornadas-el-exilio-politico-y-la-perdida-de-la-nacionalidad","status":"publish","type":"page","link":"https:\/\/historiadelderecho.umh.es\/en\/actividades\/seminariosjornadas\/jornadas-el-exilio-politico-y-la-perdida-de-la-nacionalidad\/","title":{"rendered":"Jornadas sobre el Exilio pol\u00edtico y la p\u00e9rdida de la Nacionalidad"},"content":{"rendered":"<p>[et_pb_section fb_built=&#8221;1&#8243; _builder_version=&#8221;3.22&#8243;][et_pb_row _builder_version=&#8221;3.25&#8243; background_size=&#8221;initial&#8221; background_position=&#8221;top_left&#8221; background_repeat=&#8221;repeat&#8221;][et_pb_column type=&#8221;4_4&#8243; _builder_version=&#8221;3.25&#8243; custom_padding=&#8221;|||&#8221; custom_padding__hover=&#8221;|||&#8221;][et_pb_text _builder_version=&#8221;3.27.4&#8243; background_size=&#8221;initial&#8221; background_position=&#8221;top_left&#8221; background_repeat=&#8221;repeat&#8221;]<\/p>\n<p style=\"text-align: justify\"><a href=\"https:\/\/historiadelderecho.umh.es\/files\/2018\/10\/Cartel-en-horizontal.jpg\"><img loading=\"lazy\" class=\"size-medium wp-image-875 alignleft\" src=\"https:\/\/historiadelderecho.umh.es\/files\/2018\/10\/Cartel-en-horizontal-300x225.jpg\" alt=\"\" width=\"300\" height=\"225\" srcset=\"https:\/\/historiadelderecho.umh.es\/files\/2018\/10\/Cartel-en-horizontal-300x225.jpg 300w, https:\/\/historiadelderecho.umh.es\/files\/2018\/10\/Cartel-en-horizontal-768x576.jpg 768w, https:\/\/historiadelderecho.umh.es\/files\/2018\/10\/Cartel-en-horizontal-1024x768.jpg 1024w, https:\/\/historiadelderecho.umh.es\/files\/2018\/10\/Cartel-en-horizontal.jpg 2000w\" sizes=\"(max-width: 300px) 100vw, 300px\" \/><\/a>Es sabido que una de las principales consecuencias de la guerra civil espa\u00f1ola fue la gran cantidad de espa\u00f1oles que tuvieron que abandonar sus casas, su familia y, en fin, su pa\u00eds para salvar la vida como consecuencia de la persecuci\u00f3n pol\u00edtica y la represi\u00f3n franquista.<br \/>\nLa Ley de la Memoria Hist\u00f3rica ha permitido conciliar y reparar parte del da\u00f1o sufrido por estas familias concediendo la posibilidad de que sus descendientes m\u00e1s directos recuperen la nacionalidad espa\u00f1ola. Entre estos, se encuentran los hijos de madres y padres nacidos en Espa\u00f1a que, actualmente, viven en el exterior as\u00ed como los nietos de personas que perdieron o debieron renunciar a la nacionalidad espa\u00f1ola como consecuencia del exilio.<br \/>\nCasi la mitad de los beneficiarios de esta acci\u00f3n resid\u00edan en Cuba y Argentina. Muchos valencianos tuvieron que emigrar forzosamente y ahora sus hijos reclaman y exigen el reconocimiento legal de sus ra\u00edces nacionales.<\/p>\n<table style=\"height: 202px\" border=\"1\" width=\"1174\" cellspacing=\"0\" cellpadding=\"0\" align=\"center\">\n<tbody>\n<tr>\n<td style=\"text-align: justify\" valign=\"top\" width=\"280\"><strong>Dirige:<\/strong><\/p>\n<p>Prof. Dr. Jos\u00e9 A. P\u00e9rez Juan<\/p>\n<p><strong>Coordina:\u00a0<\/strong><\/p>\n<p>Prof\u00aa. Dr\u00aa. Sara Moreno Tejada<\/p>\n<p><strong>Modera: <\/strong><\/p>\n<p>Prof. Dr. Alfonso Ortega Gim\u00e9nez<\/p>\n<p><strong>Secretaria t\u00e9cnica:<\/strong><\/p>\n<p>Prof\u00aa. Lerdys Heredia S\u00e1nchez<\/td>\n<td style=\"text-align: right\" valign=\"middle\">\n<p style=\"text-align: justify\"><strong>Patrocina:\u00a0 \u00a0 \u00a0 \u00a0 \u00a0 \u00a0 \u00a0 \u00a0 \u00a0 \u00a0 \u00a0 \u00a0 \u00a0 \u00a0 \u00a0 \u00a0 \u00a0 \u00a0 \u00a0 \u00a0 \u00a0 \u00a0 \u00a0 \u00a0 \u00a0 \u00a0 \u00a0 \u00a0 \u00a0 \u00a0 \u00a0 \u00a0 \u00a0 \u00a0 \u00a0 \u00a0 \u00a0 \u00a0 \u00a0 \u00a0 \u00a0 \u00a0 \u00a0 \u00a0 \u00a0 \u00a0 \u00a0 \u00a0 \u00a0 \u00a0 \u00a0 \u00a0 \u00a0 \u00a0 \u00a0 \u00a0 \u00a0 \u00a0 \u00a0 \u00a0 \u00a0 \u00a0 \u00a0 \u00a0 \u00a0 \u00a0 \u00a0 \u00a0 \u00a0 \u00a0 \u00a0 \u00a0 \u00a0 \u00a0 \u00a0 \u00a0<\/strong><\/p>\n<p><img loading=\"lazy\" class=\"size-medium wp-image-650 alignleft\" style=\"text-align: justify\" src=\"https:\/\/historiadelderecho.umh.es\/files\/2017\/10\/Conselleria-New-300x164.png\" alt=\"\" width=\"300\" height=\"164\" srcset=\"https:\/\/historiadelderecho.umh.es\/files\/2017\/10\/Conselleria-New-300x164.png 300w, https:\/\/historiadelderecho.umh.es\/files\/2017\/10\/Conselleria-New-768x419.png 768w, https:\/\/historiadelderecho.umh.es\/files\/2017\/10\/Conselleria-New.png 825w\" sizes=\"(max-width: 300px) 100vw, 300px\" \/><\/p>\n<p style=\"text-align: justify\">Resoluci\u00f3n de 26 de febrero de 2018 de la Conselleria de Justicia, Administraci\u00f3n P\u00fablica, Reformas Democr\u00e1ticas y Libertades P\u00fablicas, por la que se convocan, para el a\u00f1o 2018, subvenciones para la realizaci\u00f3n de proyectos e iniciativas en materia de recuperaci\u00f3n de la memoria hist\u00f3rica, en aras a la promoci\u00f3n de la convivencia democr\u00e1tica, y proyectos e iniciativas que promuevan el desarrollo de derechos y libertades fundamentales,\u00a0 desarrolladas por las Universidades de la Comunitat Valenciana.<\/p>\n<\/td>\n<\/tr>\n<\/tbody>\n<\/table>\n<p>[\/et_pb_text][\/et_pb_column][\/et_pb_row][\/et_pb_section]<\/p>\n","protected":false},"excerpt":{"rendered":"<p>Es sabido que una de las principales consecuencias de la guerra civil espa\u00f1ola fue la gran cantidad de espa\u00f1oles que tuvieron que abandonar sus casas, su familia y, en fin, su pa\u00eds para salvar la vida como consecuencia de la persecuci\u00f3n pol\u00edtica y la represi\u00f3n franquista. La Ley de la Memoria Hist\u00f3rica ha permitido conciliar [&hellip;]<\/p>\n","protected":false},"author":3004,"featured_media":0,"parent":24,"menu_order":0,"comment_status":"closed","ping_status":"closed","template":"","meta":{"_et_pb_use_builder":"on","_et_pb_old_content":"<p style=\"text-align: justify;\"><a href=\"https:\/\/historiadelderecho.umh.es\/files\/2018\/10\/Cartel-en-horizontal.jpg\"><img class=\"size-medium wp-image-875 alignleft\" src=\"https:\/\/historiadelderecho.umh.es\/files\/2018\/10\/Cartel-en-horizontal-300x225.jpg\" alt=\"\" width=\"300\" height=\"225\" \/><\/a>Es sabido que una de las principales consecuencias de la guerra civil espa\u00f1ola fue la gran cantidad de espa\u00f1oles que tuvieron que abandonar sus casas, su familia y, en fin, su pa\u00eds para salvar la vida como consecuencia de la persecuci\u00f3n pol\u00edtica y la represi\u00f3n franquista.<br \/>La Ley de la Memoria Hist\u00f3rica ha permitido conciliar y reparar parte del da\u00f1o sufrido por estas familias concediendo la posibilidad de que sus descendientes m\u00e1s directos recuperen la nacionalidad espa\u00f1ola. Entre estos, se encuentran los hijos de madres y padres nacidos en Espa\u00f1a que, actualmente, viven en el exterior as\u00ed como los nietos de personas que perdieron o debieron renunciar a la nacionalidad espa\u00f1ola como consecuencia del exilio.<br \/>Casi la mitad de los beneficiarios de esta acci\u00f3n resid\u00edan en Cuba y Argentina. Muchos valencianos tuvieron que emigrar forzosamente y ahora sus hijos reclaman y exigen el reconocimiento legal de sus ra\u00edces nacionales.<\/p><table style=\"height: 202px;\" border=\"1\" width=\"1174\" cellspacing=\"0\" cellpadding=\"0\" align=\"center\"><tbody><tr><td style=\"text-align: justify;\" valign=\"top\" width=\"280\"><p><strong>Dirige:<\/strong><\/p><p>Prof. Dr. Jos\u00e9 A. P\u00e9rez Juan<\/p><p><strong>Coordina:\u00a0<\/strong><\/p><p>Prof\u00aa. Dr\u00aa. Sara Moreno Tejada<\/p><p><strong>Modera: <\/strong><\/p><p>Prof. Dr. Alfonso Ortega Gim\u00e9nez<\/p><p><strong>Secretaria t\u00e9cnica:<\/strong><\/p><p>Prof\u00aa. Lerdys Heredia S\u00e1nchez<\/p><\/td><td style=\"text-align: right;\" valign=\"middle\"><p style=\"text-align: justify;\"><strong>Patrocina:\u00a0 \u00a0 \u00a0 \u00a0 \u00a0 \u00a0 \u00a0 \u00a0 \u00a0 \u00a0 \u00a0 \u00a0 \u00a0 \u00a0 \u00a0 \u00a0 \u00a0 \u00a0 \u00a0 \u00a0 \u00a0 \u00a0 \u00a0 \u00a0 \u00a0 \u00a0 \u00a0 \u00a0 \u00a0 \u00a0 \u00a0 \u00a0 \u00a0 \u00a0 \u00a0 \u00a0 \u00a0 \u00a0 \u00a0 \u00a0 \u00a0 \u00a0 \u00a0 \u00a0 \u00a0 \u00a0 \u00a0 \u00a0 \u00a0 \u00a0 \u00a0 \u00a0 \u00a0 \u00a0 \u00a0 \u00a0 \u00a0 \u00a0 \u00a0 \u00a0 \u00a0 \u00a0 \u00a0 \u00a0 \u00a0 \u00a0 \u00a0 \u00a0 \u00a0 \u00a0 \u00a0 \u00a0 \u00a0 \u00a0 \u00a0 \u00a0<\/strong><\/p><p><img class=\"size-medium wp-image-650 alignleft\" style=\"text-align: justify;\" src=\"https:\/\/historiadelderecho.umh.es\/files\/2017\/10\/Conselleria-New-300x164.png\" alt=\"\" width=\"300\" height=\"164\" \/><\/p><p style=\"text-align: justify;\">Resoluci\u00f3n de 26 de febrero de 2018 de la Conselleria de Justicia, Administraci\u00f3n P\u00fablica, Reformas Democr\u00e1ticas y Libertades P\u00fablicas, por la que se convocan, para el a\u00f1o 2018, subvenciones para la realizaci\u00f3n de proyectos e iniciativas en materia de recuperaci\u00f3n de la memoria hist\u00f3rica, en aras a la promoci\u00f3n de la convivencia democr\u00e1tica, y proyectos e iniciativas que promuevan el desarrollo de derechos y libertades fundamentales,\u00a0 desarrolladas por las Universidades de la Comunitat Valenciana.<\/p><\/td><\/tr><\/tbody><\/table>","_et_gb_content_width":"","_links_to":"","_links_to_target":""},"_links":{"self":[{"href":"https:\/\/historiadelderecho.umh.es\/en\/wp-json\/wp\/v2\/pages\/815"}],"collection":[{"href":"https:\/\/historiadelderecho.umh.es\/en\/wp-json\/wp\/v2\/pages"}],"about":[{"href":"https:\/\/historiadelderecho.umh.es\/en\/wp-json\/wp\/v2\/types\/page"}],"author":[{"embeddable":true,"href":"https:\/\/historiadelderecho.umh.es\/en\/wp-json\/wp\/v2\/users\/3004"}],"replies":[{"embeddable":true,"href":"https:\/\/historiadelderecho.umh.es\/en\/wp-json\/wp\/v2\/comments?post=815"}],"version-history":[{"count":0,"href":"https:\/\/historiadelderecho.umh.es\/en\/wp-json\/wp\/v2\/pages\/815\/revisions"}],"up":[{"embeddable":true,"href":"https:\/\/historiadelderecho.umh.es\/en\/wp-json\/wp\/v2\/pages\/24"}],"wp:attachment":[{"href":"https:\/\/historiadelderecho.umh.es\/en\/wp-json\/wp\/v2\/media?parent=815"}],"curies":[{"name":"wp","href":"https:\/\/api.w.org\/{rel}","templated":true}]}}

Jornadas sobre el Exilio político y la pérdida de la Nacionalidad

<p>[et_pb_section fb_built=&#8221;1&#8243; _builder_version=&#8221;3.22&#8243;][et_pb_row _builder_version=&#8221;3.25&#8243; background_size=&#8221;initial&#8221; background_position=&#8221;top_left&#8221; background_repeat=&#8221;repeat&#8221;][et_pb_column type=&#8221;4_4&#8243; _builder_version=&#8221;3.25&#8243; custom_padding=&#8221;|||&#8221; custom_padding__hover=&#8221;|||&#8221;][et_pb_text _builder_version=&#8221;3.27.4&#8243; background_size=&#8221;initial&#8221; background_position=&#8221;top_left&#8221; background_repeat=&#8221;repeat&#8221;]</p>
<p style="text-align: justify"><a href="https://historiadelderecho.umh.es/files/2018/10/Cartel-en-horizontal.jpg"><img loading="lazy" class="size-medium wp-image-875 alignleft" src="https://historiadelderecho.umh.es/files/2018/10/Cartel-en-horizontal-300x225.jpg" alt="" width="300" height="225" srcset="https://historiadelderecho.umh.es/files/2018/10/Cartel-en-horizontal-300x225.jpg 300w, https://historiadelderecho.umh.es/files/2018/10/Cartel-en-horizontal-768x576.jpg 768w, https://historiadelderecho.umh.es/files/2018/10/Cartel-en-horizontal-1024x768.jpg 1024w, https://historiadelderecho.umh.es/files/2018/10/Cartel-en-horizontal.jpg 2000w" sizes="(max-width: 300px) 100vw, 300px" /></a>Es sabido que una de las principales consecuencias de la guerra civil española fue la gran cantidad de españoles que tuvieron que abandonar sus casas, su familia y, en fin, su país para salvar la vida como consecuencia de la persecución política y la represión franquista.<br />
La Ley de la Memoria Histórica ha permitido conciliar y reparar parte del daño sufrido por estas familias concediendo la posibilidad de que sus descendientes más directos recuperen la nacionalidad española. Entre estos, se encuentran los hijos de madres y padres nacidos en España que, actualmente, viven en el exterior así como los nietos de personas que perdieron o debieron renunciar a la nacionalidad española como consecuencia del exilio.<br />
Casi la mitad de los beneficiarios de esta acción residían en Cuba y Argentina. Muchos valencianos tuvieron que emigrar forzosamente y ahora sus hijos reclaman y exigen el reconocimiento legal de sus raíces nacionales.</p>
<table style="height: 202px" border="1" width="1174" cellspacing="0" cellpadding="0" align="center">
<tbody>
<tr>
<td style="text-align: justify" valign="top" width="280"><strong>Dirige:</strong></p>
<p>Prof. Dr. José A. Pérez Juan</p>
<p><strong>Coordina: </strong></p>
<p>Profª. Drª. Sara Moreno Tejada</p>
<p><strong>Modera: </strong></p>
<p>Prof. Dr. Alfonso Ortega Giménez</p>
<p><strong>Secretaria técnica:</strong></p>
<p>Profª. Lerdys Heredia Sánchez</td>
<td style="text-align: right" valign="middle">
<p style="text-align: justify"><strong>Patrocina:                                                                                                                                                       </strong></p>
<p><img loading="lazy" class="size-medium wp-image-650 alignleft" style="text-align: justify" src="https://historiadelderecho.umh.es/files/2017/10/Conselleria-New-300x164.png" alt="" width="300" height="164" srcset="https://historiadelderecho.umh.es/files/2017/10/Conselleria-New-300x164.png 300w, https://historiadelderecho.umh.es/files/2017/10/Conselleria-New-768x419.png 768w, https://historiadelderecho.umh.es/files/2017/10/Conselleria-New.png 825w" sizes="(max-width: 300px) 100vw, 300px" /></p>
<p style="text-align: justify">Resolución de 26 de febrero de 2018 de la Conselleria de Justicia, Administración Pública, Reformas Democráticas y Libertades Públicas, por la que se convocan, para el año 2018, subvenciones para la realización de proyectos e iniciativas en materia de recuperación de la memoria histórica, en aras a la promoción de la convivencia democrática, y proyectos e iniciativas que promuevan el desarrollo de derechos y libertades fundamentales,  desarrolladas por las Universidades de la Comunitat Valenciana.</p>
</td>
</tr>
</tbody>
</table>
<p>[/et_pb_text][/et_pb_column][/et_pb_row][/et_pb_section]</p>

<p>Es sabido que una de las principales consecuencias de la guerra civil española fue la gran cantidad de españoles que tuvieron que abandonar sus casas, su familia y, en fin, su país para salvar la vida como consecuencia de la persecución política y la represión franquista. La Ley de la Memoria Histórica ha permitido conciliar [&hellip;]</p>

<p style="text-align: justify;"><a href="https://historiadelderecho.umh.es/files/2018/10/Cartel-en-horizontal.jpg"><img class="size-medium wp-image-875 alignleft" src="https://historiadelderecho.umh.es/files/2018/10/Cartel-en-horizontal-300x225.jpg" alt="" width="300" height="225" /></a>Es sabido que una de las principales consecuencias de la guerra civil española fue la gran cantidad de españoles que tuvieron que abandonar sus casas, su familia y, en fin, su país para salvar la vida como consecuencia de la persecución política y la represión franquista.<br />La Ley de la Memoria Histórica ha permitido conciliar y reparar parte del daño sufrido por estas familias concediendo la posibilidad de que sus descendientes más directos recuperen la nacionalidad española. Entre estos, se encuentran los hijos de madres y padres nacidos en España que, actualmente, viven en el exterior así como los nietos de personas que perdieron o debieron renunciar a la nacionalidad española como consecuencia del exilio.<br />Casi la mitad de los beneficiarios de esta acción residían en Cuba y Argentina. Muchos valencianos tuvieron que emigrar forzosamente y ahora sus hijos reclaman y exigen el reconocimiento legal de sus raíces nacionales.</p><table style="height: 202px;" border="1" width="1174" cellspacing="0" cellpadding="0" align="center"><tbody><tr><td style="text-align: justify;" valign="top" width="280"><p><strong>Dirige:</strong></p><p>Prof. Dr. José A. Pérez Juan</p><p><strong>Coordina: </strong></p><p>Profª. Drª. Sara Moreno Tejada</p><p><strong>Modera: </strong></p><p>Prof. Dr. Alfonso Ortega Giménez</p><p><strong>Secretaria técnica:</strong></p><p>Profª. Lerdys Heredia Sánchez</p></td><td style="text-align: right;" valign="middle"><p style="text-align: justify;"><strong>Patrocina:                                                                                                                                                       </strong></p><p><img class="size-medium wp-image-650 alignleft" style="text-align: justify;" src="https://historiadelderecho.umh.es/files/2017/10/Conselleria-New-300x164.png" alt="" width="300" height="164" /></p><p style="text-align: justify;">Resolución de 26 de febrero de 2018 de la Conselleria de Justicia, Administración Pública, Reformas Democráticas y Libertades Públicas, por la que se convocan, para el año 2018, subvenciones para la realización de proyectos e iniciativas en materia de recuperación de la memoria histórica, en aras a la promoción de la convivencia democrática, y proyectos e iniciativas que promuevan el desarrollo de derechos y libertades fundamentales,  desarrolladas por las Universidades de la Comunitat Valenciana.</p></td></tr></tbody></table>
