{"id":884,"date":"2018-10-24T12:03:42","date_gmt":"2018-10-24T10:03:42","guid":{"rendered":"https:\/\/historiadelderecho.umh.es\/?page_id=884"},"modified":"2021-12-11T09:36:02","modified_gmt":"2021-12-11T08:36:02","slug":"seminario-victimas-de-la-guerra-civil-y-el-franquismo-en-la-comarca-del-baix-vinalopo","status":"publish","type":"page","link":"https:\/\/historiadelderecho.umh.es\/en\/actividades\/seminariosjornadas\/seminario-victimas-de-la-guerra-civil-y-el-franquismo-en-la-comarca-del-baix-vinalopo\/","title":{"rendered":"Seminario Victimas de la Guerra civil y el franquismo en la comarca del Baix Vinalop\u00f3"},"content":{"rendered":"<p>[et_pb_section fb_built=&#8221;1&#8243; _builder_version=&#8221;3.22&#8243;][et_pb_row _builder_version=&#8221;3.25&#8243; background_size=&#8221;initial&#8221; background_position=&#8221;top_left&#8221; background_repeat=&#8221;repeat&#8221;][et_pb_column type=&#8221;4_4&#8243; _builder_version=&#8221;3.25&#8243; custom_padding=&#8221;|||&#8221; custom_padding__hover=&#8221;|||&#8221;][et_pb_text _builder_version=&#8221;3.27.4&#8243; background_size=&#8221;initial&#8221; background_position=&#8221;top_left&#8221; background_repeat=&#8221;repeat&#8221;]<a href=\"https:\/\/historiadelderecho.umh.es\/files\/2018\/10\/Publicaci\u00f3n6-1.jpg\"><img loading=\"lazy\" class=\" wp-image-908 alignleft\" src=\"https:\/\/historiadelderecho.umh.es\/files\/2018\/10\/Publicaci\u00f3n6-1-212x300.jpg\" alt=\"\" width=\"233\" height=\"330\" srcset=\"https:\/\/historiadelderecho.umh.es\/files\/2018\/10\/Publicaci\u00f3n6-1-212x300.jpg 212w, https:\/\/historiadelderecho.umh.es\/files\/2018\/10\/Publicaci\u00f3n6-1-768x1086.jpg 768w, https:\/\/historiadelderecho.umh.es\/files\/2018\/10\/Publicaci\u00f3n6-1-724x1024.jpg 724w, https:\/\/historiadelderecho.umh.es\/files\/2018\/10\/Publicaci\u00f3n6-1.jpg 1240w\" sizes=\"(max-width: 233px) 100vw, 233px\" \/><\/a><\/p>\n<p style=\"text-align: justify\">La <em>c\u00e1tedra Pere Ibarra<\/em> de la Universidad Miguel Hern\u00e1ndez tiene por objeto el fomento de la investigaci\u00f3n en torno a la ciudad de Elche y su comarca. En este sentido, a trav\u00e9s de su portal virtual <a href=\"http:\/\/www.elche.me\/\">http:\/\/www.elche.me\/<\/a> ha recopilado decenas de miles de fotograf\u00edas e im\u00e1genes de la comarca. En este marco se propone la identificaci\u00f3n, as\u00ed como la elaboraci\u00f3n de una breve referencia biogr\u00e1fica de los hombres y las mujeres que fueron v\u00edctimas de la guerra civil y el Franquismo en el territorio del <em>Baix Vinalop\u00f3.<\/em><\/p>\n<p style=\"text-align: justify\">Al respecto la aportaci\u00f3n que realizar\u00e1 el grupo de investigaci\u00f3n en Justicia y Memoria Hist\u00f3rica de la Universidad Miguel Hern\u00e1ndez ser\u00e1 recuperar y publicar la informaci\u00f3n referente a los ilicitanos que fueron v\u00edctimas de la represi\u00f3n pol\u00edtica y sufrieron la pena de muerte o, en su caso, la condena a la c\u00e1rcel. Entre todos ellos se encuentran 14 ciudadanos de Elche que fueron condenados a muerte y a los que se les conmut\u00f3 la pena.<\/p>\n<p style=\"text-align: justify\">El indicado Seminario lo impartir\u00e1 el historiador Pablo Cepeda y tendr\u00e1 lugar los d\u00edas\u00a025, 26, 29, 30,31 de octubre, as\u00ed como el 2, 5 y 6 de noviembre de 10 a 12:05 , en la Sala conjunta de c\u00e1tedras instituciones sita en el edificio Torreblanca, Campus de Elche. A lo largo del mismo se combinar\u00e1n sesiones te\u00f3ricas y pr\u00e1cticas en las que se llevar\u00e1 a cabo\u00a0una base de datos con el contenido de las citadas fichas, ordenando su contenido por sectores econ\u00f3micos y orden alfab\u00e9tico. El resultado de dicha acci\u00f3n ser\u00e1 puesto a disposici\u00f3n de toda la comunidad cient\u00edfica en el portal web Memoria digital de Elche\u00a0<a href=\"http:\/\/www.elche.me\/\">http:\/\/www.elche.me\/<\/a><\/p>\n<table style=\"height: 202px\" border=\"1\" width=\"1174\" cellspacing=\"0\" cellpadding=\"0\" align=\"center\">\n<tbody>\n<tr>\n<td style=\"text-align: justify\" valign=\"top\" width=\"280\"><strong>Organiza y coordina:<\/strong><\/p>\n<p>Prof. Dr. Jos\u00e9 A. P\u00e9rez Juan<\/p>\n<p>Prof. Dr. Miguel Ors Montenegro<\/p>\n<p><strong>Secretaria t\u00e9cnica:<\/strong><\/p>\n<p>Prof\u00aa Dra. Sara Moreno Tejada<\/p>\n<p><a href=\"https:\/\/historiadelderecho.umh.es\/files\/2018\/10\/LOGO-UMH-FIRMA-EMAIL.jpg\"><img loading=\"lazy\" class=\"alignnone size-full wp-image-902\" src=\"https:\/\/historiadelderecho.umh.es\/files\/2018\/10\/LOGO-UMH-FIRMA-EMAIL.jpg\" alt=\"\" width=\"200\" height=\"59\" \/><\/a><\/td>\n<td style=\"text-align: right\" valign=\"middle\">\n<p style=\"text-align: justify\"><strong>Patrocina:\u00a0 \u00a0 \u00a0 \u00a0 \u00a0 \u00a0 \u00a0 \u00a0 \u00a0 \u00a0 \u00a0 \u00a0 \u00a0 \u00a0 \u00a0 \u00a0 \u00a0 \u00a0 \u00a0 \u00a0 \u00a0 \u00a0 \u00a0 \u00a0 \u00a0 \u00a0 \u00a0 \u00a0 \u00a0 \u00a0 \u00a0 \u00a0 \u00a0 \u00a0 \u00a0 \u00a0 \u00a0 \u00a0 \u00a0 \u00a0 \u00a0 \u00a0 \u00a0 \u00a0 \u00a0 \u00a0 \u00a0 \u00a0 \u00a0 \u00a0 \u00a0 \u00a0 \u00a0 \u00a0 \u00a0 \u00a0 \u00a0 \u00a0 \u00a0 \u00a0 \u00a0 \u00a0 \u00a0 \u00a0 \u00a0 \u00a0 \u00a0 \u00a0 \u00a0 \u00a0 \u00a0 \u00a0 \u00a0 \u00a0 \u00a0 \u00a0 Colabora: <\/strong><\/p>\n<p><img loading=\"lazy\" class=\"size-medium wp-image-650 alignleft\" style=\"text-align: justify\" src=\"https:\/\/historiadelderecho.umh.es\/files\/2017\/10\/Conselleria-New-300x164.png\" alt=\"\" width=\"300\" height=\"164\" srcset=\"https:\/\/historiadelderecho.umh.es\/files\/2017\/10\/Conselleria-New-300x164.png 300w, https:\/\/historiadelderecho.umh.es\/files\/2017\/10\/Conselleria-New-768x419.png 768w, https:\/\/historiadelderecho.umh.es\/files\/2017\/10\/Conselleria-New.png 825w\" sizes=\"(max-width: 300px) 100vw, 300px\" \/><br \/>\n<img loading=\"lazy\" class=\"alignnone wp-image-662 alignright\" src=\"https:\/\/historiadelderecho.umh.es\/files\/2017\/10\/1-300x201.jpg\" alt=\"\" width=\"231\" height=\"155\" srcset=\"https:\/\/historiadelderecho.umh.es\/files\/2017\/10\/1-300x201.jpg 300w, https:\/\/historiadelderecho.umh.es\/files\/2017\/10\/1-768x515.jpg 768w, https:\/\/historiadelderecho.umh.es\/files\/2017\/10\/1-1024x687.jpg 1024w\" sizes=\"(max-width: 231px) 100vw, 231px\" \/><\/p>\n<p style=\"text-align: justify\">Resoluci\u00f3n de 26 de febrero de 2018, de la Conselleria de Justicia, Administraci\u00f3n P\u00fablica, Reformas Democr\u00e1ticas y Libertades P\u00fablicas, por la que se convocan, para el a\u00f1o 2018, subvenciones para la realizaci\u00f3n de proyectos e iniciativas en materia de recuperaci\u00f3n de la memoria hist\u00f3rica, en aras a la promoci\u00f3n de la convivencia democr\u00e1tica, y proyectos e iniciativas que promuevan el desarrollo de derechos y libertades fundamentales,\u00a0 desarrolladas por las Universidades de la Comunitat Valenciana.<\/p>\n<p><span style=\"color: #ffffff\"> p\u00a0<\/span><\/td>\n<\/tr>\n<\/tbody>\n<\/table>\n<p>[\/et_pb_text][\/et_pb_column][\/et_pb_row][\/et_pb_section]<\/p>\n","protected":false},"excerpt":{"rendered":"<p>La c\u00e1tedra Pere Ibarra de la Universidad Miguel Hern\u00e1ndez tiene por objeto el fomento de la investigaci\u00f3n en torno a la ciudad de Elche y su comarca. En este sentido, a trav\u00e9s de su portal virtual http:\/\/www.elche.me\/ ha recopilado decenas de miles de fotograf\u00edas e im\u00e1genes de la comarca. En este marco se propone la [&hellip;]<\/p>\n","protected":false},"author":50,"featured_media":0,"parent":24,"menu_order":0,"comment_status":"closed","ping_status":"closed","template":"","meta":{"_et_pb_use_builder":"on","_et_pb_old_content":"<p><a href=\"https:\/\/historiadelderecho.umh.es\/files\/2018\/10\/Publicaci\u00f3n6-1.jpg\"><img class=\" wp-image-908 alignleft\" src=\"https:\/\/historiadelderecho.umh.es\/files\/2018\/10\/Publicaci\u00f3n6-1-212x300.jpg\" alt=\"\" width=\"233\" height=\"330\" \/><\/a><\/p><p style=\"text-align: justify;\">La <em>c\u00e1tedra Pere Ibarra<\/em> de la Universidad Miguel Hern\u00e1ndez tiene por objeto el fomento de la investigaci\u00f3n en torno a la ciudad de Elche y su comarca. En este sentido, a trav\u00e9s de su portal virtual <a href=\"http:\/\/www.elche.me\/\">http:\/\/www.elche.me\/<\/a> ha recopilado decenas de miles de fotograf\u00edas e im\u00e1genes de la comarca. En este marco se propone la identificaci\u00f3n, as\u00ed como la elaboraci\u00f3n de una breve referencia biogr\u00e1fica de los hombres y las mujeres que fueron v\u00edctimas de la guerra civil y el Franquismo en el territorio del <em>Baix Vinalop\u00f3.<\/em><\/p><p style=\"text-align: justify;\">Al respecto la aportaci\u00f3n que realizar\u00e1 el grupo de investigaci\u00f3n en Justicia y Memoria Hist\u00f3rica de la Universidad Miguel Hern\u00e1ndez ser\u00e1 recuperar y publicar la informaci\u00f3n referente a los ilicitanos que fueron v\u00edctimas de la represi\u00f3n pol\u00edtica y sufrieron la pena de muerte o, en su caso, la condena a la c\u00e1rcel. Entre todos ellos se encuentran 14 ciudadanos de Elche que fueron condenados a muerte y a los que se les conmut\u00f3 la pena.<\/p><p style=\"text-align: justify;\">El indicado Seminario lo impartir\u00e1 el historiador Pablo Cepeda y tendr\u00e1 lugar los d\u00edas\u00a025, 26, 29, 30,31 de octubre, as\u00ed como el 2, 5 y 6 de noviembre de 10 a 12:05 , en la Sala conjunta de c\u00e1tedras instituciones sita en el edificio Torreblanca, Campus de Elche. A lo largo del mismo se combinar\u00e1n sesiones te\u00f3ricas y pr\u00e1cticas en las que se llevar\u00e1 a cabo\u00a0una base de datos con el contenido de las citadas fichas, ordenando su contenido por sectores econ\u00f3micos y orden alfab\u00e9tico. El resultado de dicha acci\u00f3n ser\u00e1 puesto a disposici\u00f3n de toda la comunidad cient\u00edfica en el portal web Memoria digital de Elche\u00a0<a href=\"http:\/\/www.elche.me\/\">http:\/\/www.elche.me\/<\/a><\/p><table style=\"height: 202px;\" border=\"1\" width=\"1174\" cellspacing=\"0\" cellpadding=\"0\" align=\"center\"><tbody><tr><td style=\"text-align: justify;\" valign=\"top\" width=\"280\"><p><strong>Organiza y coordina:<\/strong><\/p><p>Prof. Dr. Jos\u00e9 A. P\u00e9rez Juan<\/p><p>Prof. Dr. Miguel Ors Montenegro<\/p><p><strong>Secretaria t\u00e9cnica:<\/strong><\/p><p>Prof\u00aa Dra. Sara Moreno Tejada<\/p><p><a href=\"https:\/\/historiadelderecho.umh.es\/files\/2018\/10\/LOGO-UMH-FIRMA-EMAIL.jpg\"><img class=\"alignnone size-full wp-image-902\" src=\"https:\/\/historiadelderecho.umh.es\/files\/2018\/10\/LOGO-UMH-FIRMA-EMAIL.jpg\" alt=\"\" width=\"200\" height=\"59\" \/><\/a><\/p><\/td><td style=\"text-align: right;\" valign=\"middle\"><p style=\"text-align: justify;\"><strong>Patrocina:\u00a0 \u00a0 \u00a0 \u00a0 \u00a0 \u00a0 \u00a0 \u00a0 \u00a0 \u00a0 \u00a0 \u00a0 \u00a0 \u00a0 \u00a0 \u00a0 \u00a0 \u00a0 \u00a0 \u00a0 \u00a0 \u00a0 \u00a0 \u00a0 \u00a0 \u00a0 \u00a0 \u00a0 \u00a0 \u00a0 \u00a0 \u00a0 \u00a0 \u00a0 \u00a0 \u00a0 \u00a0 \u00a0 \u00a0 \u00a0 \u00a0 \u00a0 \u00a0 \u00a0 \u00a0 \u00a0 \u00a0 \u00a0 \u00a0 \u00a0 \u00a0 \u00a0 \u00a0 \u00a0 \u00a0 \u00a0 \u00a0 \u00a0 \u00a0 \u00a0 \u00a0 \u00a0 \u00a0 \u00a0 \u00a0 \u00a0 \u00a0 \u00a0 \u00a0 \u00a0 \u00a0 \u00a0 \u00a0 \u00a0 \u00a0 \u00a0 Colabora: <\/strong><\/p><p><img class=\"size-medium wp-image-650 alignleft\" style=\"text-align: justify;\" src=\"https:\/\/historiadelderecho.umh.es\/files\/2017\/10\/Conselleria-New-300x164.png\" alt=\"\" width=\"300\" height=\"164\" \/><br \/><img class=\"alignnone wp-image-662 alignright\" src=\"https:\/\/historiadelderecho.umh.es\/files\/2017\/10\/1-300x201.jpg\" alt=\"\" width=\"231\" height=\"155\" \/><\/p><p style=\"text-align: justify;\">Resoluci\u00f3n de 26 de febrero de 2018, de la Conselleria de Justicia, Administraci\u00f3n P\u00fablica, Reformas Democr\u00e1ticas y Libertades P\u00fablicas, por la que se convocan, para el a\u00f1o 2018, subvenciones para la realizaci\u00f3n de proyectos e iniciativas en materia de recuperaci\u00f3n de la memoria hist\u00f3rica, en aras a la promoci\u00f3n de la convivencia democr\u00e1tica, y proyectos e iniciativas que promuevan el desarrollo de derechos y libertades fundamentales,\u00a0 desarrolladas por las Universidades de la Comunitat Valenciana.<\/p><p><span style=\"color: #ffffff;\"> p\u00a0<\/span><\/p><\/td><\/tr><\/tbody><\/table>","_et_gb_content_width":"","_links_to":"","_links_to_target":""},"_links":{"self":[{"href":"https:\/\/historiadelderecho.umh.es\/en\/wp-json\/wp\/v2\/pages\/884"}],"collection":[{"href":"https:\/\/historiadelderecho.umh.es\/en\/wp-json\/wp\/v2\/pages"}],"about":[{"href":"https:\/\/historiadelderecho.umh.es\/en\/wp-json\/wp\/v2\/types\/page"}],"author":[{"embeddable":true,"href":"https:\/\/historiadelderecho.umh.es\/en\/wp-json\/wp\/v2\/users\/50"}],"replies":[{"embeddable":true,"href":"https:\/\/historiadelderecho.umh.es\/en\/wp-json\/wp\/v2\/comments?post=884"}],"version-history":[{"count":0,"href":"https:\/\/historiadelderecho.umh.es\/en\/wp-json\/wp\/v2\/pages\/884\/revisions"}],"up":[{"embeddable":true,"href":"https:\/\/historiadelderecho.umh.es\/en\/wp-json\/wp\/v2\/pages\/24"}],"wp:attachment":[{"href":"https:\/\/historiadelderecho.umh.es\/en\/wp-json\/wp\/v2\/media?parent=884"}],"curies":[{"name":"wp","href":"https:\/\/api.w.org\/{rel}","templated":true}]}}

Seminario Victimas de la Guerra civil y el franquismo en la comarca del Baix Vinalopó

<p>[et_pb_section fb_built=&#8221;1&#8243; _builder_version=&#8221;3.22&#8243;][et_pb_row _builder_version=&#8221;3.25&#8243; background_size=&#8221;initial&#8221; background_position=&#8221;top_left&#8221; background_repeat=&#8221;repeat&#8221;][et_pb_column type=&#8221;4_4&#8243; _builder_version=&#8221;3.25&#8243; custom_padding=&#8221;|||&#8221; custom_padding__hover=&#8221;|||&#8221;][et_pb_text _builder_version=&#8221;3.27.4&#8243; background_size=&#8221;initial&#8221; background_position=&#8221;top_left&#8221; background_repeat=&#8221;repeat&#8221;]<a href="https://historiadelderecho.umh.es/files/2018/10/Publicación6-1.jpg"><img loading="lazy" class=" wp-image-908 alignleft" src="https://historiadelderecho.umh.es/files/2018/10/Publicación6-1-212x300.jpg" alt="" width="233" height="330" srcset="https://historiadelderecho.umh.es/files/2018/10/Publicación6-1-212x300.jpg 212w, https://historiadelderecho.umh.es/files/2018/10/Publicación6-1-768x1086.jpg 768w, https://historiadelderecho.umh.es/files/2018/10/Publicación6-1-724x1024.jpg 724w, https://historiadelderecho.umh.es/files/2018/10/Publicación6-1.jpg 1240w" sizes="(max-width: 233px) 100vw, 233px" /></a></p>
<p style="text-align: justify">La <em>cátedra Pere Ibarra</em> de la Universidad Miguel Hernández tiene por objeto el fomento de la investigación en torno a la ciudad de Elche y su comarca. En este sentido, a través de su portal virtual <a href="http://www.elche.me/">http://www.elche.me/</a> ha recopilado decenas de miles de fotografías e imágenes de la comarca. En este marco se propone la identificación, así como la elaboración de una breve referencia biográfica de los hombres y las mujeres que fueron víctimas de la guerra civil y el Franquismo en el territorio del <em>Baix Vinalopó.</em></p>
<p style="text-align: justify">Al respecto la aportación que realizará el grupo de investigación en Justicia y Memoria Histórica de la Universidad Miguel Hernández será recuperar y publicar la información referente a los ilicitanos que fueron víctimas de la represión política y sufrieron la pena de muerte o, en su caso, la condena a la cárcel. Entre todos ellos se encuentran 14 ciudadanos de Elche que fueron condenados a muerte y a los que se les conmutó la pena.</p>
<p style="text-align: justify">El indicado Seminario lo impartirá el historiador Pablo Cepeda y tendrá lugar los días 25, 26, 29, 30,31 de octubre, así como el 2, 5 y 6 de noviembre de 10 a 12:05 , en la Sala conjunta de cátedras instituciones sita en el edificio Torreblanca, Campus de Elche. A lo largo del mismo se combinarán sesiones teóricas y prácticas en las que se llevará a cabo una base de datos con el contenido de las citadas fichas, ordenando su contenido por sectores económicos y orden alfabético. El resultado de dicha acción será puesto a disposición de toda la comunidad científica en el portal web Memoria digital de Elche <a href="http://www.elche.me/">http://www.elche.me/</a></p>
<table style="height: 202px" border="1" width="1174" cellspacing="0" cellpadding="0" align="center">
<tbody>
<tr>
<td style="text-align: justify" valign="top" width="280"><strong>Organiza y coordina:</strong></p>
<p>Prof. Dr. José A. Pérez Juan</p>
<p>Prof. Dr. Miguel Ors Montenegro</p>
<p><strong>Secretaria técnica:</strong></p>
<p>Profª Dra. Sara Moreno Tejada</p>
<p><a href="https://historiadelderecho.umh.es/files/2018/10/LOGO-UMH-FIRMA-EMAIL.jpg"><img loading="lazy" class="alignnone size-full wp-image-902" src="https://historiadelderecho.umh.es/files/2018/10/LOGO-UMH-FIRMA-EMAIL.jpg" alt="" width="200" height="59" /></a></td>
<td style="text-align: right" valign="middle">
<p style="text-align: justify"><strong>Patrocina:                                                                                                                                                        Colabora: </strong></p>
<p><img loading="lazy" class="size-medium wp-image-650 alignleft" style="text-align: justify" src="https://historiadelderecho.umh.es/files/2017/10/Conselleria-New-300x164.png" alt="" width="300" height="164" srcset="https://historiadelderecho.umh.es/files/2017/10/Conselleria-New-300x164.png 300w, https://historiadelderecho.umh.es/files/2017/10/Conselleria-New-768x419.png 768w, https://historiadelderecho.umh.es/files/2017/10/Conselleria-New.png 825w" sizes="(max-width: 300px) 100vw, 300px" /><br />
<img loading="lazy" class="alignnone wp-image-662 alignright" src="https://historiadelderecho.umh.es/files/2017/10/1-300x201.jpg" alt="" width="231" height="155" srcset="https://historiadelderecho.umh.es/files/2017/10/1-300x201.jpg 300w, https://historiadelderecho.umh.es/files/2017/10/1-768x515.jpg 768w, https://historiadelderecho.umh.es/files/2017/10/1-1024x687.jpg 1024w" sizes="(max-width: 231px) 100vw, 231px" /></p>
<p style="text-align: justify">Resolución de 26 de febrero de 2018, de la Conselleria de Justicia, Administración Pública, Reformas Democráticas y Libertades Públicas, por la que se convocan, para el año 2018, subvenciones para la realización de proyectos e iniciativas en materia de recuperación de la memoria histórica, en aras a la promoción de la convivencia democrática, y proyectos e iniciativas que promuevan el desarrollo de derechos y libertades fundamentales,  desarrolladas por las Universidades de la Comunitat Valenciana.</p>
<p><span style="color: #ffffff"> p </span></td>
</tr>
</tbody>
</table>
<p>[/et_pb_text][/et_pb_column][/et_pb_row][/et_pb_section]</p>

<p>La cátedra Pere Ibarra de la Universidad Miguel Hernández tiene por objeto el fomento de la investigación en torno a la ciudad de Elche y su comarca. En este sentido, a través de su portal virtual http://www.elche.me/ ha recopilado decenas de miles de fotografías e imágenes de la comarca. En este marco se propone la [&hellip;]</p>

<p><a href="https://historiadelderecho.umh.es/files/2018/10/Publicación6-1.jpg"><img class=" wp-image-908 alignleft" src="https://historiadelderecho.umh.es/files/2018/10/Publicación6-1-212x300.jpg" alt="" width="233" height="330" /></a></p><p style="text-align: justify;">La <em>cátedra Pere Ibarra</em> de la Universidad Miguel Hernández tiene por objeto el fomento de la investigación en torno a la ciudad de Elche y su comarca. En este sentido, a través de su portal virtual <a href="http://www.elche.me/">http://www.elche.me/</a> ha recopilado decenas de miles de fotografías e imágenes de la comarca. En este marco se propone la identificación, así como la elaboración de una breve referencia biográfica de los hombres y las mujeres que fueron víctimas de la guerra civil y el Franquismo en el territorio del <em>Baix Vinalopó.</em></p><p style="text-align: justify;">Al respecto la aportación que realizará el grupo de investigación en Justicia y Memoria Histórica de la Universidad Miguel Hernández será recuperar y publicar la información referente a los ilicitanos que fueron víctimas de la represión política y sufrieron la pena de muerte o, en su caso, la condena a la cárcel. Entre todos ellos se encuentran 14 ciudadanos de Elche que fueron condenados a muerte y a los que se les conmutó la pena.</p><p style="text-align: justify;">El indicado Seminario lo impartirá el historiador Pablo Cepeda y tendrá lugar los días 25, 26, 29, 30,31 de octubre, así como el 2, 5 y 6 de noviembre de 10 a 12:05 , en la Sala conjunta de cátedras instituciones sita en el edificio Torreblanca, Campus de Elche. A lo largo del mismo se combinarán sesiones teóricas y prácticas en las que se llevará a cabo una base de datos con el contenido de las citadas fichas, ordenando su contenido por sectores económicos y orden alfabético. El resultado de dicha acción será puesto a disposición de toda la comunidad científica en el portal web Memoria digital de Elche <a href="http://www.elche.me/">http://www.elche.me/</a></p><table style="height: 202px;" border="1" width="1174" cellspacing="0" cellpadding="0" align="center"><tbody><tr><td style="text-align: justify;" valign="top" width="280"><p><strong>Organiza y coordina:</strong></p><p>Prof. Dr. José A. Pérez Juan</p><p>Prof. Dr. Miguel Ors Montenegro</p><p><strong>Secretaria técnica:</strong></p><p>Profª Dra. Sara Moreno Tejada</p><p><a href="https://historiadelderecho.umh.es/files/2018/10/LOGO-UMH-FIRMA-EMAIL.jpg"><img class="alignnone size-full wp-image-902" src="https://historiadelderecho.umh.es/files/2018/10/LOGO-UMH-FIRMA-EMAIL.jpg" alt="" width="200" height="59" /></a></p></td><td style="text-align: right;" valign="middle"><p style="text-align: justify;"><strong>Patrocina:                                                                                                                                                        Colabora: </strong></p><p><img class="size-medium wp-image-650 alignleft" style="text-align: justify;" src="https://historiadelderecho.umh.es/files/2017/10/Conselleria-New-300x164.png" alt="" width="300" height="164" /><br /><img class="alignnone wp-image-662 alignright" src="https://historiadelderecho.umh.es/files/2017/10/1-300x201.jpg" alt="" width="231" height="155" /></p><p style="text-align: justify;">Resolución de 26 de febrero de 2018, de la Conselleria de Justicia, Administración Pública, Reformas Democráticas y Libertades Públicas, por la que se convocan, para el año 2018, subvenciones para la realización de proyectos e iniciativas en materia de recuperación de la memoria histórica, en aras a la promoción de la convivencia democrática, y proyectos e iniciativas que promuevan el desarrollo de derechos y libertades fundamentales,  desarrolladas por las Universidades de la Comunitat Valenciana.</p><p><span style="color: #ffffff;"> p </span></p></td></tr></tbody></table>
